Cheadle Hulme Weather

 Latitude N 53° 21' 50"    Longitude W 02° 11' 42"    Elevation 261 ft

Now : Realtime : Gauges : Today/Yesterday : This Month/Year : All-Time Records : Graphs : WUnderground : Season Averages : Monthly Records : Data Summary : NOAA Reports : Forum : Station Info : System Info

Report for 2019 Oct
                   Monthly Climatological Summary for Oct 2019

Name: Cheadle Hulme   City: Cheadle   State: Cheshire
Elevation: 261 ft  Lat: N 53 21' 50"   Lon: W 002 11' 42"

                  Temperature (C), Rain (in), Wind Speed (mph)

                                      Heat  Cool        Avg
    Mean                              Deg   Deg         Wind                 Dom
Day Temp  High   Time   Low    Time   Days  Days  Rain  Speed High   Time    Dir
----------------------------------------------------------------------------------
 1  11.7  13.6   02:06   6.2   23:53   6.6   0.0  0.26   5.8  29.0   14:48    NE
 2   7.4  14.2   14:47   2.4   07:16  10.9   0.0  0.00   2.6  17.0   12:45   WNW
 3   7.7  14.2   15:18   2.0   06:51  10.6   0.0  0.09   4.8  25.0   23:13    SE
 4  12.3  16.6   16:08   9.8   23:04   6.0   0.0  0.18   3.5  19.0   00:11    SE
 5  11.7  15.9   13:53   7.4   02:50   6.6   0.0  0.15   3.6  18.0   13:56    SE
 6  12.4  14.7   12:45  10.8   19:52   5.9   0.0  0.27   5.9  23.0   03:47     W
 7  12.0  13.7   17:49  10.8   01:30   6.3   0.0  0.13   7.1  25.0   09:48   SSE
 8  11.9  16.6   13:53   9.4   23:55   6.4   0.0  0.08   6.4  20.0   14:14   SSW
 9  10.5  14.8   14:00   8.9   22:37   7.8   0.0  0.02   5.8  24.0   12:24   SSW
10  11.7  14.8   12:16   8.6   03:42   6.6   0.0  0.14   7.2  27.0   22:10   SSW
11  12.7  14.9   15:02  11.2   23:33   5.5   0.0  0.48   5.2  21.0   03:06   SSW
12  11.2  15.7   14:09   8.8   06:07   7.1   0.0  0.05   4.0  16.0   13:00     S
13  11.1  12.9   17:11   8.4   22:12   7.2   0.0  0.05   3.2  23.0   17:17     S
14  10.2  14.1   13:46   7.7   06:06   8.1   0.0  0.18   3.1  15.0   20:41     E
15  10.7  12.2   15:11   9.6   06:34   7.6   0.0  0.03   2.8  15.0   22:53     S
16  11.3  15.0   15:21   6.9   22:37   7.0   0.0  0.03   5.8  21.0   06:44     S
17  10.1  15.2   15:18   6.2   04:16   8.2   0.0  0.00   5.9  21.0   13:23   SSE
18   9.9  12.9   13:03   7.7   07:55   8.4   0.0  0.47   5.0  19.0   22:31   SSE
----------------------------------------------------------------------------------
    10.9  16.6     4     2.0     3   132.8   0.0  2.61   4.9  29.0     1       S

Max >=  27.0:  0
Max <=   0.0:  0
Min <=   0.0:  0
Min <= -18.0:  0
Max Rain: 0.48 on day 11
Days of Rain: 16 (>= 0.02 in)  9 (>= 0.10 in)  0 (>= 1.00 in)
Heat Base: 18.3  Cool Base: 18.3  Method: Integration
Now : Realtime : Gauges : Today/Yesterday : This Month/Year : All-Time Records : Graphs : WUnderground : Season Averages : Monthly Records : Data Summary : NOAA Reports : Forum : Station Info : System Info


Page last updated 19/10/2019 23:45:03
Produced by CumulusCumulus v1.9.4 (1099)