Cheadle Hulme Weather

 Latitude N 53° 21' 50"    Longitude W 02° 11' 42"    Elevation 261 ft

Now : Realtime : Gauges : Today/Yesterday : This Month/Year : All-Time Records : Graphs : WUnderground : Season Averages : Monthly Records : Data Summary : NOAA Reports : Forum : Station Info : System Info
Select a Year or Month report

Report for 2009 Jun
                   Monthly Climatological Summary for Jun 2009

Name: Cheadle Hulme   City: Cheadle   State: Cheshire
Elevation: 261 ft  Lat: N 53 21' 50"   Lon: W 002 11' 42"

                  Temperature (C), Rain (in), Wind Speed (mph)

                                      Heat  Cool        Avg
    Mean                              Deg   Deg         Wind                 Dom
Day Temp  High   Time   Low    Time   Days  Days  Rain  Speed High   Time    Dir
----------------------------------------------------------------------------------
 1  19.8  28.3   16:26  10.2   03:20   0.0   1.5  0.00   3.9  17.0   17:58    NE
 2  19.4  27.7   14:43  10.0   05:11   0.0   1.1  0.00   2.8  19.0   16:02    NW
 3  14.8  18.8   17:11   9.7   23:54   3.5   0.0  0.00   5.1  18.0   20:08   ENE
 4  12.5  19.3   17:40   4.9   05:10   5.8   0.0  0.00   3.0  20.0   20:32   NNW
 5  12.1  19.8   14:04   7.3   23:54   6.2   0.0  0.35   4.8  24.0   21:13     E
 6   9.6  12.7   15:41   7.1   00:41   8.7   0.0  0.19   7.7  25.0   15:43   ENE
 7  10.8  13.4   10:11   8.6   23:22   7.5   0.0  0.20   6.8  32.0   13:31   ENE
 8  13.0  18.2   14:31   8.4   05:40   5.3   0.0  0.00   6.8  21.0   15:03   ENE
 9  13.0  19.4   14:24   7.8   04:03   5.3   0.0  0.00   5.6  20.0   12:03   NNE
10  12.8  16.7   15:32  10.1   03:46   5.5   0.0  0.50   1.9  12.0   15:44     E
11  12.1  15.8   17:08   8.0   23:58   6.2   0.0  0.10   5.3  24.0   15:25   WNW
12  14.0  20.8   16:09   4.9   04:49   4.3   0.0  0.00   2.7  13.0   19:50     S
13  17.6  22.9   15:12  12.7   05:56   0.7   0.0  0.00   3.6  15.0   15:06    SW
14  16.7  22.4   16:59   9.6   05:29   1.6   0.0  0.12   2.6  13.0   12:28     W
15  16.0  22.3   13:50  10.6   23:54   2.3   0.0  0.32   2.7  19.0   16:14    NW
16  16.3  23.8   17:37   8.1   03:57   2.0   0.0  0.00   2.8  14.0   18:48   SSE
17  14.2  15.5   00:00  11.5   23:56   4.1   0.0  0.37   6.3  25.0   13:03     S
18  13.2  17.6   16:22   8.8   04:52   5.1   0.0  0.24   5.6  28.0   21:56    SW
19  13.2  16.5   14:03   9.9   02:55   5.1   0.0  0.00   8.6  29.0   10:29   WNW
20  13.2  15.8   16:42  10.9   05:08   5.1   0.0  0.07   6.0  23.0   17:11   WNW
21  14.2  17.5   15:03  11.7   03:00   4.1   0.0  0.00   4.6  15.0   07:30   WNW
22  16.5  22.6   17:13  12.4   01:45   1.8   0.0  0.00   2.5  15.0   19:16   WNW
23  19.2  26.7   16:31  12.9   03:27   0.0   0.9  0.00   1.7  13.0   18:13     E
24  18.1  24.9   15:51  10.9   05:34   0.2   0.0  0.00   6.2  20.0   16:31     E
25  18.3  24.8   17:30  12.1   05:24   0.0   0.0  0.00   6.7  24.0   14:57     E
26  19.3  25.7   15:47  11.4   04:48   0.0   1.0  0.00   4.7  21.0   11:28   ENE
27  19.1  24.4   16:07  15.3   04:59   0.0   0.8  0.09   2.1  10.0   23:46     E
28  19.8  24.7   12:15  13.9   05:26   0.0   1.5  0.04   2.7  11.0   10:39   ENE
29  22.4  28.3   13:32  16.1   05:05   0.0   4.1  0.00   4.3  20.0   23:15   ESE
30  21.1  27.1   12:27  16.3   04:38   0.0   2.8  0.11   2.3  16.0   15:05    SE
----------------------------------------------------------------------------------
    15.7  28.3     1     4.9     4    90.4  13.7  2.70   4.4  32.0     7      NE

Max >=  27.0:  4
Max <=   0.0:  0
Min <=   0.0:  0
Min <= -18.0:  0
Max Rain: 0.50 on day 10
Days of Rain: 13 (>= 0.02 in)  10 (>= 0.10 in)  0 (>= 1.00 in)
Heat Base: 18.3  Cool Base: 18.3  Method: Integration
Now : Realtime : Gauges : Today/Yesterday : This Month/Year : All-Time Records : Graphs : WUnderground : Season Averages : Monthly Records : Data Summary : NOAA Reports : Forum : Station Info : System Info


Page last updated 22/10/2017 14:30:03
Produced by CumulusCumulus v1.9.4 (1099)