Cheadle Hulme Weather

 Latitude N 53° 21' 50"    Longitude W 02° 11' 42"    Elevation 261 ft

Now : Realtime : Gauges : Today/Yesterday : This Month/Year : All-Time Records : Graphs : WUnderground : Season Averages : Monthly Records : Data Summary : NOAA Reports : Forum : Station Info : System Info
Select a Year or Month report

Report for 2009 Jul
                   Monthly Climatological Summary for Jul 2009

Name: Cheadle Hulme   City: Cheadle   State: Cheshire
Elevation: 261 ft  Lat: N 53 21' 50"   Lon: W 002 11' 42"

                  Temperature (C), Rain (in), Wind Speed (mph)

                                      Heat  Cool        Avg
    Mean                              Deg   Deg         Wind                 Dom
Day Temp  High   Time   Low    Time   Days  Days  Rain  Speed High   Time    Dir
----------------------------------------------------------------------------------
 1  23.8  30.0   14:48  18.5   05:12   0.0   5.5  0.00   2.6  17.0   16:39   SSE
 2  25.0  30.4   16:19  19.6   05:39   0.0   6.7  0.00   5.4  20.0   13:14   ESE
 3  19.0  21.8   08:25  14.9   23:45   0.0   0.7  0.26   2.9  19.0   00:02   ESE
 4  18.6  24.9   16:00  13.2   04:59   0.0   0.3  0.00   4.8  21.0   16:26     S
 5  19.4  24.8   17:09  15.8   23:40   0.0   1.1  0.00   4.8  17.0   17:56     S
 6  15.8  19.2   11:05  12.3   23:47   2.5   0.0  0.26   4.2  18.0   20:38     S
 7  15.1  20.3   13:04  11.9   00:45   3.2   0.0  1.09   4.9  30.0   13:20   WNW
 8  15.3  18.3   14:11  12.7   05:52   3.0   0.0  0.18   4.5  21.0   17:02    NW
 9  14.0  17.0   17:32  10.7   04:27   4.3   0.0  0.00   6.0  26.0   13:27   WNW
10  14.3  18.9   13:24  10.4   04:47   4.0   0.0  0.00   4.3  19.0   12:59     W
11  17.5  23.3   15:20  12.3   01:16   0.8   0.0  0.23   3.8  20.0   23:23   SSE
12  16.6  20.4   18:14  13.6   23:57   1.7   0.0  0.17   5.4  21.0   00:51    SW
13  16.5  22.6   15:00  11.1   03:24   1.8   0.0  0.05   5.1  23.0   15:42     S
14  16.4  21.9   15:12  11.6   05:15   1.9   0.0  0.06   5.3  24.0   19:46     S
15  17.1  21.8   15:33  13.9   00:01   1.2   0.0  0.26   5.3  20.0   15:06    SW
16  16.3  21.9   13:57  13.3   03:17   2.0   0.0  0.29   3.6  15.0   11:41     S
17  14.3  16.4   12:08  13.2   20:03   4.0   0.0  0.41   5.9  28.0   22:08    NW
18  14.9  18.8   16:27  12.7   23:58   3.4   0.0  0.12   8.2  26.0   01:36   WNW
19  14.4  18.3   12:10  12.2   23:55   3.9   0.0  0.38   4.1  16.0   12:07    SW
20  15.8  20.7   17:16  10.8   05:38   2.5   0.0  0.00   4.3  20.0   12:18    SW
21  15.4  19.9   15:20  10.6   03:40   2.9   0.0  0.26   5.7  24.0   12:01   SSE
22  16.2  19.5   11:57  12.7   03:17   2.1   0.0  0.12   8.2  27.0   08:38     S
23  16.9  22.1   12:49  13.1   05:32   1.4   0.0  0.19   6.5  24.0   17:04   SSW
24  15.6  18.7   18:14  13.3   06:36   2.7   0.0  0.12   5.8  19.0   18:48    SW
25  16.8  21.8   15:12  11.4   06:03   1.5   0.0  0.00   2.9  14.0   12:19   WSW
26  15.0  17.8   13:53  12.8   23:56   3.3   0.0  0.31   6.2  24.0   12:47     S
27  15.2  20.1   17:16  12.8   00:00   3.1   0.0  0.03   6.0  21.0   16:47    SW
28  14.8  18.4   15:28  12.2   02:09   3.5   0.0  0.19   7.6  24.0   15:44     S
29  15.1  16.7   10:25  12.8   22:40   3.2   0.0  0.25   6.9  22.0   01:39     S
30  13.9  17.7   17:16  10.9   11:25   4.4   0.0  0.37   6.0  27.0   10:52     W
31  15.0  20.3   11:57   9.7   03:37   3.3   0.0  0.04   5.6  20.0   11:27     S
----------------------------------------------------------------------------------
    16.5  30.4     2     9.7    31    71.6  14.3  5.64   5.2  30.0     7     SSW

Max >=  27.0:  2
Max <=   0.0:  0
Min <=   0.0:  0
Min <= -18.0:  0
Max Rain: 1.09 on day 7
Days of Rain: 23 (>= 0.02 in)  19 (>= 0.10 in)  1 (>= 1.00 in)
Heat Base: 18.3  Cool Base: 18.3  Method: Integration
Now : Realtime : Gauges : Today/Yesterday : This Month/Year : All-Time Records : Graphs : WUnderground : Season Averages : Monthly Records : Data Summary : NOAA Reports : Forum : Station Info : System Info


Page last updated 27/06/2017 13:15:03
Produced by CumulusCumulus v1.9.4 (1099)