Cheadle Hulme Weather

 Latitude N 53° 21' 50"    Longitude W 02° 11' 42"    Elevation 261 ft

Now : Realtime : Gauges : Today/Yesterday : This Month/Year : All-Time Records : Graphs : WUnderground : Season Averages : Monthly Records : Data Summary : NOAA Reports : Forum : Station Info : System Info
Select a Year or Month report

Report for 2009 Aug
                   Monthly Climatological Summary for Aug 2009

Name: Cheadle Hulme   City: Cheadle   State: Cheshire
Elevation: 261 ft  Lat: N 53 21' 50"   Lon: W 002 11' 42"

                  Temperature (C), Rain (in), Wind Speed (mph)

                                      Heat  Cool        Avg
    Mean                              Deg   Deg         Wind                 Dom
Day Temp  High   Time   Low    Time   Days  Days  Rain  Speed High   Time    Dir
----------------------------------------------------------------------------------
 1  15.3  18.2   17:55  12.9   23:56   3.0   0.0  0.22   5.8  23.0   05:43     S
 2  15.5  19.2   16:00  12.1   00:37   2.8   0.0  0.00   3.6  19.0   12:31     W
 3  17.2  23.1   17:19  10.9   03:29   1.1   0.0  0.00   6.2  25.0   12:05   SSE
 4  19.1  22.1   17:32  16.2   01:10   0.0   0.8  0.03   7.6  24.0   13:24   SSE
 5  19.4  24.2   18:24  15.2   23:40   0.0   1.1  0.00   3.1  13.0   15:22   SSW
 6  17.4  22.5   13:34  12.3   06:21   0.9   0.0  0.00   1.6  11.0   17:13    NW
 7  17.2  21.9   13:53  12.1   23:54   1.1   0.0  0.00   2.9  17.0   17:29   WNW
 8  16.5  22.3   15:18  10.1   05:11   1.8   0.0  0.00   2.0  12.0   13:41    SW
 9  17.9  24.7   17:04  10.5   05:27   0.4   0.0  0.00   2.5  14.0   19:36    SW
10  16.9  18.8   13:26  15.3   07:52   1.4   0.0  0.14   5.4  18.0   09:18    SW
11  17.8  24.1   15:44  15.2   08:22   0.5   0.0  0.03   4.0  19.0   16:22     W
12  16.8  20.1   15:14  15.1   06:11   1.5   0.0  0.10   4.2  20.0   15:34   WNW
13  16.0  21.8   14:22  10.7   06:41   2.3   0.0  0.00   2.4  11.0   00:05   WNW
14  16.5  21.9   12:46  10.1   02:31   1.8   0.0  0.00   4.3  20.0   22:11   SSW
15  19.0  23.4   16:34  16.1   23:59   0.0   0.7  0.04   7.6  31.0   11:35   SSW
16  16.2  19.4   14:51  13.0   06:06   2.1   0.0  0.01   4.4  21.0   12:05    SW
17  16.7  20.4   15:18  13.7   06:09   1.6   0.0  0.05   4.6  21.0   14:25   WSW
18  17.4  22.7   17:20  11.1   05:05   0.9   0.0  0.00   4.6  20.0   13:01     S
19  20.4  26.1   15:58  15.6   06:22   0.0   2.1  0.00   6.8  23.0   12:28     S
20  18.1  21.7   15:08  14.1   23:46   0.2   0.0  0.11   8.6  28.0   07:14     S
21  14.6  19.2   17:16  11.9   05:24   3.7   0.0  0.03   5.8  21.0   11:34   SSW
22  16.7  22.8   15:01  10.8   06:42   1.6   0.0  0.00   4.5  16.0   12:47   SSW
23  18.5  22.9   13:40  15.3   04:56   0.0   0.2  0.33   7.3  22.0   05:27     S
24  15.6  18.4   18:07  11.8   23:31   2.7   0.0  0.14   2.1  12.0   00:04     S
25  14.6  21.3   13:49  11.1   23:17   3.7   0.0  0.40   4.4  21.0   15:52     S
26  15.9  19.7   15:09  11.1   00:00   2.4   0.0  0.11   8.0  32.0   13:44     S
27  17.3  22.1   15:00  14.4   06:28   1.0   0.0  0.00   5.9  25.0   18:31   SSW
28  13.3  16.6   14:46  10.8   06:36   5.0   0.0  0.21   7.7  29.0   15:01     W
29  13.6  17.4   13:41  11.6   00:04   4.7   0.0  0.03   5.8  21.0   01:45     W
30  14.9  17.7   23:29  11.3   06:22   3.4   0.0  0.10   7.2  21.0   15:06     S
31  19.0  23.2   12:49  15.3   23:59   0.0   0.7  0.13   8.3  24.0   12:15     S
----------------------------------------------------------------------------------
    16.8  26.1    19    10.1     8    51.6   5.6  2.21   5.1  32.0    26     SSW

Max >=  27.0:  0
Max <=   0.0:  0
Min <=   0.0:  0
Min <= -18.0:  0
Max Rain: 0.40 on day 25
Days of Rain: 17 (>= 0.02 in)  11 (>= 0.10 in)  0 (>= 1.00 in)
Heat Base: 18.3  Cool Base: 18.3  Method: Integration
Now : Realtime : Gauges : Today/Yesterday : This Month/Year : All-Time Records : Graphs : WUnderground : Season Averages : Monthly Records : Data Summary : NOAA Reports : Forum : Station Info : System Info


Page last updated 23/08/2017 03:00:03
Produced by CumulusCumulus v1.9.4 (1099)