Cheadle Hulme Weather

 Latitude N 53° 21' 50"    Longitude W 02° 11' 42"    Elevation 261 ft

Now : Realtime : Gauges : Today/Yesterday : This Month/Year : All-Time Records : Graphs : WUnderground : Season Averages : Monthly Records : Data Summary : NOAA Reports : Forum : Station Info : System Info
Select a Year or Month report

Report for 2009 Oct
                   Monthly Climatological Summary for Oct 2009

Name: Cheadle Hulme   City: Cheadle   State: Cheshire
Elevation: 261 ft  Lat: N 53 21' 50"   Lon: W 002 11' 42"

                  Temperature (C), Rain (in), Wind Speed (mph)

                                      Heat  Cool        Avg
    Mean                              Deg   Deg         Wind                 Dom
Day Temp  High   Time   Low    Time   Days  Days  Rain  Speed High   Time    Dir
----------------------------------------------------------------------------------
 1  12.1  15.6   14:25   9.8   20:24   6.2   0.0  0.00   3.6  18.0   16:02   WNW
 2  12.1  14.1   16:45   9.7   04:04   6.2   0.0  0.02   3.9  19.0   15:19   WSW
 3  13.4  16.3   13:27  11.3   23:18   4.9   0.0  0.01  10.3  42.0   13:46     W
 4  10.2  13.3   14:26   6.8   23:34   8.1   0.0  0.01   3.5  23.0   00:00     W
 5   9.1  15.9   14:28   3.1   06:02   9.2   0.0  0.00   1.0   8.0   13:55    SE
 6  13.9  19.5   14:31   8.3   00:00   4.4   0.0  1.02   6.3  21.0   11:53   SSW
 7   8.9  13.7   14:07   4.2   07:12   9.4   0.0  0.01   1.3   9.0   00:35    NW
 8   8.0  14.1   13:33   3.6   02:29  10.3   0.0  0.00   2.0  18.0   11:33    NW
 9  10.3  14.4   15:23   6.1   03:50   8.0   0.0  0.00   5.6  21.0   13:59    SE
10  12.5  15.6   13:56  10.4   04:57   5.8   0.0  0.00   2.7  14.0   13:38     W
11  12.0  14.8   13:37   8.3   23:58   6.3   0.0  0.04   5.6  26.0   13:44   WNW
12   8.3  15.3   14:35   3.1   07:34  10.0   0.0  0.00   1.7  15.0   14:50   WNW
13   8.8  15.2   13:48   2.3   07:33   9.5   0.0  0.00   0.5   7.0   13:03   WSW
14  13.3  17.1   14:37  11.0   00:49   5.0   0.0  0.00   0.2   6.0   14:33   WSW
15  13.7  15.5   16:32  12.4   04:06   4.6   0.0  0.03   2.1  11.0   16:50   WNW
16  11.3  15.1   14:32   4.4   23:52   7.0   0.0  0.00   4.7  20.0   06:49   NNE
17   8.4  14.1   14:49   3.5   02:03   9.9   0.0  0.00   0.7   8.0   13:59    NW
18   8.1  10.9   16:33   4.1   03:08  10.2   0.0  0.00   2.7  11.0   10:30     S
19  11.1  15.4   14:40   9.1   07:37   7.2   0.0  0.00   6.2  20.0   22:47   SSE
20   9.4  11.7   20:59   7.1   05:51   8.9   0.0  0.06   7.6  26.0   18:25   ESE
21  12.2  14.4   16:34  10.5   03:11   6.1   0.0  0.01   5.1  16.0   00:05    SE
22  12.4  15.5   15:41  10.5   07:50   5.9   0.0  0.02   5.3  20.0   11:49    SE
23  12.7  15.7   12:50   9.4   08:01   5.6   0.0  0.00   4.3  14.0   12:53   SSE
24  14.2  19.1   14:33  12.2   23:57   4.1   0.0  0.14   7.6  30.0   17:43     S
25  13.1  15.1   12:11  11.7   01:42   5.2   0.0  0.01   7.6  27.0   11:54    SW
26  12.0  13.2   10:17   9.3   21:39   6.3   0.0  0.03   3.4  22.0   00:01     W
27  14.2  16.7   12:21  11.6   00:00   4.1   0.0  0.01   5.5  21.0   16:38   SSE
28  13.7  18.4   12:16  10.6   20:29   4.6   0.0  0.00   3.1  15.0   01:30     S
29  13.2  16.2   11:30   9.2   04:41   5.1   0.0  0.00   3.5  18.0   11:30   SSE
30  13.9  15.7   13:30  11.3   07:18   4.4   0.0  0.08   7.0  20.0   19:48   SSE
31  13.8  16.5   12:23  10.9   21:33   4.5   0.0  0.00   4.3  19.0   00:24     S
----------------------------------------------------------------------------------
    11.6  19.5     6     2.3    13   207.0   0.0  1.50   4.2  42.0     3     SSW

Max >=  27.0:  0
Max <=   0.0:  0
Min <=   0.0:  0
Min <= -18.0:  0
Max Rain: 1.02 on day 6
Days of Rain: 9 (>= 0.02 in)  2 (>= 0.10 in)  1 (>= 1.00 in)
Heat Base: 18.3  Cool Base: 18.3  Method: Integration
Now : Realtime : Gauges : Today/Yesterday : This Month/Year : All-Time Records : Graphs : WUnderground : Season Averages : Monthly Records : Data Summary : NOAA Reports : Forum : Station Info : System Info


Page last updated 27/06/2017 13:15:03
Produced by CumulusCumulus v1.9.4 (1099)