Select a Year or Month report
Report for 2009 Nov
Monthly Climatological Summary for Nov 2009
Name: Cheadle Hulme City: Cheadle State: Cheshire
Elevation: 261 ft Lat: N 53° 21' 50" Lon: W 002° 11' 42"
Temperature (°C), Rain (in), Wind Speed (mph)
Heat Cool Avg
Mean Deg Deg Wind Dom
Day Temp High Time Low Time Days Days Rain Speed High Time Dir
----------------------------------------------------------------------------------
1 11.6 16.6 11:58 7.7 23:37 6.7 0.0 0.61 9.0 38.0 11:58 S
2 8.5 11.9 13:00 6.8 02:04 9.8 0.0 0.14 6.0 19.0 12:25 SSW
3 9.2 12.2 13:55 6.2 23:08 9.1 0.0 0.45 6.3 25.0 12:24 SSW
4 8.2 11.5 12:09 6.3 00:00 10.1 0.0 0.27 5.3 19.0 13:07 SSW
5 7.8 10.4 13:08 4.1 05:42 10.5 0.0 0.38 2.3 18.0 13:11 WSW
6 7.4 10.2 12:08 4.7 05:29 10.9 0.0 0.20 3.8 19.0 15:29 S
7 6.9 9.8 12:09 3.9 07:16 11.4 0.0 0.10 5.4 19.0 13:50 S
8 6.8 11.2 14:36 2.8 23:57 11.5 0.0 0.00 2.5 15.0 12:53 NNE
9 4.2 12.1 14:10 0.1 06:07 14.1 0.0 0.00 1.0 9.0 15:22 S
10 6.7 8.1 13:36 4.7 00:00 11.6 0.0 0.25 1.9 9.0 10:46 SSE
11 7.5 10.2 13:19 5.8 02:11 10.8 0.0 0.02 3.3 17.0 18:52 ESE
12 10.1 12.3 14:55 7.2 07:46 8.2 0.0 0.09 7.2 24.0 14:02 SSE
13 9.9 14.1 21:50 6.7 08:18 8.4 0.0 0.26 6.8 33.0 20:52 SSE
14 10.5 14.1 00:00 6.9 23:02 7.8 0.0 0.24 10.2 31.0 12:06 S
15 9.0 13.1 13:07 5.9 01:15 9.3 0.0 0.00 5.8 19.0 12:13 S
16 10.1 12.1 12:21 8.2 00:00 8.2 0.0 0.14 8.6 29.0 06:57 S
17 9.2 11.4 13:48 6.8 07:55 9.1 0.0 0.10 7.9 24.0 17:27 SSW
18 10.9 12.8 18:49 8.0 09:39 7.4 0.0 0.59 10.3 33.0 04:09 SSW
19 13.6 15.7 12:51 12.1 00:00 4.7 0.0 0.00 15.1 36.0 12:27 S
20 11.5 14.1 00:08 6.7 22:50 6.8 0.0 0.05 7.9 33.0 01:41 SSW
21 11.2 14.5 12:49 6.3 02:08 7.1 0.0 0.17 8.7 34.0 15:00 SSE
22 8.6 9.8 00:00 7.4 07:09 9.7 0.0 0.21 10.1 28.0 19:44 S
23 9.0 9.8 20:50 7.9 04:12 9.3 0.0 0.50 6.6 32.0 01:13 SW
24 10.9 13.4 20:17 7.6 00:23 7.4 0.0 0.51 9.1 37.0 21:22 SSW
25 7.9 9.9 12:43 6.4 06:56 10.4 0.0 0.18 8.6 29.0 08:37 SSW
26 6.6 8.6 13:45 4.6 22:53 11.7 0.0 0.01 8.7 25.0 02:16 SSW
27 5.4 8.1 14:55 3.7 04:00 12.9 0.0 0.19 5.6 15.0 00:59 SSW
28 4.4 5.9 13:57 3.6 02:01 13.9 0.0 0.16 3.6 21.0 23:38 ESE
29 5.5 6.3 10:09 3.9 00:00 12.8 0.0 0.20 7.1 26.0 03:18 NE
30 3.6 5.7 02:16 -1.1 23:34 14.7 0.0 0.06 6.0 24.0 02:10 NNW
----------------------------------------------------------------------------------
8.4 16.6 1 -1.1 30 296.3 0.0 6.08 6.7 38.0 1 S
Max >= 27.0: 0
Max <= 0.0: 0
Min <= 0.0: 1
Min <= -18.0: 0
Max Rain: 0.61 on day 1
Days of Rain: 25 (>= 0.02 in) 21 (>= 0.10 in) 0 (>= 1.00 in)
Heat Base: 18.3 Cool Base: 18.3 Method: Integration