Select a Year or Month report
Report for 2009 Dec
Monthly Climatological Summary for Dec 2009
Name: Cheadle Hulme City: Cheadle State: Cheshire
Elevation: 261 ft Lat: N 53° 21' 50" Lon: W 002° 11' 42"
Temperature (°C), Rain (in), Wind Speed (mph)
Heat Cool Avg
Mean Deg Deg Wind Dom
Day Temp High Time Low Time Days Days Rain Speed High Time Dir
----------------------------------------------------------------------------------
1 1.8 5.3 13:20 -2.5 05:46 16.5 0.0 0.10 6.1 26.0 20:30 SSE
2 6.8 8.6 12:05 4.8 06:13 11.5 0.0 0.01 4.8 21.0 00:12 SE
3 5.6 7.4 00:00 4.0 17:38 12.7 0.0 0.40 6.2 27.0 18:45 WNW
4 4.9 6.9 23:32 1.9 08:23 13.4 0.0 0.01 3.9 16.0 21:59 S
5 8.7 11.7 23:38 6.8 00:00 9.6 0.0 0.23 7.9 28.0 23:16 S
6 9.1 12.4 04:00 6.9 21:50 9.2 0.0 0.30 9.1 29.0 00:38 S
7 7.7 10.7 13:31 4.6 21:37 10.6 0.0 0.06 8.5 30.0 11:25 S
8 7.9 10.6 21:31 5.4 00:00 10.4 0.0 0.15 5.8 21.0 17:23 S
9 9.4 11.8 13:31 7.7 08:11 8.9 0.0 0.04 6.0 18.0 22:41 S
10 6.9 9.4 12:26 2.8 23:58 11.4 0.0 0.00 2.5 12.0 01:43 W
11 1.7 8.9 13:44 -0.8 08:15 16.6 0.0 0.01 0.6 9.0 12:40 SE
12 4.2 8.3 13:26 1.6 23:59 14.1 0.0 0.00 2.2 15.0 13:42 NE
13 3.3 7.2 14:25 0.4 04:33 15.0 0.0 0.00 2.1 16.0 14:20 N
14 4.2 5.5 22:37 2.6 05:35 14.1 0.0 0.12 1.3 10.0 15:24 WNW
15 5.0 5.8 04:26 4.0 19:25 13.3 0.0 0.00 1.5 9.0 06:40 ESE
16 4.5 5.4 13:16 3.5 03:34 13.8 0.0 0.11 2.5 13.0 20:13 WNW
17 1.7 4.4 13:04 -0.8 21:42 16.6 0.0 0.01 5.2 26.0 15:46 NNE
18 -1.0 2.1 13:09 -3.8 23:41 19.3 0.0 0.00 5.1 23.0 10:41 N
19 -1.5 2.3 21:46 -5.8 06:47 19.8 0.0 0.11 3.2 16.0 21:40 SSW
20 -0.8 1.7 17:06 -5.0 06:32 19.1 0.0 0.06 4.6 23.0 13:35 SW
21 0.0 3.9 13:15 -3.4 23:56 18.3 0.0 0.04 5.4 17.0 04:07 S
22 -0.8 2.2 13:18 -5.6 03:07 19.1 0.0 0.05 4.4 19.0 14:10 S
23 1.1 3.3 12:39 -0.5 16:57 17.2 0.0 0.04 4.7 15.0 02:15 S
24 1.5 3.2 12:31 -0.9 20:12 16.8 0.0 0.19 0.9 7.0 06:56 ESE
25 1.8 4.2 13:48 0.6 00:02 16.5 0.0 0.36 3.1 19.0 21:30 S
26 4.9 7.2 13:32 3.7 07:44 13.4 0.0 0.20 7.1 20.0 02:34 S
27 4.0 4.9 13:22 2.5 23:23 14.3 0.0 0.23 6.8 25.0 14:23 WSW
28 1.6 4.7 13:39 -0.2 09:28 16.7 0.0 0.01 1.6 16.0 23:49 E
29 3.1 4.7 11:49 0.2 04:48 15.2 0.0 0.03 6.8 24.0 19:16 ENE
30 3.7 4.2 18:47 3.2 02:05 14.6 0.0 0.05 11.0 38.0 13:59 ENE
31 1.9 4.6 12:35 -2.0 22:53 16.4 0.0 0.00 6.1 26.0 01:15 NE
----------------------------------------------------------------------------------
3.6 12.4 6 -5.8 19 454.4 0.0 2.92 4.7 38.0 30 SSE
Max >= 27.0: 0
Max <= 0.0: 0
Min <= 0.0: 12
Min <= -18.0: 0
Max Rain: 0.40 on day 3
Days of Rain: 20 (>= 0.02 in) 12 (>= 0.10 in) 0 (>= 1.00 in)
Heat Base: 18.3 Cool Base: 18.3 Method: Integration