Cheadle Hulme Weather

 Latitude N 53° 21' 50"    Longitude W 02° 11' 42"    Elevation 261 ft

Now : Realtime : Gauges : Today/Yesterday : This Month/Year : All-Time Records : Graphs : WUnderground : Season Averages : Monthly Records : Data Summary : NOAA Reports : Forum : Station Info : System Info
Select a Year or Month report

Report for 2010 Jan
                   Monthly Climatological Summary for Jan 2010

Name: Cheadle Hulme   City: Cheadle   State: Cheshire
Elevation: 261 ft  Lat: N 53 21' 50"   Lon: W 002 11' 42"

                  Temperature (C), Rain (in), Wind Speed (mph)

                                      Heat  Cool        Avg
    Mean                              Deg   Deg         Wind                 Dom
Day Temp  High   Time   Low    Time   Days  Days  Rain  Speed High   Time    Dir
----------------------------------------------------------------------------------
 1  -1.0   2.5   13:47  -4.4   08:38  19.3   0.0  0.00   2.2  16.0   19:07   WNW
 2   0.3   2.4   15:09  -2.6   04:34  18.0   0.0  0.18   3.4  24.0   21:09   ENE
 3  -1.3   3.4   13:38  -4.3   20:45  19.6   0.0  0.01   2.1  18.0   00:16    NE
 4  -2.7   1.9   13:56  -6.5   09:15  21.0   0.0  0.00   1.4  11.0   23:21     S
 5   0.6   1.4   11:17  -0.1   00:03  17.7   0.0  0.00   3.0  15.0   21:16     N
 6  -1.2   2.3   12:36  -7.9   23:51  19.5   0.0  0.00   5.3  21.0   13:56   NNE
 7  -8.0  -1.1   13:45 -11.1   08:35  26.3   0.0  0.00   0.9   5.0   04:51   SSE
 8  -6.0   1.8   14:08 -10.9   06:14  24.3   0.0  0.00   1.3  11.0   14:32   NNW
 9  -1.9   1.3   13:16  -5.8   07:08  20.2   0.0  0.00   4.9  23.0   12:48   NNE
10   1.9   2.9   13:08  -0.1   01:08  16.4   0.0  0.02   8.1  25.0   14:50    NE
11   2.1   2.4   00:40   1.8   23:23  16.2   0.0  0.01   3.5  17.0   00:37     E
12   2.0   2.6   11:13   1.4   23:40  16.3   0.0  0.00   8.2  27.0   16:59   ESE
13   1.2   2.0   13:23   0.6   22:05  17.1   0.0  0.00   4.5  26.0   00:32   ESE
14   1.4   4.4   14:00  -1.9   22:37  16.9   0.0  0.01   0.9   7.0   14:31    SE
15   3.3   6.8   18:37  -2.7   02:22  15.0   0.0  0.23   7.1  27.0   10:40   SSE
16   5.7   6.3   02:52   4.2   08:34  12.6   0.0  0.17   8.2  34.0   07:42   SSE
17   5.1   8.9   14:23   2.3   04:11  13.2   0.0  0.01   4.3  16.0   23:27   SSW
18   7.1   8.8   13:39   5.6   00:00  11.2   0.0  0.06   3.8  17.0   04:21   SSW
19   6.0   7.3   11:16   4.3   21:07  12.3   0.0  0.00   5.4  25.0   20:27   ESE
20   4.4   5.2   13:36   3.7   23:56  13.9   0.0  0.00   6.1  27.0   02:49   ESE
21   4.4   6.1   23:28   2.3   08:05  13.9   0.0  0.04   5.6  24.0   23:28    SE
22   7.4   8.3   11:42   5.6   23:57  10.9   0.0  0.31   5.0  27.0   02:00     S
23   3.8   5.7   00:00   2.7   22:10  14.5   0.0  0.00   1.9   9.0   03:29     W
24   3.9   5.2   13:53   2.9   00:00  14.4   0.0  0.12   2.8  11.0   10:40    SW
25   3.1   3.8   03:23   2.6   19:19  15.2   0.0  0.00   3.6  20.0   04:22    NE
26   2.9   4.2   13:30   2.3   02:44  15.4   0.0  0.00   1.6   9.0   06:36   ENE
27   4.7   8.3   17:04   2.3   01:16  13.6   0.0  0.02   5.6  31.0   17:17   WNW
28   4.7   7.0   14:14   1.7   04:03  13.6   0.0  0.14   5.3  21.0   14:55   WNW
29   3.0   5.4   00:00  -0.4   23:57  15.3   0.0  0.09   6.3  29.0   13:08    NW
30   0.0   4.4   14:05  -2.2   08:50  18.3   0.0  0.00   3.1  16.0   12:51   WNW
31   1.0   5.2   13:51  -1.0   00:00  17.3   0.0  0.02   2.7  12.0   15:02   WSW
----------------------------------------------------------------------------------
     1.9   8.9    17   -11.1     7   509.4   0.0  1.44   4.1  34.0    16     ESE

Max >=  27.0:  0
Max <=   0.0:  1
Min <=   0.0: 15
Min <= -18.0:  0
Max Rain: 0.31 on day 22
Days of Rain: 12 (>= 0.02 in)  6 (>= 0.10 in)  0 (>= 1.00 in)
Heat Base: 18.3  Cool Base: 18.3  Method: Integration
Now : Realtime : Gauges : Today/Yesterday : This Month/Year : All-Time Records : Graphs : WUnderground : Season Averages : Monthly Records : Data Summary : NOAA Reports : Forum : Station Info : System Info


Page last updated 27/06/2017 13:00:03
Produced by CumulusCumulus v1.9.4 (1099)