Cheadle Hulme Weather

 Latitude N 53° 21' 50"    Longitude W 02° 11' 42"    Elevation 261 ft

Now : Realtime : Gauges : Today/Yesterday : This Month/Year : All-Time Records : Graphs : WUnderground : Season Averages : Monthly Records : Data Summary : NOAA Reports : Forum : Station Info : System Info
Select a Year or Month report

Report for 2010 Mar
                   Monthly Climatological Summary for Mar 2010

Name: Cheadle Hulme   City: Cheadle   State: Cheshire
Elevation: 261 ft  Lat: N 53 21' 50"   Lon: W 002 11' 42"

                  Temperature (C), Rain (in), Wind Speed (mph)

                                      Heat  Cool        Avg
    Mean                              Deg   Deg         Wind                 Dom
Day Temp  High   Time   Low    Time   Days  Days  Rain  Speed High   Time    Dir
----------------------------------------------------------------------------------
 1   3.4   8.0   13:02  -0.4   23:58  14.9   0.0  0.01   1.7  18.0   14:41     W
 2   3.8  10.0   12:42  -0.7   00:50  14.5   0.0  0.00   1.7  10.0   21:33   ESE
 3   4.1   8.3   14:14   1.5   00:02  14.2   0.0  0.00   4.8  21.0   16:38   ESE
 4   3.4  10.7   14:41  -1.3   07:02  14.9   0.0  0.00   1.7   9.0   00:05   ENE
 5   3.6   8.6   13:46  -1.1   00:42  14.7   0.0  0.00   3.9  19.0   13:46   WNW
 6   4.4   8.8   12:28  -0.5   23:34  13.9   0.0  0.00   2.8  15.0   14:15     E
 7   0.8   8.4   14:43  -4.7   06:36  17.5   0.0  0.00   1.6  10.0   10:20    SE
 8   1.7  10.8   14:30  -5.7   07:15  16.6   0.0  0.00   1.6  16.0   14:15   ENE
 9   4.5  11.4   12:34  -1.7   07:18  13.8   0.0  0.00   3.4  16.0   14:42    NE
10   6.1  10.5   14:31  -0.3   23:58  12.2   0.0  0.00   4.1  18.0   12:40    NE
11   3.8  11.4   13:26  -2.9   07:06  14.5   0.0  0.00   2.6  16.0   15:12    NW
12   6.7   9.5   15:44   4.8   00:53  11.6   0.0  0.02   5.7  22.0   10:37   NNW
13   4.8   8.2   12:34  -0.6   05:45  13.5   0.0  0.00   5.7  25.0   12:51   WNW
14   7.7  11.0   14:32   5.3   07:13  10.6   0.0  0.00   8.8  28.0   14:21   WNW
15   7.3  10.1   13:09   3.8   06:48  11.0   0.0  0.00   6.1  26.0   12:25   WNW
16   8.0  13.6   14:47   3.7   04:14  10.3   0.0  0.00   3.8  16.0   13:15     S
17  10.8  15.6   14:06   6.9   00:06   7.5   0.0  0.00   6.2  19.0   05:34     S
18  11.5  14.6   15:41   9.1   05:16   6.8   0.0  0.00   8.9  26.0   16:56     S
19  10.5  14.6   12:22   7.4   06:34   7.8   0.0  0.19   4.5  20.0   01:47    SW
20   9.6  12.6   11:15   3.2   23:56   8.7   0.0  0.25   4.9  16.0   12:02   SSW
21   8.8  14.3   14:49   2.6   01:38   9.5   0.0  0.01   4.2  19.0   20:47   SSW
22   8.9  12.1   15:45   4.3   23:55   9.4   0.0  0.01   7.8  30.0   17:37     S
23   7.9  12.5   13:05   2.6   03:16  10.4   0.0  0.14   6.3  22.0   20:51   SSE
24  10.9  13.8   15:40   8.7   01:47   7.4   0.0  0.08   5.7  21.0   05:49   SSE
25  11.5  15.0   14:39   8.2   23:54   6.8   0.0  0.25   5.5  30.0   23:54   SSE
26   9.3  13.6   13:40   6.6   03:16   9.0   0.0  0.22   8.6  29.0   09:51     S
27   8.3  10.9   16:00   6.4   23:49  10.0   0.0  0.00   6.5  26.0   17:17     W
28   8.0  11.3   13:27   5.6   23:59  10.3   0.0  0.00   6.2  28.0   14:00     W
29   7.2  10.2   19:56   4.8   07:57  11.1   0.0  0.23   4.5  19.0   11:29   ESE
30   8.8  13.9   14:49   4.2   23:47   9.5   0.0  0.32   5.9  24.0   15:05   SSE
31   3.5   4.8   15:00   2.6   03:21  14.8   0.0  0.26   8.3  36.0   13:40   WNW
----------------------------------------------------------------------------------
     6.8  15.6    17    -5.7     8   357.7   0.0  1.99   5.0  36.0    31     SSW

Max >=  27.0:  0
Max <=   0.0:  0
Min <=   0.0: 11
Min <= -18.0:  0
Max Rain: 0.32 on day 30
Days of Rain: 10 (>= 0.02 in)  8 (>= 0.10 in)  0 (>= 1.00 in)
Heat Base: 18.3  Cool Base: 18.3  Method: Integration
Now : Realtime : Gauges : Today/Yesterday : This Month/Year : All-Time Records : Graphs : WUnderground : Season Averages : Monthly Records : Data Summary : NOAA Reports : Forum : Station Info : System Info


Page last updated 29/06/2017 11:45:04
Produced by CumulusCumulus v1.9.4 (1099)