Select a Year or Month report
Report for 2010 May
Monthly Climatological Summary for May 2010
Name: Cheadle Hulme City: Cheadle State: Cheshire
Elevation: 261 ft Lat: N 53° 21' 50" Lon: W 002° 11' 42"
Temperature (°C), Rain (in), Wind Speed (mph)
Heat Cool Avg
Mean Deg Deg Wind Dom
Day Temp High Time Low Time Days Days Rain Speed High Time Dir
----------------------------------------------------------------------------------
1 11.0 16.8 16:44 7.6 05:52 7.3 0.0 0.00 3.8 27.0 21:24 ENE
2 8.0 10.9 16:10 3.5 23:53 10.3 0.0 0.00 8.1 28.0 04:03 NE
3 7.2 12.8 15:04 2.2 01:20 11.1 0.0 0.00 5.1 25.0 15:10 NNE
4 8.6 14.3 17:10 0.9 06:22 9.7 0.0 0.00 3.1 18.0 17:50 NW
5 10.2 13.3 18:27 6.2 04:48 8.1 0.0 0.00 1.4 9.0 18:29 WNW
6 10.9 13.4 12:21 8.3 23:49 7.4 0.0 0.05 4.0 21.0 20:12 NE
7 10.2 15.6 15:22 6.6 06:11 8.1 0.0 0.00 8.4 27.0 12:15 NE
8 9.5 12.3 14:37 7.2 23:53 8.8 0.0 0.00 9.7 25.0 12:48 NNE
9 10.1 16.3 11:47 2.9 05:41 8.2 0.0 0.00 4.3 21.0 13:46 NE
10 8.1 11.9 15:47 6.3 23:17 10.2 0.0 0.00 3.9 17.0 09:27 ENE
11 7.5 12.6 13:34 4.1 04:57 10.8 0.0 0.01 1.9 15.0 14:50 NNW
12 7.3 13.7 12:26 2.2 23:55 11.0 0.0 0.00 3.4 18.0 09:10 ENE
13 7.9 14.6 13:25 -0.4 04:43 10.4 0.0 0.00 2.9 17.0 18:46 SSW
14 9.3 11.8 17:19 5.1 04:10 9.0 0.0 0.01 4.2 17.0 10:37 S
15 10.4 15.3 15:03 5.4 02:28 7.9 0.0 0.00 3.9 22.0 15:12 WNW
16 10.1 14.2 16:28 6.4 01:15 8.2 0.0 0.02 5.9 21.0 12:49 W
17 11.3 16.9 16:40 6.1 05:51 7.0 0.0 0.00 3.4 16.0 10:18 WNW
18 12.7 20.6 16:00 2.7 05:31 5.6 0.0 0.00 1.4 12.0 12:36 W
19 15.3 19.4 16:37 10.7 02:03 3.0 0.0 0.00 2.2 13.0 11:09 SSW
20 18.0 23.5 16:53 13.2 04:14 0.3 0.0 0.00 1.7 15.0 16:32 WNW
21 18.6 26.0 15:23 10.7 05:03 0.0 0.3 0.00 1.4 10.0 19:52 S
22 20.9 28.6 17:04 13.0 05:46 0.0 2.6 0.00 1.2 9.0 16:46 SSW
23 20.9 27.6 14:19 13.1 04:57 0.0 2.6 0.00 3.1 17.0 16:17 W
24 16.5 21.1 16:11 12.2 23:59 1.8 0.0 0.00 3.8 17.0 15:41 WNW
25 13.0 16.7 11:37 8.2 05:26 5.3 0.0 0.00 4.4 20.0 18:56 E
26 10.7 13.3 15:09 8.0 23:57 7.6 0.0 0.02 2.9 18.0 00:12 E
27 10.0 14.3 16:58 5.1 05:10 8.3 0.0 0.08 5.3 22.0 10:59 WNW
28 11.6 16.9 15:58 7.2 06:06 6.7 0.0 0.02 4.5 19.0 01:42 W
29 11.5 15.2 18:40 7.8 02:23 6.8 0.0 0.25 3.7 19.0 14:19 SSE
30 12.3 15.6 16:51 9.6 23:45 6.0 0.0 0.01 9.3 31.0 10:58 WNW
31 13.7 18.5 15:30 9.4 00:50 4.6 0.0 0.00 3.1 14.0 09:06 NE
----------------------------------------------------------------------------------
11.7 28.6 22 -0.4 13 209.5 5.5 0.47 4.0 31.0 30 N
Max >= 27.0: 2
Max <= 0.0: 0
Min <= 0.0: 1
Min <= -18.0: 0
Max Rain: 0.25 on day 29
Days of Rain: 6 (>= 0.02 in) 1 (>= 0.10 in) 0 (>= 1.00 in)
Heat Base: 18.3 Cool Base: 18.3 Method: Integration