Cheadle Hulme Weather

 Latitude N 53° 21' 50"    Longitude W 02° 11' 42"    Elevation 261 ft

Now : Realtime : Gauges : Today/Yesterday : This Month/Year : All-Time Records : Graphs : WUnderground : Season Averages : Monthly Records : Data Summary : NOAA Reports : Forum : Station Info : System Info
Select a Year or Month report

Report for 2010 Jul
                   Monthly Climatological Summary for Jul 2010

Name: Cheadle Hulme   City: Cheadle   State: Cheshire
Elevation: 261 ft  Lat: N 53 21' 50"   Lon: W 002 11' 42"

                  Temperature (C), Rain (in), Wind Speed (mph)

                                      Heat  Cool        Avg
    Mean                              Deg   Deg         Wind                 Dom
Day Temp  High   Time   Low    Time   Days  Days  Rain  Speed High   Time    Dir
----------------------------------------------------------------------------------
 1  19.3  23.4   17:58  15.6   04:58   0.0   1.0  0.06   6.4  23.0   15:23     S
 2  19.0  24.1   14:46  14.5   06:14   0.0   0.7  0.12   5.2  20.0   01:34   SSW
 3  17.5  21.8   17:17  13.3   05:15   0.8   0.0  0.00   4.4  19.0   15:55   WSW
 4  17.1  22.7   17:53  12.0   03:54   1.2   0.0  0.00   7.7  32.0   13:52   SSW
 5  16.0  19.1   13:55  12.8   23:51   2.3   0.0  0.00   6.6  26.0   12:34   WNW
 6  16.3  22.1   15:09   9.8   04:00   2.0   0.0  0.00   4.0  21.0   14:35   SSW
 7  17.9  20.1   16:05  15.8   23:45   0.4   0.0  0.07   7.4  23.0   20:53   SSW
 8  17.5  21.5   15:19  14.0   05:38   0.8   0.0  0.00   3.8  17.0   11:15    SW
 9  19.9  25.0   13:45  15.4   03:07   0.0   1.6  0.02   4.3  21.0   13:20   SSW
10  21.5  26.6   17:11  17.8   04:42   0.0   3.2  0.08   6.2  21.0   08:25     S
11  17.7  19.6   14:45  15.2   23:51   0.6   0.0  0.01   6.0  26.0   11:07   WSW
12  14.6  16.1   18:46  13.2   23:57   3.7   0.0  0.09   3.2  16.0   08:22    NE
13  14.8  17.2   12:49  12.7   00:23   3.5   0.0  0.18   5.5  20.0   10:28     E
14  17.9  23.1   16:41  15.0   00:00   0.4   0.0  0.03   7.0  24.0   16:16    SE
15  16.5  21.4   14:17  14.3   03:49   1.8   0.0  0.22   8.5  29.0   14:41     S
16  15.2  17.3   17:29  12.8   05:25   3.1   0.0  0.07   7.6  33.0   03:29     S
17  14.5  18.5   15:24  11.9   06:05   3.8   0.0  0.10   4.6  24.0   16:09   WSW
18  16.9  21.7   16:09  12.6   02:26   1.4   0.0  0.21   7.8  22.0   08:42     S
19  19.4  25.4   13:53  15.2   06:28   0.0   1.1  0.14   5.8  20.0   14:35     S
20  18.2  21.7   14:46  15.6   03:11   0.1   0.0  0.57   4.1  17.0   15:34     S
21  17.3  21.9   18:22  13.9   05:46   1.0   0.0  0.16   3.1  16.0   11:48    SW
22  15.0  18.2   16:51  12.9   04:46   3.3   0.0  0.00   5.5  21.0   12:56    NE
23  15.8  21.6   17:42  12.5   23:59   2.5   0.0  0.01   1.9  13.0   19:41    NW
24  15.8  20.6   12:09   9.4   04:15   2.5   0.0  0.00   3.2  14.0   12:43   SSW
25  16.9  19.1   15:04  15.5   02:30   1.4   0.0  0.02   5.1  22.0   16:49   WNW
26  16.9  18.9   19:18  15.3   04:49   1.4   0.0  0.14   3.6  17.0   15:23   WNW
27  17.7  20.2   15:30  12.7   23:58   0.6   0.0  0.03   4.2  19.0   14:53   WNW
28  14.9  18.6   15:33  11.5   01:43   3.4   0.0  0.04   5.0  23.0   12:31   WNW
29  15.1  17.4   16:17  13.7   08:16   3.2   0.0  0.00   5.1  23.0   16:33   WNW
30  16.2  19.7   12:38  13.7   05:06   2.1   0.0  0.41   4.5  17.0   12:49   SSW
31  15.9  18.9   16:07  13.8   05:45   2.4   0.0  0.08   2.6  18.0   12:13   WSW
----------------------------------------------------------------------------------
    16.9  26.6    10     9.4    24    49.7   7.6  2.86   5.2  33.0    16     SSW

Max >=  27.0:  0
Max <=   0.0:  0
Min <=   0.0:  0
Min <= -18.0:  0
Max Rain: 0.57 on day 20
Days of Rain: 21 (>= 0.02 in)  10 (>= 0.10 in)  0 (>= 1.00 in)
Heat Base: 18.3  Cool Base: 18.3  Method: Integration
Now : Realtime : Gauges : Today/Yesterday : This Month/Year : All-Time Records : Graphs : WUnderground : Season Averages : Monthly Records : Data Summary : NOAA Reports : Forum : Station Info : System Info


Page last updated 27/06/2017 13:00:03
Produced by CumulusCumulus v1.9.4 (1099)