Cheadle Hulme Weather

 Latitude N 53° 21' 50"    Longitude W 02° 11' 42"    Elevation 261 ft

Now : Realtime : Gauges : Today/Yesterday : This Month/Year : All-Time Records : Graphs : WUnderground : Season Averages : Monthly Records : Data Summary : NOAA Reports : Forum : Station Info : System Info
Select a Year or Month report

Report for 2010 Aug
                   Monthly Climatological Summary for Aug 2010

Name: Cheadle Hulme   City: Cheadle   State: Cheshire
Elevation: 261 ft  Lat: N 53 21' 50"   Lon: W 002 11' 42"

                  Temperature (C), Rain (in), Wind Speed (mph)

                                      Heat  Cool        Avg
    Mean                              Deg   Deg         Wind                 Dom
Day Temp  High   Time   Low    Time   Days  Days  Rain  Speed High   Time    Dir
----------------------------------------------------------------------------------
 1  16.1  18.6   17:44  14.0   23:29   2.2   0.0  0.00   3.9  14.0   14:10   WNW
 2  15.7  19.6   14:27  12.7   23:54   2.6   0.0  0.00   3.2  15.0   16:47   WNW
 3  15.1  20.3   14:00  10.4   05:22   3.2   0.0  0.00   3.6  18.0   15:14   WSW
 4  14.6  17.9   14:45  12.4   07:07   3.7   0.0  0.55   5.4  23.0   14:41   WNW
 5  14.6  18.5   16:32  12.3   03:35   3.7   0.0  0.01   5.8  22.0   10:58   WNW
 6  15.3  18.3   14:12  11.6   02:06   3.0   0.0  0.03   5.3  20.0   12:39     S
 7  16.6  20.2   14:47  14.8   06:00   1.7   0.0  0.03   4.9  19.0   16:23     W
 8  16.0  19.3   17:11  13.9   04:24   2.3   0.0  0.00   1.4  11.0   08:05   WNW
 9  16.2  21.5   18:47  11.6   03:04   2.1   0.0  0.00   4.3  21.0   13:45     S
10  15.5  19.7   17:00  12.6   01:29   2.8   0.0  0.00   4.7  21.0   17:58   WSW
11  14.2  17.7   16:56   9.6   06:00   4.1   0.0  0.02   5.3  25.0   19:17     W
12  14.5  18.2   11:58  12.3   16:51   3.8   0.0  2.06   4.1  23.0   16:17   WNW
13  13.6  15.8   13:08  12.2   23:34   4.7   0.0  0.30   3.4  20.0   15:52   NNW
14  15.7  21.2   17:42  11.9   04:31   2.6   0.0  0.25   5.8  25.0   16:31    NE
15  17.8  23.2   16:10  12.7   03:57   0.5   0.0  0.00   3.6  17.0   18:52     N
16  16.3  22.0   13:31  10.8   05:35   2.0   0.0  0.00   3.9  20.0   13:18   WNW
17  15.1  18.6   13:45  11.3   23:54   3.2   0.0  0.19   3.4  19.0   17:12     W
18  14.4  18.4   15:28  10.6   01:24   3.9   0.0  0.04   2.6  17.0   13:09   WSW
19  15.6  21.1   14:43  12.4   04:55   2.7   0.0  0.21   6.1  24.0   22:20     S
20  19.5  23.8   16:05  15.6   00:18   0.0   1.2  0.03   9.4  28.0   15:08     S
21  17.5  22.0   15:09  13.2   23:58   0.8   0.0  0.06   3.7  19.0   12:32   SSW
22  16.2  22.3   15:42  11.9   03:43   2.1   0.0  0.01   1.7  11.0   13:25    SW
23  14.1  15.7   09:44  11.9   23:29   4.2   0.0  0.49   2.8  20.0   17:24     W
24  13.1  16.5   17:46  10.3   04:15   5.2   0.0  0.15   6.4  29.0   16:56   WSW
25  14.5  18.1   13:52  11.1   06:49   3.8   0.0  0.00   1.9  12.0   22:08   SSE
26  14.3  15.8   13:55  13.2   03:03   4.0   0.0  0.01   6.9  25.0   16:34    NE
27  13.7  19.2   15:17   7.7   06:27   4.6   0.0  0.00   3.4  22.0   18:56    NW
28  13.2  17.1   16:44  10.0   07:01   5.1   0.0  0.29   5.5  27.0   16:06   WNW
29  13.6  16.6   17:09   9.7   23:53   4.7   0.0  0.26   7.7  36.0   13:07   WNW
30  11.7  17.1   13:54   6.1   04:52   6.6   0.0  0.00   1.2  12.0   11:31   NNW
31  13.3  21.1   16:11   5.8   05:47   5.0   0.0  0.00   1.6  13.0   09:35    SW
----------------------------------------------------------------------------------
    15.1  23.8    20     5.8    31   100.9   1.2  4.99   4.3  36.0    29       W

Max >=  27.0:  0
Max <=   0.0:  0
Min <=   0.0:  0
Min <= -18.0:  0
Max Rain: 2.06 on day 12
Days of Rain: 16 (>= 0.02 in)  10 (>= 0.10 in)  1 (>= 1.00 in)
Heat Base: 18.3  Cool Base: 18.3  Method: Integration
Now : Realtime : Gauges : Today/Yesterday : This Month/Year : All-Time Records : Graphs : WUnderground : Season Averages : Monthly Records : Data Summary : NOAA Reports : Forum : Station Info : System Info


Page last updated 27/06/2017 13:15:03
Produced by CumulusCumulus v1.9.4 (1099)