Select a Year or Month report
Report for 2010 Sep
Monthly Climatological Summary for Sep 2010
Name: Cheadle Hulme City: Cheadle State: Cheshire
Elevation: 261 ft Lat: N 53° 21' 50" Lon: W 002° 11' 42"
Temperature (°C), Rain (in), Wind Speed (mph)
Heat Cool Avg
Mean Deg Deg Wind Dom
Day Temp High Time Low Time Days Days Rain Speed High Time Dir
----------------------------------------------------------------------------------
1 14.8 22.7 16:38 7.6 05:00 3.5 0.0 0.00 0.4 9.0 15:21 SSW
2 16.5 22.9 15:40 10.4 06:21 1.8 0.0 0.00 1.7 11.0 14:21 ESE
3 15.8 22.3 15:11 10.4 05:56 2.5 0.0 0.00 2.0 12.0 16:01 SE
4 15.9 20.3 13:48 9.9 05:55 2.4 0.0 0.00 3.7 16.0 12:26 SE
5 16.9 21.0 14:24 13.9 05:49 1.4 0.0 0.00 7.6 28.0 22:28 SE
6 16.1 19.8 15:01 14.0 23:34 2.2 0.0 0.31 10.3 33.0 19:21 ESE
7 14.7 20.3 14:47 10.4 23:56 3.6 0.0 0.26 3.9 25.0 15:37 SSE
8 14.6 21.6 16:19 8.8 06:26 3.7 0.0 0.00 1.0 9.0 10:06 SSW
9 15.3 20.6 15:46 11.1 01:38 3.0 0.0 0.01 3.1 18.0 10:56 W
10 16.9 21.0 16:38 13.2 04:07 1.4 0.0 0.25 6.2 19.0 06:38 S
11 16.4 19.2 12:48 13.1 23:14 1.9 0.0 0.15 4.4 18.0 09:45 WSW
12 13.8 17.5 14:37 11.6 07:34 4.5 0.0 0.11 4.5 25.0 12:48 WNW
13 15.4 17.8 21:37 12.7 03:14 2.9 0.0 0.07 6.8 23.0 21:20 SSW
14 15.5 18.3 11:07 10.8 21:22 2.8 0.0 0.44 8.7 31.0 14:26 WSW
15 12.2 14.8 14:49 10.2 05:09 6.1 0.0 0.14 8.0 37.0 15:32 W
16 12.9 15.7 15:35 10.9 07:05 5.4 0.0 0.05 7.8 30.0 16:25 WNW
17 11.0 14.9 14:55 6.1 07:20 7.3 0.0 0.00 3.9 20.0 13:33 WNW
18 10.3 14.4 14:29 6.2 03:54 8.0 0.0 0.10 2.7 17.0 23:58 SW
19 13.7 15.9 16:35 11.1 00:00 4.6 0.0 0.45 6.8 18.0 12:23 S
20 15.2 18.9 15:02 13.3 06:42 3.1 0.0 0.06 4.0 20.0 14:21 WSW
21 15.8 20.8 13:32 11.6 07:26 2.5 0.0 0.00 2.6 13.0 12:13 SSE
22 16.0 20.8 13:30 12.5 06:10 2.3 0.0 0.23 3.7 15.0 14:47 S
23 15.1 19.2 13:47 13.2 21:11 3.2 0.0 0.70 3.5 16.0 03:15 S
24 10.9 13.4 00:00 5.9 23:56 7.4 0.0 0.16 6.3 28.0 12:12 N
25 7.9 13.2 15:02 2.6 07:18 10.4 0.0 0.00 2.7 17.0 14:54 NW
26 9.6 14.4 14:27 5.0 03:53 8.7 0.0 0.00 2.4 15.0 09:51 NNW
27 12.6 14.0 15:58 10.9 01:13 5.7 0.0 0.00 2.9 15.0 08:58 NNE
28 13.9 15.4 12:42 12.3 07:40 4.4 0.0 0.00 2.0 13.0 23:45 SE
29 13.6 15.8 11:59 8.8 23:08 4.7 0.0 0.23 4.7 22.0 11:18 S
30 11.4 16.9 13:28 6.4 07:01 6.9 0.0 0.01 2.6 13.0 13:55 SSE
----------------------------------------------------------------------------------
14.0 22.9 2 2.6 25 128.3 0.0 3.73 4.4 37.0 15 SSW
Max >= 27.0: 0
Max <= 0.0: 0
Min <= 0.0: 0
Min <= -18.0: 0
Max Rain: 0.70 on day 23
Days of Rain: 16 (>= 0.02 in) 13 (>= 0.10 in) 0 (>= 1.00 in)
Heat Base: 18.3 Cool Base: 18.3 Method: Integration