Select a Year or Month report
Report for 2010 Nov
Monthly Climatological Summary for Nov 2010
Name: Cheadle Hulme City: Cheadle State: Cheshire
Elevation: 261 ft Lat: N 53° 21' 50" Lon: W 002° 11' 42"
Temperature (°C), Rain (in), Wind Speed (mph)
Heat Cool Avg
Mean Deg Deg Wind Dom
Day Temp High Time Low Time Days Days Rain Speed High Time Dir
----------------------------------------------------------------------------------
1 10.1 12.4 14:23 8.0 03:48 8.2 0.0 0.07 4.3 24.0 20:55 S
2 12.0 13.3 12:07 10.9 05:51 6.3 0.0 0.78 7.5 30.0 23:09 SSW
3 10.9 13.0 23:56 9.2 06:45 7.4 0.0 0.12 3.8 20.0 02:29 WSW
4 15.1 16.4 11:40 13.0 00:00 3.2 0.0 0.39 7.7 27.0 20:15 SSW
5 11.2 15.0 00:00 8.5 21:57 7.1 0.0 0.19 4.5 24.0 00:20 WSW
6 6.9 10.7 13:04 3.8 07:57 11.4 0.0 0.00 1.4 14.0 01:59 WNW
7 5.0 8.9 14:15 1.8 06:10 13.3 0.0 0.01 2.3 24.0 23:21 SE
8 5.1 6.3 23:42 4.2 06:20 13.2 0.0 0.21 9.3 33.0 03:40 ESE
9 6.0 7.7 14:19 2.6 23:55 12.3 0.0 0.04 9.0 31.0 13:33 NE
10 3.7 7.7 13:16 0.6 03:33 14.6 0.0 0.00 3.0 16.0 13:54 W
11 8.9 12.2 10:25 3.3 00:00 9.4 0.0 0.44 10.8 40.0 22:42 SSW
12 9.7 11.2 00:00 6.7 23:40 8.6 0.0 0.01 9.7 46.0 02:32 W
13 7.1 10.8 14:09 4.6 08:23 11.2 0.0 0.06 3.8 17.0 12:49 SSW
14 5.0 7.4 13:40 3.1 06:56 13.3 0.0 0.01 2.2 13.0 15:47 SSW
15 4.3 9.7 14:06 0.0 07:46 14.0 0.0 0.02 1.8 12.0 23:22 S
16 5.3 9.6 13:09 1.1 07:54 13.0 0.0 0.01 3.6 18.0 23:57 SE
17 6.7 7.8 01:11 5.5 23:51 11.6 0.0 0.02 11.1 32.0 05:25 SE
18 7.3 9.1 16:47 5.5 06:23 11.0 0.0 0.03 7.2 25.0 00:07 SE
19 5.9 11.4 13:47 1.3 23:03 12.4 0.0 0.01 1.0 8.0 00:14 SSE
20 5.7 8.9 13:35 2.4 00:35 12.6 0.0 0.02 1.9 17.0 22:59 NE
21 5.3 6.4 12:05 3.9 23:42 13.0 0.0 0.00 3.9 16.0 00:57 NNE
22 5.9 8.7 12:44 3.6 01:37 12.4 0.0 0.00 2.9 14.0 14:05 NNE
23 4.4 7.2 12:55 -0.6 23:56 13.9 0.0 0.02 1.9 13.0 14:07 NW
24 0.5 4.8 14:13 -1.9 07:06 17.8 0.0 0.01 0.9 12.0 14:07 NW
25 0.1 3.5 12:40 -2.1 05:44 18.2 0.0 0.00 3.0 22.0 13:07 NW
26 -1.8 3.4 13:51 -4.5 08:30 20.1 0.0 0.01 0.4 6.0 13:44 SSE
27 -1.1 2.9 12:51 -5.4 23:56 19.4 0.0 0.00 3.6 23.0 09:44 NNE
28 -4.2 2.1 14:19 -7.3 07:04 22.5 0.0 0.00 0.3 7.0 22:50 E
29 -1.3 3.3 14:20 -5.3 02:10 19.6 0.0 0.01 1.4 13.0 21:54 NNE
30 0.8 2.4 13:07 -0.9 22:12 17.5 0.0 0.03 8.4 25.0 07:29 NE
----------------------------------------------------------------------------------
5.3 16.4 4 -7.3 28 388.5 0.0 2.52 4.4 46.0 12 S
Max >= 27.0: 0
Max <= 0.0: 0
Min <= 0.0: 9
Min <= -18.0: 0
Max Rain: 0.78 on day 2
Days of Rain: 15 (>= 0.02 in) 6 (>= 0.10 in) 0 (>= 1.00 in)
Heat Base: 18.3 Cool Base: 18.3 Method: Integration