Cheadle Hulme Weather

 Latitude N 53° 21' 50"    Longitude W 02° 11' 42"    Elevation 261 ft

Now : Realtime : Gauges : Today/Yesterday : This Month/Year : All-Time Records : Graphs : WUnderground : Season Averages : Monthly Records : Data Summary : NOAA Reports : Forum : Station Info : System Info

Report for 2010 Dec
                   Monthly Climatological Summary for Dec 2010

Name: Cheadle Hulme   City: Cheadle   State: Cheshire
Elevation: 261 ft  Lat: N 53 21' 50"   Lon: W 002 11' 42"

                  Temperature (C), Rain (in), Wind Speed (mph)

                                      Heat  Cool        Avg
    Mean                              Deg   Deg         Wind                 Dom
Day Temp  High   Time   Low    Time   Days  Days  Rain  Speed High   Time    Dir
----------------------------------------------------------------------------------
 1  -0.5   0.6   14:06  -1.5   03:41  18.8   0.0  0.03   6.5  22.0   07:07   NNE
 2  -0.7   1.4   12:19  -5.7   23:56  19.0   0.0  0.01   4.0  18.0   04:27   NNE
 3  -3.6   1.6   23:12  -9.3   07:25  21.9   0.0  0.00   4.2  20.0   22:31   SSE
 4   2.3   4.2   11:10   1.1   07:16  16.0   0.0  0.10   3.1  15.0   00:52     S
 5   0.2   1.7   12:19  -1.2   07:57  18.1   0.0  0.00   0.4   6.0   04:02    SE
 6  -3.8  -0.2   13:36  -6.4   08:52  22.1   0.0  0.00   0.6   6.0   04:35   ESE
 7  -2.3   3.2   14:00  -6.2   04:39  20.6   0.0  0.01   0.4   8.0   00:35   ESE
 8  -2.6   2.2   14:02  -5.8   08:22  20.9   0.0  0.00   1.1  11.0   14:43   WNW
 9   1.4   6.1   23:51  -6.1   01:50  16.9   0.0  0.08   1.8  10.0   15:13    SW
10   7.0   7.6   12:57   5.8   08:11  11.3   0.0  0.01   5.1  23.0   14:44     W
11   7.1   8.4   12:57   1.9   23:53  11.2   0.0  0.00   5.2  25.0   10:41   WNW
12   1.1   3.1   21:52  -2.6   07:59  17.2   0.0  0.00   0.1   5.0   09:10   WSW
13   3.2   5.4   13:13   1.4   21:10  15.1   0.0  0.01   0.3   8.0   14:18   NNE
14   2.8   5.1   18:18   0.4   03:30  15.5   0.0  0.00   0.5  11.0   18:01   NNW
15   4.0   6.4   23:56   2.2   04:48  14.3   0.0  0.01   2.0  20.0   23:48    NW
16   3.4   7.5   09:42  -3.8   23:43  14.9   0.0  0.14   8.2  31.0   07:00    NW
17  -2.0   0.8   13:58  -4.2   09:06  20.3   0.0  0.00   2.1  15.0   13:42   WNW
18  -2.1   0.4   11:41  -7.3   23:06  20.4   0.0  0.01   3.2  15.0   05:15   SSE
19  -5.1  -0.1   13:51  -8.7   04:14  23.4   0.0  0.00   0.4   7.0   08:06     E
20  -6.5  -2.6   21:20  -9.9   07:25  24.8   0.0  0.00   0.2   7.0   20:52    NE
21  -2.1   0.8   13:11  -5.2   08:40  20.4   0.0  0.00   2.0  16.0   21:01   ENE
22  -1.7   1.9   13:31  -4.9   23:23  20.0   0.0  0.00   1.6  14.0   13:36     N
23  -3.4   1.3   14:37  -6.9   05:22  21.7   0.0  0.00   0.9  11.0   14:42   NNW
24  -4.6   0.9   13:54  -7.8   23:54  22.9   0.0  0.00   0.2   5.0   06:34   SSE
25  -5.6  -0.7   15:12  -9.7   06:29  23.9   0.0  0.00   0.2   5.0   13:12   SSE
26  -2.4   1.8   13:59  -7.6   06:59  20.7   0.0  0.00   2.0  12.0   23:53   SSE
27   3.0   3.7   19:49   1.8   00:00  15.3   0.0  0.17   7.0  19.0   06:49   SSE
28   4.9   7.1   22:28   2.9   00:17  13.4   0.0  0.23   2.8  18.0   00:26   SSE
29   7.4   9.1   14:03   6.4   23:57  10.9   0.0  0.00   0.7   8.0   01:41   SSE
30   6.5   7.7   13:32   5.7   02:04  11.8   0.0  0.00   0.0   3.0   03:57   ESE
31   5.5   6.3   23:49   5.1   05:39  12.8   0.0  0.00   0.4  11.0   23:42   WSW
----------------------------------------------------------------------------------
     0.3   9.1    29    -9.9    20   556.5   0.0  0.81   2.2  31.0    16       W

Max >=  27.0:  0
Max <=   0.0:  4
Min <=   0.0: 20
Min <= -18.0:  0
Max Rain: 0.23 on day 28
Days of Rain: 6 (>= 0.02 in)  4 (>= 0.10 in)  0 (>= 1.00 in)
Heat Base: 18.3  Cool Base: 18.3  Method: Integration
Now : Realtime : Gauges : Today/Yesterday : This Month/Year : All-Time Records : Graphs : WUnderground : Season Averages : Monthly Records : Data Summary : NOAA Reports : Forum : Station Info : System Info


Page last updated 22/10/2017 03:45:03
Produced by CumulusCumulus v1.9.4 (1099)