Cheadle Hulme Weather

 Latitude N 53° 21' 50"    Longitude W 02° 11' 42"    Elevation 261 ft

Now : Realtime : Gauges : Today/Yesterday : This Month/Year : All-Time Records : Graphs : WUnderground : Season Averages : Monthly Records : Data Summary : NOAA Reports : Forum : Station Info : System Info

Report for 2011 Jan
                   Monthly Climatological Summary for Jan 2011

Name: Cheadle Hulme   City: Cheadle   State: Cheshire
Elevation: 261 ft  Lat: N 53 21' 50"   Lon: W 002 11' 42"

                  Temperature (C), Rain (in), Wind Speed (mph)

                                      Heat  Cool        Avg
    Mean                              Deg   Deg         Wind                 Dom
Day Temp  High   Time   Low    Time   Days  Days  Rain  Speed High   Time    Dir
----------------------------------------------------------------------------------
 1   5.1   6.5   04:41   2.6   22:35  13.2   0.0  0.04   3.1  14.0   11:29     N
 2   2.0   3.4   13:43   0.8   23:20  16.3   0.0  0.01   0.9  10.0   14:04    NW
 3   0.4   3.4   13:27  -1.6   20:42  17.9   0.0  0.00   1.5  11.0   23:44   SSW
 4   2.8   5.6   23:05  -0.3   01:45  15.5   0.0  0.04   6.4  20.0   21:48     S
 5   4.7   6.1   01:10   3.2   23:59  13.6   0.0  0.59   5.7  25.0   02:08   SSW
 6   3.0   4.8   13:11   1.6   04:53  15.3   0.0  0.00   1.6  10.0   07:09    SW
 7   3.0   7.4   23:40   0.2   03:39  15.3   0.0  0.13   3.7  21.0   07:39   ESE
 8   5.0   8.2   02:47   2.8   17:11  13.3   0.0  0.18   7.1  30.0   09:04    SW
 9   3.8   6.7   13:26   1.6   23:13  14.5   0.0  0.03   5.8  24.0   01:19   WSW
10   5.4   8.1   14:34   1.1   01:51  12.9   0.0  0.20   9.6  28.0   10:54   SSE
11   5.2   7.9   02:23   1.9   19:42  13.1   0.0  0.01   6.0  26.0   06:48     W
12   8.1  10.8   13:53   3.8   02:36  10.2   0.0  0.28   5.5  22.0   05:45     S
13  10.9  12.4   12:59   9.9   00:00   7.4   0.0  0.17   5.0  15.0   05:48   SSW
14   9.3  10.8   07:09   5.6   22:39   9.0   0.0  0.00   5.0  22.0   17:44   SSW
15  10.6  12.2   17:01   6.2   00:00   7.7   0.0  0.13  12.4  33.0   12:29     S
16  10.0  12.2   08:34   5.9   23:29   8.3   0.0  0.29   9.0  32.0   07:54   SSW
17   5.9   8.7   14:16   4.3   21:30  12.4   0.0  0.00   1.8  11.0   00:00   SSW
18   4.6   7.1   14:23   3.1   07:40  13.7   0.0  0.01   1.7  19.0   14:33   WNW
19   3.5   5.3   14:53   1.1   20:10  14.8   0.0  0.00   0.5   7.0   01:04   WSW
20   0.5   2.5   00:09  -1.3   23:51  17.8   0.0  0.00   0.2   7.0   23:59   NNW
21   0.4   4.6   14:12  -2.0   00:43  17.9   0.0  0.00   0.6  10.0   00:22   WNW
22   0.3   3.2   19:30  -2.8   02:19  18.0   0.0  0.00   0.1   5.0   20:01   WSW
23   3.5   7.7   14:51  -0.7   01:19  14.8   0.0  0.00   0.5  11.0   14:35    NW
24   5.3   7.1   23:47   3.4   05:48  13.0   0.0  0.02   4.3  21.0   23:20   WNW
25   7.1   8.0   14:22   5.7   23:52  11.2   0.0  0.11   5.9  19.0   00:28   WNW
26   4.9   6.4   14:35   2.8   21:57  13.4   0.0  0.01   5.3  24.0   11:06    NE
27   2.0   3.3   00:02  -0.7   18:31  16.3   0.0  0.00   4.9  21.0   01:34   ENE
28   0.8   4.1   14:14  -3.3   23:27  17.5   0.0  0.00   2.6  14.0   10:21   ENE
29  -0.9   4.0   15:15  -5.2   08:39  19.2   0.0  0.00   0.5  10.0   21:15   ENE
30   0.9   3.8   14:58  -1.7   00:39  17.4   0.0  0.00   0.7  10.0   15:24     W
31   0.8   2.7   12:22  -0.8   02:47  17.5   0.0  0.00   1.3   8.0   13:35     S
----------------------------------------------------------------------------------
     4.2  12.4    13    -5.2    29   438.4   0.0  2.25   3.8  33.0    15     SSW

Max >=  27.0:  0
Max <=   0.0:  0
Min <=   0.0: 11
Min <= -18.0:  0
Max Rain: 0.59 on day 5
Days of Rain: 13 (>= 0.02 in)  9 (>= 0.10 in)  0 (>= 1.00 in)
Heat Base: 18.3  Cool Base: 18.3  Method: Integration
Now : Realtime : Gauges : Today/Yesterday : This Month/Year : All-Time Records : Graphs : WUnderground : Season Averages : Monthly Records : Data Summary : NOAA Reports : Forum : Station Info : System Info


Page last updated 18/12/2017 07:00:03
Produced by CumulusCumulus v1.9.4 (1099)