Select a Year or Month report
Report for 2011 Mar
Monthly Climatological Summary for Mar 2011
Name: Cheadle Hulme City: Cheadle State: Cheshire
Elevation: 261 ft Lat: N 53° 21' 50" Lon: W 002° 11' 42"
Temperature (°C), Rain (in), Wind Speed (mph)
Heat Cool Avg
Mean Deg Deg Wind Dom
Day Temp High Time Low Time Days Days Rain Speed High Time Dir
----------------------------------------------------------------------------------
1 4.9 10.3 15:00 1.2 23:29 13.4 0.0 0.00 1.5 14.0 14:50 ENE
2 4.2 8.8 15:14 -0.8 23:57 14.1 0.0 0.00 1.6 11.0 11:39 E
3 2.3 8.4 14:50 -3.0 07:08 16.0 0.0 0.01 1.3 11.0 13:09 ENE
4 4.5 8.0 15:32 1.8 04:24 13.8 0.0 0.00 1.1 10.0 14:02 SE
5 5.1 8.0 12:34 2.8 06:14 13.2 0.0 0.00 3.7 19.0 14:39 ENE
6 4.7 8.9 14:46 -0.1 23:23 13.6 0.0 0.00 3.7 14.0 10:03 ESE
7 2.8 8.9 15:39 -1.1 01:44 15.5 0.0 0.00 1.8 11.0 05:12 SSE
8 4.1 10.4 14:26 -2.4 06:44 14.2 0.0 0.02 3.9 19.0 21:19 SSW
9 7.5 8.9 13:01 4.5 10:32 10.8 0.0 0.03 10.0 37.0 09:02 W
10 8.5 11.6 11:13 4.9 23:45 9.8 0.0 0.03 9.7 36.0 13:07 W
11 7.1 9.8 13:26 3.2 06:28 11.2 0.0 0.00 7.7 25.0 16:31 SSW
12 9.4 11.8 12:59 7.6 06:50 8.9 0.0 0.01 5.6 18.0 01:53 SSE
13 6.3 10.6 15:25 0.7 23:43 12.0 0.0 0.24 2.9 17.0 05:49 W
14 5.2 12.3 13:30 -1.6 06:42 13.1 0.0 0.00 2.4 19.0 22:11 E
15 8.8 13.1 13:02 5.4 00:00 9.5 0.0 0.00 3.2 17.0 00:39 ESE
16 8.3 10.7 13:31 6.5 05:45 10.0 0.0 0.00 1.7 11.0 13:34 ESE
17 6.7 8.9 14:24 2.7 23:58 11.6 0.0 0.00 3.2 17.0 14:31 WNW
18 4.9 10.7 15:51 0.7 23:54 13.4 0.0 0.00 1.9 18.0 16:06 NW
19 7.1 13.3 15:35 -0.1 01:27 11.2 0.0 0.00 1.8 14.0 15:37 SSW
20 8.7 11.5 16:34 6.2 06:51 9.6 0.0 0.05 5.1 18.0 08:12 S
21 10.3 13.9 15:51 6.1 23:58 8.0 0.0 0.00 2.0 13.0 14:01 W
22 10.0 16.1 15:20 4.8 02:45 8.3 0.0 0.00 1.6 13.0 11:58 NW
23 9.8 17.9 14:55 2.8 06:12 8.5 0.0 0.00 0.6 10.0 14:08 W
24 10.0 18.2 14:06 2.7 06:23 8.3 0.0 0.00 0.4 7.0 13:10 W
25 9.8 16.6 15:28 4.8 05:16 8.5 0.0 0.00 1.8 13.0 17:01 WNW
26 6.8 10.7 13:01 3.4 06:42 11.5 0.0 0.00 4.0 21.0 14:32 E
27 8.0 12.5 15:28 5.3 23:39 10.3 0.0 0.00 1.8 12.0 02:03 NE
28 7.8 14.8 16:41 2.1 07:27 10.5 0.0 0.00 1.8 15.0 15:10 S
29 10.6 17.2 15:07 3.5 04:33 7.7 0.0 0.01 2.8 16.0 14:36 S
30 10.4 12.2 17:13 9.2 23:23 7.9 0.0 0.08 4.8 18.0 13:00 S
31 12.0 14.7 11:13 9.1 00:32 6.3 0.0 0.20 7.5 30.0 11:20 SW
----------------------------------------------------------------------------------
7.3 18.2 24 -3.0 3 340.7 0.0 0.68 3.3 37.0 9 SSW
Max >= 27.0: 0
Max <= 0.0: 0
Min <= 0.0: 7
Min <= -18.0: 0
Max Rain: 0.24 on day 13
Days of Rain: 7 (>= 0.02 in) 2 (>= 0.10 in) 0 (>= 1.00 in)
Heat Base: 18.3 Cool Base: 18.3 Method: Integration