Select a Year or Month report
Report for 2011 May
Monthly Climatological Summary for May 2011
Name: Cheadle Hulme City: Cheadle State: Cheshire
Elevation: 261 ft Lat: N 53° 21' 50" Lon: W 002° 11' 42"
Temperature (°C), Rain (in), Wind Speed (mph)
Heat Cool Avg
Mean Deg Deg Wind Dom
Day Temp High Time Low Time Days Days Rain Speed High Time Dir
----------------------------------------------------------------------------------
1 13.4 20.3 14:41 8.3 04:00 4.9 0.0 0.00 12.0 34.0 18:13 ENE
2 11.3 16.8 12:45 7.1 23:45 7.0 0.0 0.00 10.1 32.0 13:01 E
3 10.5 17.3 15:46 3.9 05:12 7.8 0.0 0.00 7.0 24.0 22:28 E
4 11.2 18.9 15:18 1.9 06:03 7.1 0.0 0.00 4.8 18.0 16:07 SE
5 13.7 19.6 14:22 9.8 04:39 4.6 0.0 0.08 5.6 21.0 13:43 SSE
6 16.3 22.2 15:47 11.9 00:44 2.0 0.0 0.20 5.8 26.0 22:34 SSE
7 16.6 21.0 17:06 13.2 03:26 1.7 0.0 0.33 6.5 25.0 09:32 SE
8 15.7 20.2 16:10 12.3 21:11 2.6 0.0 0.12 7.6 30.0 11:30 SSE
9 13.4 18.9 12:23 10.4 04:56 4.9 0.0 0.19 7.4 26.0 14:51 SSE
10 13.5 18.6 14:01 9.9 04:25 4.8 0.0 0.01 6.7 23.0 09:50 S
11 13.4 16.9 15:39 10.7 23:59 4.9 0.0 0.02 4.5 19.0 16:27 SW
12 11.6 14.6 15:12 9.2 01:39 6.7 0.0 0.05 6.3 27.0 14:32 W
13 10.1 14.4 11:45 6.3 23:27 8.2 0.0 0.37 3.8 20.0 18:11 SW
14 9.1 13.1 14:45 5.2 04:38 9.2 0.0 0.12 7.9 28.0 13:59 WNW
15 10.5 12.1 20:43 8.7 02:58 7.8 0.0 0.11 6.4 24.0 11:54 W
16 12.8 15.1 15:06 11.6 04:39 5.5 0.0 0.05 7.5 25.0 10:28 W
17 13.0 14.7 13:44 11.4 03:08 5.3 0.0 0.13 3.7 16.0 00:29 WSW
18 13.1 15.7 16:56 9.6 23:55 5.2 0.0 0.02 7.2 27.0 16:14 WSW
19 11.5 17.2 15:07 6.7 05:34 6.8 0.0 0.00 2.9 16.0 12:40 W
20 11.6 15.8 11:52 8.2 05:18 6.7 0.0 0.01 4.9 22.0 15:05 SW
21 13.7 20.0 14:47 8.0 05:46 4.6 0.0 0.00 8.6 26.0 14:52 S
22 11.8 15.5 15:58 8.4 05:14 6.5 0.0 0.23 8.0 31.0 16:06 SW
23 12.0 15.8 16:13 9.4 23:04 6.3 0.0 0.10 10.3 34.0 11:26 SSW
24 11.4 15.8 15:59 6.7 05:24 6.9 0.0 0.00 8.4 30.0 13:58 W
25 12.9 17.6 17:05 7.6 03:52 5.4 0.0 0.00 7.0 24.0 17:14 S
26 11.8 14.4 14:40 10.6 05:07 6.5 0.0 0.08 9.1 31.0 15:13 W
27 11.5 14.7 18:34 9.9 04:07 6.8 0.0 0.00 7.4 23.0 10:56 WNW
28 12.8 15.4 14:30 10.2 00:40 5.5 0.0 0.01 8.6 30.0 14:46 WSW
29 13.9 17.1 17:02 12.0 00:00 4.4 0.0 0.02 7.0 25.0 16:06 SW
30 11.1 13.1 00:00 8.3 23:29 7.2 0.0 0.31 2.4 12.0 01:41 WSW
31 11.4 15.9 17:03 6.8 05:41 6.9 0.0 0.04 4.9 23.0 15:29 WNW
----------------------------------------------------------------------------------
12.5 22.2 6 1.9 4 180.7 0.0 2.60 6.8 34.0 1 SW
Max >= 27.0: 0
Max <= 0.0: 0
Min <= 0.0: 0
Min <= -18.0: 0
Max Rain: 0.37 on day 13
Days of Rain: 19 (>= 0.02 in) 11 (>= 0.10 in) 0 (>= 1.00 in)
Heat Base: 18.3 Cool Base: 18.3 Method: Integration