Cheadle Hulme Weather

 Latitude N 53° 21' 50"    Longitude W 02° 11' 42"    Elevation 261 ft

Now : Realtime : Gauges : Today/Yesterday : This Month/Year : All-Time Records : Graphs : WUnderground : Season Averages : Monthly Records : Data Summary : NOAA Reports : Forum : Station Info : System Info
Select a Year or Month report

Report for 2011 Jun
                   Monthly Climatological Summary for Jun 2011

Name: Cheadle Hulme   City: Cheadle   State: Cheshire
Elevation: 261 ft  Lat: N 53 21' 50"   Lon: W 002 11' 42"

                  Temperature (C), Rain (in), Wind Speed (mph)

                                      Heat  Cool        Avg
    Mean                              Deg   Deg         Wind                 Dom
Day Temp  High   Time   Low    Time   Days  Days  Rain  Speed High   Time    Dir
----------------------------------------------------------------------------------
 1  14.2  19.9   16:47   8.4   04:21   4.1   0.0  0.00   5.3  19.0   11:55    SW
 2  16.6  22.3   17:55  12.8   05:04   1.7   0.0  0.00   1.8  13.0   14:11     W
 3  19.0  26.4   16:22  10.3   04:43   0.0   0.7  0.00   4.0  20.0   16:25     E
 4  16.3  22.8   13:15  10.2   05:32   2.0   0.0  0.00   6.7  24.0   21:11    NE
 5  13.2  17.2   17:17   9.8   06:53   5.1   0.0  0.05   5.5  24.0   01:20    NE
 6  12.8  17.6   17:31   9.3   23:05   5.5   0.0  0.00   4.0  17.0   06:50   WNW
 7  12.4  17.5   17:15   7.9   03:24   5.9   0.0  0.06   4.7  25.0   13:09     S
 8  12.5  16.3   12:47   9.7   02:05   5.8   0.0  0.10   5.9  21.0   11:29     S
 9  11.8  15.9   17:29   8.0   23:59   6.5   0.0  0.14   3.9  21.0   11:37     W
10  10.9  16.6   16:55   4.6   05:01   7.4   0.0  0.00   1.9  16.0   16:26    NW
11  10.6  15.2   14:50   5.1   05:23   7.7   0.0  0.04   4.0  24.0   11:19   WNW
12  10.5  15.2   23:17   4.4   05:21   7.8   0.0  0.39   6.0  26.0   15:47    SE
13  14.8  17.5   17:27  10.8   23:58   3.5   0.0  0.01   7.1  23.0   18:54   WSW
14  15.4  21.9   15:45   7.4   04:49   2.9   0.0  0.00   2.2  13.0   15:40   SSW
15  16.5  21.1   14:29  13.4   23:58   1.8   0.0  0.18   4.5  18.0   14:32     S
16  13.4  18.3   16:58  10.3   05:20   4.9   0.0  0.00   4.5  20.0   19:24    SW
17  13.4  18.1   14:18   9.9   03:30   4.9   0.0  0.04   6.9  25.0   10:41   SSE
18  13.0  16.2   14:32  10.8   05:14   5.3   0.0  0.14   3.8  19.0   15:44   WSW
19  14.3  18.1   15:10  10.9   00:00   4.0   0.0  0.00   7.0  23.0   12:52   WNW
20  15.1  21.9   18:28   7.7   05:17   3.2   0.0  0.12   2.2  14.0   15:35     S
21  16.0  19.8   16:28  14.1   23:59   2.3   0.0  0.02   6.6  25.0   19:01   SSW
22  14.5  17.7   16:12  12.5   02:24   3.8   0.0  0.26   6.5  22.0   14:42   WSW
23  13.1  16.6   17:55  10.8   23:59   5.2   0.0  0.15   5.8  24.0   15:52     W
24  12.2  16.0   12:41   8.9   04:18   6.1   0.0  0.09   3.6  16.0   10:25   WSW
25  15.6  19.1   18:51  10.5   00:00   2.7   0.0  0.15   5.3  20.0   01:36   SSW
26  21.6  28.6   17:46  15.2   00:39   0.0   3.3  0.00   5.0  18.0   13:47     S
27  20.5  28.7   13:22  13.9   23:36   0.0   2.2  0.07   3.7  17.0   15:30   WSW
28  15.0  19.4   15:33  10.3   05:14   3.3   0.0  0.00   5.1  21.0   15:26    NW
29  13.0  17.4   18:10   8.1   03:23   5.3   0.0  0.04   3.5  18.0   18:43   WNW
30  13.2  18.1   15:28   8.3   05:10   5.1   0.0  0.03   5.2  22.0   15:03   WNW
----------------------------------------------------------------------------------
    14.4  28.7    27     4.4    12   123.8   6.2  2.08   4.7  26.0    12      SW

Max >=  27.0:  2
Max <=   0.0:  0
Min <=   0.0:  0
Min <= -18.0:  0
Max Rain: 0.39 on day 12
Days of Rain: 18 (>= 0.02 in)  9 (>= 0.10 in)  0 (>= 1.00 in)
Heat Base: 18.3  Cool Base: 18.3  Method: Integration
Now : Realtime : Gauges : Today/Yesterday : This Month/Year : All-Time Records : Graphs : WUnderground : Season Averages : Monthly Records : Data Summary : NOAA Reports : Forum : Station Info : System Info


Page last updated 29/06/2017 11:45:04
Produced by CumulusCumulus v1.9.4 (1099)