Cheadle Hulme Weather

 Latitude N 53° 21' 50"    Longitude W 02° 11' 42"    Elevation 261 ft

Now : Realtime : Gauges : Today/Yesterday : This Month/Year : All-Time Records : Graphs : WUnderground : Season Averages : Monthly Records : Data Summary : NOAA Reports : Forum : Station Info : System Info
Select a Year or Month report

Report for 2011 Jul
                   Monthly Climatological Summary for Jul 2011

Name: Cheadle Hulme   City: Cheadle   State: Cheshire
Elevation: 261 ft  Lat: N 53 21' 50"   Lon: W 002 11' 42"

                  Temperature (C), Rain (in), Wind Speed (mph)

                                      Heat  Cool        Avg
    Mean                              Deg   Deg         Wind                 Dom
Day Temp  High   Time   Low    Time   Days  Days  Rain  Speed High   Time    Dir
----------------------------------------------------------------------------------
 1  13.1  18.7   16:58   7.4   05:01   5.2   0.0  0.00   3.2  18.0   08:54   WNW
 2  15.4  23.2   17:58   6.1   04:58   2.9   0.0  0.00   2.0  14.0   21:19     W
 3  17.3  24.3   16:48   9.7   05:05   1.0   0.0  0.00   2.1  25.0   13:37   WNW
 4  20.0  26.2   14:34  12.3   01:27   0.0   1.7  0.00   2.7  14.0   14:31   SSE
 5  18.6  22.8   11:29  16.1   03:51   0.0   0.3  0.01   6.0  19.0   08:07   SSE
 6  15.4  20.3   16:50  12.9   04:55   2.9   0.0  0.20   5.4  21.0   15:01     S
 7  15.8  20.1   17:02  12.9   03:05   2.5   0.0  0.08   7.0  23.0   04:05     S
 8  15.0  19.4   17:33  12.1   04:49   3.3   0.0  0.30   6.3  23.0   16:14     S
 9  15.8  20.8   14:50  12.3   03:33   2.5   0.0  0.08   6.2  19.0   13:30     W
10  14.9  19.7   13:03   9.6   04:43   3.4   0.0  0.01   2.5  15.0   13:50   WSW
11  16.3  22.3   15:32  10.7   02:43   2.0   0.0  0.00   3.0  16.0   13:21   WNW
12  16.3  22.2   14:23  12.3   23:46   2.0   0.0  0.00   6.9  22.0   14:59    NE
13  15.5  20.0   18:23  11.0   05:59   2.8   0.0  0.00   3.3  15.0   16:00   NNE
14  15.4  22.6   15:30   6.3   05:40   2.9   0.0  0.00   4.2  21.0   13:31    NW
15  16.6  24.1   14:12  10.9   05:05   1.7   0.0  0.05   4.1  20.0   14:42   SSW
16  14.8  17.6   15:19  12.1   23:58   3.5   0.0  0.68   6.3  28.0   15:27   SSW
17  13.5  16.1   12:55  11.9   04:37   4.8   0.0  0.85   6.7  26.0   18:44   WSW
18  13.3  15.1   19:12  12.6   08:19   5.0   0.0  0.58   7.4  29.0   07:26     W
19  13.9  15.8   13:03  12.5   23:16   4.4   0.0  0.16   4.3  18.0   18:36     W
20  14.1  16.7   16:23  12.1   05:10   4.2   0.0  0.00   2.7  12.0   09:31   WNW
21  15.8  21.2   15:56  12.8   05:20   0.6   0.0  0.03   4.5  18.0   10:37    NE
22  14.0  18.6   17:45   9.4   23:57   4.3   0.0  0.09   1.7  28.0   20:30   NNE
23  13.2  19.1   15:32   7.2   06:03   5.2   0.0  0.00   5.1  25.0   14:29   WNW
24  14.8  19.6   16:36  10.8   02:38   3.6   0.1  0.00   6.0  21.0   11:16   WNW
25  15.3  22.2   16:17   8.8   03:30   3.7   0.6  0.00   3.3  17.0   14:23   WNW
26  16.5  22.2   14:41  10.7   02:27   2.5   0.8  0.00   3.3  15.0   14:27    NE
27  17.8  21.5   12:29  14.2   06:00   1.4   0.9  0.00   2.0   9.0   04:25   ENE
28  16.6  22.2   14:30  10.8   04:55   2.5   0.8  0.00   3.5  18.0   14:42    NW
29  16.3  20.9   17:51  12.8   23:55   2.2   0.3  0.00   4.3  17.0   08:54    NE
30  16.5  23.8   18:12   7.8   04:52   3.3   1.5  0.00   1.7  12.0   14:45   SSE
31  19.0  23.4   13:46  13.8   03:54   1.1   1.9  0.00   3.2  17.0   12:26     S
----------------------------------------------------------------------------------
    15.7  26.2     4     6.1     2    87.4   8.9  3.12   4.2  29.0    18     WSW

Max >=  27.0:  0
Max <=   0.0:  0
Min <=   0.0:  0
Min <= -18.0:  0
Max Rain: 0.85 on day 17
Days of Rain: 11 (>= 0.02 in)  6 (>= 0.10 in)  0 (>= 1.00 in)
Heat Base: 18.3  Cool Base: 18.3  Method: Integration
Now : Realtime : Gauges : Today/Yesterday : This Month/Year : All-Time Records : Graphs : WUnderground : Season Averages : Monthly Records : Data Summary : NOAA Reports : Forum : Station Info : System Info


Page last updated 29/06/2017 11:45:04
Produced by CumulusCumulus v1.9.4 (1099)