Cheadle Hulme Weather

 Latitude N 53° 21' 50"    Longitude W 02° 11' 42"    Elevation 261 ft

Now : Realtime : Gauges : Today/Yesterday : This Month/Year : All-Time Records : Graphs : WUnderground : Season Averages : Monthly Records : Data Summary : NOAA Reports : Forum : Station Info : System Info

Report for 2011 Aug
                   Monthly Climatological Summary for Aug 2011

Name: Cheadle Hulme   City: Cheadle   State: Cheshire
Elevation: 261 ft  Lat: N 53 21' 50"   Lon: W 002 11' 42"

                  Temperature (C), Rain (in), Wind Speed (mph)

                                      Heat  Cool        Avg
    Mean                              Deg   Deg         Wind                 Dom
Day Temp  High   Time   Low    Time   Days  Days  Rain  Speed High   Time    Dir
----------------------------------------------------------------------------------
 1  20.5  24.3   15:59  17.1   05:29   0.1   2.3  0.01   3.0  14.0   14:22     S
 2  18.8  23.6   14:40  15.1   23:58   0.6   1.1  0.22   2.0  15.0   15:13   WSW
 3  19.4  26.3   16:05  13.3   05:42   1.5   2.5  0.00   1.7  12.0   18:31     W
 4  16.9  19.4   17:29  14.2   04:21   1.5   0.1  0.16   2.8  15.0   07:09   SSW
 5  16.7  21.3   15:24  12.1   23:50   2.0   0.4  0.00   4.7  18.0   04:42     W
 6  14.5  19.1   15:04  11.7   00:23   3.8   0.0  0.10   2.3  18.0   16:32     W
 7  14.5  19.1   15:05  11.7   05:11   3.8   0.0  0.02   4.7  22.0   11:17    SW
 8  14.0  17.9   14:55  10.9   04:57   4.3   0.0  0.12   7.8  32.0   16:24   WNW
 9  14.0  17.2   12:53  11.2   23:55   4.3   0.0  0.00   6.3  22.0   11:58   WNW
10  14.2  17.9   12:43  10.9   00:13   4.1   0.0  0.63   6.7  23.0   10:35   SSW
11  16.7  18.4   12:06  15.2   00:00   1.6   0.0  0.13   6.1  19.0   14:55    SW
12  17.2  20.6   12:38  14.7   03:27   1.4   0.3  0.04   3.0  14.0   18:03   SSE
13  17.0  19.8   16:33  14.6   23:18   1.5   0.2  0.05   4.0  18.0   16:58   SSW
14  15.5  19.3   16:18  12.3   23:54   2.8   0.0  0.01   4.5  19.0   14:57     W
15  14.9  20.0   15:55  10.5   03:52   3.5   0.2  0.11   3.9  18.0   11:39   WSW
16  15.5  20.3   16:35  12.3   23:57   2.9   0.1  0.09   6.4  23.0   17:29    SW
17  13.8  19.1   14:52   9.1   06:05   4.6   0.0  0.00   1.5  10.0   14:20   WNW
18  13.1  19.8   14:28   7.1   05:58   5.3   0.1  0.06   1.0  10.0   18:23   SSW
19  15.0  20.7   16:00   9.3   06:31   3.6   0.3  0.00   3.9  21.0   18:16   SSW
20  17.1  22.6   14:42  13.1   05:43   1.9   0.6  0.00   6.0  20.0   15:33     S
21  16.6  20.7   12:27  12.5   23:57   1.9   0.3  0.03   4.2  18.0   17:11   WSW
22  16.8  22.8   14:37  11.4   06:49   2.4   0.9  0.01   1.9  15.0   23:56   NNE
23  16.7  21.9   15:54  13.1   23:58   2.0   0.4  0.00   2.7  16.0   00:13   ENE
24  15.3  22.2   13:25  11.3   23:57   3.3   0.3  0.02   4.1  21.0   13:59   SSW
25  14.3  20.9   16:15   9.7   07:24   4.3   0.3  0.36   3.3  18.0   19:51   SSE
26  12.6  15.2   16:05   9.9   01:21   5.7   0.0  0.09   1.0  10.0   15:00     N
27  13.2  17.4   17:24  11.3   06:52   5.1   0.0  0.13   3.2  16.0   10:54   WSW
28  13.4  17.2   13:47  11.4   04:55   4.9   0.0  0.02   6.7  30.0   12:46     W
29  12.0  13.4   17:13  10.1   04:51   6.3   0.0  0.08   6.2  21.0   11:12   WNW
30  13.4  15.9   14:05  11.7   23:52   4.9   0.0  0.01   4.0  16.0   10:15   WNW
31  13.3  16.4   16:16  10.5   22:26   5.0   0.0  0.00   0.5   6.0   09:58   SSW
----------------------------------------------------------------------------------
    15.4  26.3     3     7.1    18   100.9  10.4  2.50   3.9  32.0     8     WSW

Max >=  27.0:  0
Max <=   0.0:  0
Min <=   0.0:  0
Min <= -18.0:  0
Max Rain: 0.63 on day 10
Days of Rain: 19 (>= 0.02 in)  9 (>= 0.10 in)  0 (>= 1.00 in)
Heat Base: 18.3  Cool Base: 18.3  Method: Integration
Now : Realtime : Gauges : Today/Yesterday : This Month/Year : All-Time Records : Graphs : WUnderground : Season Averages : Monthly Records : Data Summary : NOAA Reports : Forum : Station Info : System Info


Page last updated 23/08/2017 03:00:03
Produced by CumulusCumulus v1.9.4 (1099)