Select a Year or Month report
Report for 2011 Sep
Monthly Climatological Summary for Sep 2011
Name: Cheadle Hulme City: Cheadle State: Cheshire
Elevation: 261 ft Lat: N 53° 21' 50" Lon: W 002° 11' 42"
Temperature (°C), Rain (in), Wind Speed (mph)
Heat Cool Avg
Mean Deg Deg Wind Dom
Day Temp High Time Low Time Days Days Rain Speed High Time Dir
----------------------------------------------------------------------------------
1 15.0 21.4 15:57 8.1 06:55 3.8 0.5 0.00 3.0 14.0 14:38 SSE
2 17.1 22.4 15:59 13.3 06:41 1.9 0.7 0.00 4.7 16.0 00:39 S
3 17.7 20.2 13:37 15.8 05:31 1.0 0.4 0.00 6.2 20.0 08:27 S
4 15.9 20.7 16:47 11.6 23:58 2.6 0.2 0.03 2.6 17.0 21:29 SW
5 13.0 16.9 17:18 10.6 03:00 5.3 0.0 0.17 7.5 27.0 13:06 SSW
6 14.2 16.2 09:24 11.8 20:59 4.1 0.0 0.35 9.5 32.0 04:53 SSW
7 13.3 16.7 14:34 10.9 21:23 5.0 0.0 0.34 7.4 30.0 14:11 W
8 14.5 19.2 15:20 11.3 00:00 3.8 0.0 0.02 4.5 23.0 15:01 WSW
9 17.4 22.4 15:12 13.4 03:11 1.6 0.8 0.02 3.9 21.0 15:43 SSW
10 19.4 23.4 13:24 14.7 23:56 0.4 1.5 0.01 8.5 27.0 12:48 S
11 15.1 18.1 15:38 13.1 07:10 3.2 0.0 0.03 8.0 27.0 17:15 SSW
12 16.1 18.2 14:20 12.7 01:29 2.2 0.0 0.15 10.0 36.0 08:53 SW
13 13.7 17.3 11:53 11.1 16:17 4.6 0.0 0.01 7.1 36.0 15:56 WSW
14 13.1 15.3 17:00 11.1 06:18 5.2 0.0 0.04 6.1 23.0 02:14 W
15 13.0 19.4 14:51 7.2 06:15 5.3 0.1 0.00 1.4 13.0 23:24 S
16 14.3 18.3 13:36 12.3 22:50 4.2 0.0 0.22 5.5 20.0 13:50 SE
17 12.6 15.6 15:08 9.0 23:58 5.7 0.0 0.15 5.4 20.0 14:28 SSW
18 12.4 17.2 14:46 8.7 00:41 5.9 0.0 0.02 3.5 17.0 15:42 WNW
19 14.2 16.1 16:38 11.3 07:14 4.1 0.0 0.02 5.7 21.0 13:56 SW
20 13.6 15.6 01:41 11.6 23:28 4.7 0.0 0.14 4.0 20.0 00:01 SW
21 12.7 17.6 14:45 10.2 02:30 5.6 0.0 0.05 7.3 30.0 12:14 SSW
22 12.9 17.3 15:51 9.9 04:12 5.4 0.0 0.00 5.4 24.0 16:36 WSW
23 14.3 19.7 14:23 10.8 07:09 4.0 0.0 0.00 5.3 18.0 11:35 SSW
24 14.3 18.0 14:55 11.7 03:15 4.0 0.0 0.01 4.8 16.0 12:56 S
25 15.5 19.4 15:35 11.7 01:59 2.8 0.1 0.02 6.3 21.0 10:04 S
26 14.3 18.6 14:56 10.4 22:18 4.0 0.0 0.01 3.4 21.0 01:12 SSW
27 16.1 23.2 15:57 10.6 05:30 3.1 0.9 0.00 3.9 14.0 14:38 SSE
28 20.0 25.9 14:35 15.9 00:22 0.6 2.3 0.00 6.2 18.0 09:15 SSE
29 20.6 27.7 15:18 16.3 06:40 0.4 2.7 0.00 4.3 15.0 15:49 SSE
30 21.0 28.2 15:03 15.7 00:48 0.5 3.3 0.00 4.5 17.0 14:19 SSE
----------------------------------------------------------------------------------
15.2 28.2 30 7.2 15 105.0 13.5 1.81 5.5 36.0 12 SSW
Max >= 27.0: 2
Max <= 0.0: 0
Min <= 0.0: 0
Min <= -18.0: 0
Max Rain: 0.35 on day 6
Days of Rain: 16 (>= 0.02 in) 7 (>= 0.10 in) 0 (>= 1.00 in)
Heat Base: 18.3 Cool Base: 18.3 Method: Integration