Cheadle Hulme Weather

 Latitude N 53° 21' 50"    Longitude W 02° 11' 42"    Elevation 261 ft

Now : Realtime : Gauges : Today/Yesterday : This Month/Year : All-Time Records : Graphs : WUnderground : Season Averages : Monthly Records : Data Summary : NOAA Reports : Forum : Station Info : System Info

Report for 2011 Oct
                   Monthly Climatological Summary for Oct 2011

Name: Cheadle Hulme   City: Cheadle   State: Cheshire
Elevation: 261 ft  Lat: N 53 21' 50"   Lon: W 002 11' 42"

                  Temperature (C), Rain (in), Wind Speed (mph)

                                      Heat  Cool        Avg
    Mean                              Deg   Deg         Wind                 Dom
Day Temp  High   Time   Low    Time   Days  Days  Rain  Speed High   Time    Dir
----------------------------------------------------------------------------------
 1  20.5  27.8   16:29  14.6   03:58   0.8   3.0  0.00   3.2  17.0   13:17   SSE
 2  18.0  22.0   14:42  14.6   01:48   1.1   0.7  0.14   2.6  12.0   12:06     S
 3  18.8  25.4   15:43  13.8   23:58   0.9   1.3  0.00   6.9  29.0   16:57   SSW
 4  13.0  16.6   14:52  10.1   07:31   5.3   0.0  0.00   4.7  20.0   10:18   WSW
 5  16.5  19.1   12:19  13.1   23:51   1.9   0.1  0.41   8.7  30.0   15:53   SSW
 6  10.0  13.1   00:00   7.1   21:25   8.3   0.0  0.61   8.6  36.0   21:05     W
 7  11.1  13.7   12:48   9.3   00:11   7.2   0.0  0.18   7.6  29.0   12:02   WNW
 8  11.7  14.2   19:45   9.4   04:33   6.6   0.0  0.33   4.4  23.0   01:41     W
 9  16.0  17.6   11:41  14.0   00:00   2.3   0.0  0.41   5.5  22.0   13:34   WSW
10  15.6  16.9   10:24  14.6   18:53   2.7   0.0  0.50   7.6  30.0   07:52    SW
11  15.0  16.3   03:43  13.1   23:39   3.3   0.0  0.25   5.5  25.0   03:39   WSW
12  14.4  15.6   13:10  12.6   23:49   3.9   0.0  0.13   3.1  17.0   13:11     W
13  13.9  18.0   14:37  11.8   01:39   4.4   0.0  0.01   2.4  11.0   11:09    SE
14  13.1  16.1   15:53   8.6   22:57   5.2   0.0  0.00   4.6  17.0   10:45   SSE
15  10.3  15.8   15:35   4.8   07:55   8.0   0.0  0.00   3.9  16.0   11:43   SSE
16  12.0  16.3   15:55   8.6   00:49   6.3   0.0  0.01   3.3  15.0   13:10   SSW
17  11.3  14.4   13:35   7.2   23:51   7.0   0.0  0.25   9.1  39.0   18:10   SSW
18   7.8  11.0   15:44   5.3   05:24  10.5   0.0  0.23   6.4  30.0   11:49   WSW
19   6.7  10.7   15:26   1.8   23:59  11.6   0.0  0.12   4.1  24.0   15:28   WNW
20   6.8  11.3   15:04   1.8   00:00  11.5   0.0  0.04   2.8  14.0   23:39   SSW
21  11.4  14.2   15:19   8.7   01:27   6.9   0.0  0.00   6.9  17.0   01:08     S
22  10.6  13.7   14:32   8.4   05:08   7.7   0.0  0.00   7.4  21.0   11:29   SSE
23  14.3  17.3   16:54  10.3   00:00   4.0   0.0  0.00  10.6  32.0   23:05   SSE
24  13.9  16.6   14:50  12.3   20:38   4.4   0.0  0.00  10.8  31.0   17:39   ESE
25  12.3  15.1   14:04   9.2   21:25   6.0   0.0  0.03   5.3  23.0   10:44   SSE
26   9.3  13.8   14:40   6.1   07:39   9.0   0.0  0.02   5.1  20.0   14:17   SSE
27  10.6  13.1   14:04   8.1   00:36   7.7   0.0  0.12   2.4  14.0   04:12    SE
28   8.7  13.6   14:12   4.7   08:10   9.6   0.0  0.01   3.0  13.0   13:18     S
29  10.0  13.6   21:46   5.8   03:22   8.3   0.0  0.03   7.4  28.0   21:42     S
30  13.0  16.8   14:03  10.3   06:40   5.5   0.0  0.01   4.6  17.0   12:24     S
31  15.1  16.9   10:44  13.7   21:55   3.2   0.0  0.01   8.3  24.0   18:14   SSE
----------------------------------------------------------------------------------
    12.6  27.8     1     1.8    19   181.1   5.1  3.85   5.7  39.0    17     SSW

Max >=  27.0:  1
Max <=   0.0:  0
Min <=   0.0:  0
Min <= -18.0:  0
Max Rain: 0.61 on day 6
Days of Rain: 17 (>= 0.02 in)  13 (>= 0.10 in)  0 (>= 1.00 in)
Heat Base: 18.3  Cool Base: 18.3  Method: Integration
Now : Realtime : Gauges : Today/Yesterday : This Month/Year : All-Time Records : Graphs : WUnderground : Season Averages : Monthly Records : Data Summary : NOAA Reports : Forum : Station Info : System Info


Page last updated 23/08/2017 03:00:03
Produced by CumulusCumulus v1.9.4 (1099)