Select a Year or Month report
Report for 2011 Nov
Monthly Climatological Summary for Nov 2011
Name: Cheadle Hulme City: Cheadle State: Cheshire
Elevation: 261 ft Lat: N 53° 21' 50" Lon: W 002° 11' 42"
Temperature (°C), Rain (in), Wind Speed (mph)
Heat Cool Avg
Mean Deg Deg Wind Dom
Day Temp High Time Low Time Days Days Rain Speed High Time Dir
----------------------------------------------------------------------------------
1 10.7 14.8 13:48 7.8 20:47 7.6 0.0 0.28 3.2 15.0 00:16 SSW
2 12.0 14.7 12:21 8.6 00:22 6.3 0.0 0.01 9.1 24.0 10:50 SE
3 14.3 16.3 10:33 12.3 23:23 3.9 0.0 0.14 7.0 20.0 11:06 SE
4 12.6 15.7 12:39 10.8 22:29 5.7 0.0 0.37 2.3 15.0 12:34 S
5 9.9 12.7 13:10 4.4 23:59 8.4 0.0 0.00 2.3 13.0 13:45 WNW
6 4.5 12.1 13:48 0.6 23:50 13.8 0.0 0.01 0.9 8.0 12:29 NW
7 5.2 10.8 23:53 -0.6 06:54 13.1 0.0 0.00 1.4 13.0 15:24 NNE
8 10.4 11.0 12:28 9.2 22:10 7.9 0.0 0.02 3.3 13.0 06:06 ESE
9 11.6 13.5 17:26 9.2 00:00 6.7 0.0 0.00 6.8 22.0 18:25 SSE
10 12.5 14.1 13:10 10.7 23:10 5.8 0.0 0.01 4.6 20.0 02:00 SE
11 10.7 11.6 12:14 9.9 06:27 7.6 0.0 0.36 7.1 25.0 10:55 ESE
12 10.9 14.3 13:41 8.4 20:03 7.4 0.0 0.01 3.7 15.0 10:06 SSE
13 12.1 14.7 13:48 9.2 23:52 6.2 0.0 0.00 6.4 20.0 08:36 ESE
14 8.7 10.6 13:14 6.9 05:58 9.6 0.0 0.00 5.2 19.0 18:27 E
15 9.1 12.0 13:46 7.3 18:54 9.2 0.0 0.00 5.4 19.0 11:16 E
16 6.5 10.2 13:06 3.9 04:15 11.8 0.0 0.00 1.7 19.0 00:46 ESE
17 10.2 13.1 13:09 8.4 09:00 8.0 0.0 0.00 6.7 22.0 23:08 S
18 12.3 14.2 11:57 9.9 23:53 6.0 0.0 0.00 8.0 24.0 02:07 SSE
19 9.8 13.7 12:19 5.8 23:59 8.5 0.0 0.00 4.4 15.0 14:46 SSE
20 7.6 10.3 23:40 4.7 03:36 10.7 0.0 0.02 2.6 13.0 13:55 SSE
21 9.9 11.3 13:55 8.9 06:50 8.4 0.0 0.08 2.0 11.0 05:11 SE
22 8.5 11.2 13:08 3.2 22:57 9.8 0.0 0.00 3.2 16.0 11:38 SW
23 8.8 11.7 21:31 3.0 00:59 9.5 0.0 0.01 7.6 21.0 10:50 S
24 12.1 13.6 23:28 11.3 16:00 6.2 0.0 0.03 9.2 32.0 23:38 S
25 8.0 12.3 00:00 6.1 21:26 10.3 0.0 0.21 6.8 30.0 01:23 SW
26 10.8 12.9 23:45 7.2 00:00 7.5 0.0 0.01 8.9 27.0 11:21 SSW
27 9.7 13.5 04:25 5.4 23:52 8.6 0.0 0.04 10.6 42.0 05:51 W
28 8.1 12.7 23:48 5.0 02:08 10.2 0.0 0.00 7.8 30.0 23:02 S
29 10.1 13.6 11:14 4.8 22:16 8.2 0.0 0.34 11.2 38.0 13:15 SSW
30 8.0 10.4 12:43 4.8 00:00 10.3 0.0 0.01 9.9 30.0 21:34 S
----------------------------------------------------------------------------------
9.9 16.3 3 -0.6 7 253.2 0.0 1.96 5.6 42.0 27 SSE
Max >= 27.0: 0
Max <= 0.0: 0
Min <= 0.0: 1
Min <= -18.0: 0
Max Rain: 0.37 on day 4
Days of Rain: 11 (>= 0.02 in) 6 (>= 0.10 in) 0 (>= 1.00 in)
Heat Base: 18.3 Cool Base: 18.3 Method: Integration