Cheadle Hulme Weather

 Latitude N 53° 21' 50"    Longitude W 02° 11' 42"    Elevation 261 ft

Now : Realtime : Gauges : Today/Yesterday : This Month/Year : All-Time Records : Graphs : WUnderground : Season Averages : Monthly Records : Data Summary : NOAA Reports : Forum : Station Info : System Info
Select a Year or Month report

Report for 2011 Dec
                   Monthly Climatological Summary for Dec 2011

Name: Cheadle Hulme   City: Cheadle   State: Cheshire
Elevation: 261 ft  Lat: N 53 21' 50"   Lon: W 002 11' 42"

                  Temperature (C), Rain (in), Wind Speed (mph)

                                      Heat  Cool        Avg
    Mean                              Deg   Deg         Wind                 Dom
Day Temp  High   Time   Low    Time   Days  Days  Rain  Speed High   Time    Dir
----------------------------------------------------------------------------------
 1   6.5   9.9   00:26   3.1   23:56  11.8   0.0  0.08   4.7  26.0   00:38   SSW
 2   5.1   8.6   23:57   1.9   02:00  13.2   0.0  0.07   6.5  24.0   18:08   SSW
 3   8.4  10.6   02:20   7.0   23:50   9.9   0.0  0.12   8.4  30.0   11:33     W
 4   4.8   7.1   00:00   1.9   22:05  13.5   0.0  0.61   5.1  27.0   12:56     W
 5   3.3   4.9   14:36   1.8   01:03  15.0   0.0  0.64   6.0  26.0   14:41   WSW
 6   4.1   6.1   23:33   2.2   04:11  14.1   0.0  0.55   5.3  37.0   08:10    SW
 7   6.4   7.4   03:44   4.4   23:59  11.9   0.0  0.10  12.9  41.0   04:12   WNW
 8   7.1  12.2   13:13   3.8   00:59  11.2   0.0  0.26  11.1  42.0   14:03    SW
 9   3.5   5.2   00:03   2.1   18:28  14.8   0.0  0.68   6.1  30.0   00:32     W
10   3.4   5.7   13:37   0.9   04:48  14.9   0.0  0.09   4.6  21.0   12:54   SSW
11   6.7   7.8   13:32   3.8   23:56  11.6   0.0  0.26   7.2  25.0   02:04     S
12   5.4   9.0   23:54   2.3   03:48  12.9   0.0  0.06   8.7  35.0   18:53     S
13   5.3   9.6   00:44   3.3   07:21  12.9   0.0  0.22   8.2  30.0   13:39   SSW
14   3.8   5.8   13:47   2.6   05:15  14.5   0.0  0.00   7.8  22.0   00:34   SSW
15   3.7   6.8   13:24   1.8   21:22  14.6   0.0  0.25   3.5  14.0   01:22   SSW
16   1.1   2.2   00:00  -0.4   23:31  17.2   0.0  0.12   1.4  11.0   07:15     W
17   1.5   3.3   11:23  -1.3   02:19  16.7   0.0  0.14   3.0  15.0   12:18     W
18   0.9   4.6   13:51  -1.9   03:21  17.4   0.0  0.02   2.8  13.0   13:04     W
19   4.8   8.1   21:37   1.5   00:00  13.5   0.0  0.39   6.2  24.0   23:09    SW
20   6.3   7.3   00:00   4.8   07:38  12.0   0.0  0.11   6.3  25.0   04:25     W
21   9.8  11.9   23:23   6.3   00:00   8.5   0.0  0.20   5.9  21.0   10:41     W
22  11.1  12.9   12:58   9.4   09:40   7.2   0.0  0.00   6.0  28.0   02:13    SW
23   8.0  11.2   00:00   4.4   23:57  10.4   0.0  0.59   9.1  30.0   22:32     W
24   6.8   9.4   23:50   4.4   00:00  11.5   0.0  0.16   6.7  21.0   17:09   SSW
25  11.4  13.1   17:27   9.3   00:07   6.9   0.0  0.01   8.1  22.0   18:40   SSW
26  11.9  13.6   12:38   9.9   23:57   6.4   0.0  0.00   7.1  27.0   19:16   SSW
27   9.9  11.4   13:15   8.7   23:57   8.4   0.0  0.00   6.5  23.0   23:10     S
28   7.7   9.3   06:12   6.3   18:03  10.6   0.0  0.09  11.1  36.0   19:15   WSW
29   6.2   8.7   12:55   3.8   22:06  12.1   0.0  0.76  12.0  49.0   16:08   WNW
30   6.4  11.3   23:10   4.4   01:33  11.9   0.0  0.52   6.5  26.0   00:01   WSW
31  11.3  12.3   13:07  10.5   09:24   7.0   0.0  0.11   7.9  28.0   01:30    SW
----------------------------------------------------------------------------------
     6.2  13.6    26    -1.9    18   374.5   0.0  7.21   6.9  49.0    29      SW

Max >=  27.0:  0
Max <=   0.0:  0
Min <=   0.0:  3
Min <= -18.0:  0
Max Rain: 0.76 on day 29
Days of Rain: 26 (>= 0.02 in)  20 (>= 0.10 in)  0 (>= 1.00 in)
Heat Base: 18.3  Cool Base: 18.3  Method: Integration
Now : Realtime : Gauges : Today/Yesterday : This Month/Year : All-Time Records : Graphs : WUnderground : Season Averages : Monthly Records : Data Summary : NOAA Reports : Forum : Station Info : System Info


Page last updated 27/06/2017 13:15:03
Produced by CumulusCumulus v1.9.4 (1099)