Select a Year or Month report
Report for 2012 Mar
Monthly Climatological Summary for Mar 2012
Name: Cheadle Hulme City: Cheadle State: Cheshire
Elevation: 261 ft Lat: N 53° 21' 50" Lon: W 002° 11' 42"
Temperature (°C), Rain (in), Wind Speed (mph)
Heat Cool Avg
Mean Deg Deg Wind Dom
Day Temp High Time Low Time Days Days Rain Speed High Time Dir
----------------------------------------------------------------------------------
1 9.0 15.3 14:38 4.3 03:21 9.3 0.0 0.00 2.6 11.0 10:10 SSW
2 7.8 13.8 15:34 2.8 04:59 10.5 0.0 0.00 2.4 13.0 12:00 SE
3 8.7 13.6 12:49 5.9 23:10 9.6 0.0 0.08 5.9 25.0 13:14 S
4 5.1 6.8 00:09 3.4 08:34 13.2 0.0 0.36 7.1 28.0 15:42 NW
5 5.0 10.7 13:58 0.7 23:27 13.3 0.0 0.00 5.1 24.0 12:01 NW
6 4.6 10.5 14:10 -1.6 05:20 13.6 0.0 0.02 4.2 23.0 23:23 S
7 7.3 9.8 12:47 3.9 20:36 11.0 0.0 0.14 11.2 35.0 13:33 WSW
8 8.0 11.7 12:53 4.7 01:07 10.3 0.0 0.00 6.7 25.0 06:28 W
9 10.4 13.9 14:07 7.5 02:37 7.9 0.0 0.00 5.9 19.0 10:44 SSW
10 10.9 13.1 11:16 8.8 23:56 7.4 0.0 0.00 7.0 24.0 09:06 W
11 9.2 13.3 14:51 6.2 23:18 9.1 0.0 0.00 3.2 15.0 11:19 NW
12 7.8 10.1 14:48 6.2 00:00 10.5 0.0 0.00 2.1 10.0 04:58 NW
13 8.2 12.2 14:33 5.3 21:12 10.1 0.0 0.00 1.1 9.0 13:14 W
14 7.5 10.0 15:51 3.1 23:56 10.7 0.0 0.00 2.4 13.0 13:09 S
15 5.0 7.6 23:50 1.4 03:20 13.3 0.0 0.01 1.5 8.0 09:13 SSW
16 8.8 12.1 13:10 4.6 05:24 9.5 0.0 0.00 6.0 21.0 23:53 SSW
17 8.6 11.8 14:07 6.7 21:04 9.7 0.0 0.05 2.9 15.0 00:16 SSW
18 7.2 12.7 14:07 3.0 23:51 11.1 0.0 0.20 2.8 19.0 16:09 NW
19 6.8 11.3 14:32 1.6 03:50 11.5 0.0 0.00 4.6 17.0 10:58 WSW
20 10.5 14.9 14:06 7.7 06:36 7.8 0.0 0.00 5.0 22.0 12:18 W
21 9.4 12.9 15:48 4.6 22:08 8.9 0.0 0.00 2.4 10.0 08:33 SSW
22 11.1 17.5 13:54 4.9 00:05 7.2 0.0 0.00 5.2 19.0 09:50 E
23 12.3 19.2 14:06 8.6 05:51 6.0 0.0 0.00 3.2 15.0 00:23 ESE
24 12.6 20.3 13:14 5.4 06:01 6.0 0.3 0.00 1.8 11.0 14:04 SE
25 12.2 21.1 15:21 5.3 06:40 6.1 0.4 0.00 1.5 11.0 17:44 ESE
26 11.9 21.7 15:27 2.8 07:35 7.0 0.6 0.00 1.4 11.0 13:51 SSE
27 11.9 21.7 16:07 2.9 06:42 7.0 0.5 0.00 0.7 8.0 13:27 W
28 11.5 20.6 15:30 3.9 07:26 7.1 0.3 0.00 2.2 16.0 17:13 WNW
29 9.6 16.3 13:43 4.3 05:38 8.7 0.0 0.00 4.2 20.0 16:22 WNW
30 9.2 11.3 15:42 8.3 01:40 9.1 0.0 0.00 6.2 18.0 21:01 WNW
31 8.8 11.8 13:52 3.3 23:56 9.5 0.0 0.00 4.5 16.0 13:54 NNE
----------------------------------------------------------------------------------
8.9 21.7 26 -1.6 6 292.0 2.1 0.86 4.0 35.0 7 WSW
Max >= 27.0: 0
Max <= 0.0: 0
Min <= 0.0: 1
Min <= -18.0: 0
Max Rain: 0.36 on day 4
Days of Rain: 6 (>= 0.02 in) 3 (>= 0.10 in) 0 (>= 1.00 in)
Heat Base: 18.3 Cool Base: 18.3 Method: Integration