Select a Year or Month report
Report for 2012 May
Monthly Climatological Summary for May 2012
Name: Cheadle Hulme City: Cheadle State: Cheshire
Elevation: 261 ft Lat: N 53° 21' 50" Lon: W 002° 11' 42"
Temperature (°C), Rain (in), Wind Speed (mph)
Heat Cool Avg
Mean Deg Deg Wind Dom
Day Temp High Time Low Time Days Days Rain Speed High Time Dir
----------------------------------------------------------------------------------
1 10.6 11.9 13:22 8.9 23:12 7.7 0.0 0.02 8.2 26.0 01:41 ENE
2 11.6 17.5 14:42 7.6 06:43 6.7 0.0 0.00 4.3 18.0 14:39 NNE
3 9.8 14.2 14:05 6.8 05:32 8.5 0.0 0.00 5.3 21.0 04:41 NE
4 8.1 10.8 12:43 4.7 23:59 10.2 0.0 0.00 6.4 23.0 19:39 NE
5 5.8 11.4 12:23 -0.1 04:32 12.5 0.0 0.00 5.0 18.0 00:11 NE
6 7.2 13.3 15:25 1.8 02:04 11.1 0.0 0.00 1.8 11.0 17:47 E
7 8.5 11.0 19:50 4.6 05:39 9.8 0.0 0.27 6.8 22.0 12:36 SSE
8 11.0 16.4 13:34 5.9 05:40 7.3 0.0 0.11 4.5 21.0 16:03 SW
9 10.8 15.7 12:09 6.1 05:49 7.5 0.0 0.43 1.4 10.0 16:14 ESE
10 15.2 18.7 14:07 11.6 00:27 3.1 0.0 0.34 7.5 26.0 12:54 S
11 9.4 12.7 00:00 6.6 23:53 8.9 0.0 0.12 8.7 32.0 15:57 WNW
12 9.2 14.4 16:00 3.9 05:51 9.1 0.0 0.00 5.0 20.0 14:48 WNW
13 11.1 16.8 16:23 6.1 00:21 7.2 0.0 0.01 6.5 29.0 19:55 SW
14 10.5 14.4 13:50 6.6 23:35 7.8 0.0 0.07 7.8 24.0 13:38 W
15 7.8 12.8 13:23 4.2 05:59 10.5 0.0 0.28 5.5 28.0 13:47 NW
16 8.0 13.1 15:16 2.6 05:10 10.3 0.0 0.01 3.6 21.0 15:03 WNW
17 9.5 13.9 18:41 4.6 00:49 8.8 0.0 0.02 2.1 13.0 12:41 SE
18 10.5 14.3 13:32 8.3 23:38 7.8 0.0 0.20 7.5 26.0 19:05 NE
19 9.6 13.3 13:15 7.8 05:10 8.7 0.0 0.04 5.8 20.0 02:58 NE
20 10.1 14.6 13:49 4.2 04:12 8.2 0.0 0.00 1.5 9.0 11:37 NNE
21 12.9 20.7 16:37 5.7 05:23 5.7 0.3 0.00 2.6 13.0 18:41 NNW
22 15.5 22.9 15:18 8.0 05:08 3.8 1.0 0.00 3.2 16.0 14:16 WNW
23 16.1 24.8 15:38 9.2 05:05 3.6 1.4 0.00 2.6 14.0 16:47 WNW
24 18.5 27.2 17:13 11.8 03:15 2.4 2.7 0.00 1.9 10.0 16:16 WNW
25 20.6 26.4 14:46 15.0 05:59 0.6 2.9 0.00 6.4 27.0 19:30 E
26 19.8 25.7 15:52 14.7 05:09 1.1 2.7 0.00 7.4 27.0 14:31 ENE
27 19.7 26.8 15:11 10.6 05:00 1.6 3.0 0.00 5.6 23.0 12:48 E
28 19.4 26.8 13:12 11.9 05:38 1.6 2.6 0.00 3.4 17.0 17:42 WNW
29 16.5 22.7 16:53 11.5 05:05 2.6 0.8 0.00 2.8 14.0 18:52 WNW
30 16.5 23.7 16:40 9.7 04:53 2.9 1.1 0.00 1.7 20.0 20:16 WNW
31 14.2 15.2 00:00 13.2 06:36 4.1 0.0 0.19 4.3 19.0 13:23 WNW
----------------------------------------------------------------------------------
12.4 27.2 24 -0.1 5 201.7 18.5 2.11 4.8 32.0 11 N
Max >= 27.0: 1
Max <= 0.0: 0
Min <= 0.0: 1
Min <= -18.0: 0
Max Rain: 0.43 on day 9
Days of Rain: 12 (>= 0.02 in) 8 (>= 0.10 in) 0 (>= 1.00 in)
Heat Base: 18.3 Cool Base: 18.3 Method: Integration