Cheadle Hulme Weather

 Latitude N 53° 21' 50"    Longitude W 02° 11' 42"    Elevation 261 ft

Now : Realtime : Gauges : Today/Yesterday : This Month/Year : All-Time Records : Graphs : WUnderground : Season Averages : Monthly Records : Data Summary : NOAA Reports : Forum : Station Info : System Info
Select a Year or Month report

Report for 2012 Jun
                   Monthly Climatological Summary for Jun 2012

Name: Cheadle Hulme   City: Cheadle   State: Cheshire
Elevation: 261 ft  Lat: N 53 21' 50"   Lon: W 002 11' 42"

                  Temperature (C), Rain (in), Wind Speed (mph)

                                      Heat  Cool        Avg
    Mean                              Deg   Deg         Wind                 Dom
Day Temp  High   Time   Low    Time   Days  Days  Rain  Speed High   Time    Dir
----------------------------------------------------------------------------------
 1  15.4  19.1   17:28  13.3   23:54   2.9   0.0  0.01   2.7  11.0   10:56    NE
 2  13.5  15.2   11:21  11.3   23:48   4.8   0.0  0.03   3.8  18.0   22:14   ESE
 3   8.8  11.3   00:00   6.8   22:37   9.5   0.0  0.53   6.9  24.0   02:31   ENE
 4  11.0  16.3   14:15   6.8   00:00   7.3   0.0  0.00   3.1  15.0   09:24   NNW
 5  11.7  15.4   13:24   7.2   02:36   6.6   0.0  0.01   6.4  21.0   13:20   SSE
 6  14.6  19.9   13:24  11.2   23:55   3.8   0.1  0.15   4.7  17.0   09:13   SSW
 7  13.3  15.8   13:43  10.3   00:51   5.0   0.0  0.10   5.9  25.0   14:17    SE
 8  12.5  14.8   13:18  10.6   23:25   5.8   0.0  0.81   7.6  25.0   18:28   SSW
 9  10.8  12.1   18:56  10.1   05:51   7.5   0.0  0.45   5.6  26.0   01:50     W
10  13.9  19.1   14:54  10.1   05:23   4.4   0.0  0.00   1.6  13.0   19:46   NNW
11  12.6  15.1   14:01  10.7   23:39   5.7   0.0  0.00   4.9  19.0   17:21    NE
12  12.4  16.2   15:11   8.3   05:56   5.9   0.0  0.00   3.2  14.0   11:27    NE
13  12.6  14.8   13:34  10.6   05:25   5.7   0.0  0.11   2.4  11.0   12:04    SE
14  13.8  19.6   13:26   9.0   03:19   4.5   0.1  0.03   7.1  31.0   15:57   ESE
15  13.5  17.8   14:13  10.0   01:50   4.8   0.0  0.36   8.7  27.0   00:41   SSE
16  13.5  15.7   11:28  12.1   23:48   4.8   0.0  0.31   9.0  31.0   16:17     S
17  12.6  16.8   16:46  10.7   05:43   5.7   0.0  0.05   4.1  22.0   01:18     W
18  14.6  20.3   15:38  10.0   05:22   3.9   0.2  0.02   2.4  13.0   11:33    SW
19  15.2  20.7   16:25  10.8   23:58   3.2   0.2  0.02   4.5  18.0   12:30    SW
20  15.9  23.1   15:51   7.9   05:10   3.4   0.9  0.00   3.5  21.0   19:05   ESE
21  14.4  18.8   15:21  11.1   23:55   3.9   0.0  0.42   5.2  22.0   00:30   ESE
22  12.1  13.4   19:30  10.6   00:45   6.2   0.0  0.65   7.8  25.0   13:35    SW
23  13.7  17.6   11:56  10.9   04:19   4.6   0.0  0.05   6.5  28.0   11:48    SW
24  13.2  16.8   16:32  10.6   02:42   5.1   0.0  0.52   6.5  26.0   14:27   WNW
25  14.7  19.3   18:19  11.0   23:58   3.6   0.0  0.00   3.8  14.0   11:00   WNW
26  15.7  21.4   11:20   9.7   03:49   2.9   0.3  0.08   3.1  16.0   12:22     S
27  19.6  24.3   17:04  16.2   04:59   0.6   1.9  0.01   3.6  17.0   11:18   SSW
28  20.0  25.3   15:28  14.8   23:58   0.5   2.2  0.03   5.2  24.0   18:42     S
29  16.7  20.3   14:36  13.9   00:52   1.9   0.2  0.09  10.0  29.0   14:42     S
30  15.0  20.0   13:03  11.8   22:27   3.3   0.1  0.26   6.3  24.0   12:09   SSW
----------------------------------------------------------------------------------
    13.9  25.3    28     6.8     3   137.8   6.2  5.10   5.2  31.0    14       S

Max >=  27.0:  0
Max <=   0.0:  0
Min <=   0.0:  0
Min <= -18.0:  0
Max Rain: 0.81 on day 8
Days of Rain: 21 (>= 0.02 in)  12 (>= 0.10 in)  0 (>= 1.00 in)
Heat Base: 18.3  Cool Base: 18.3  Method: Integration
Now : Realtime : Gauges : Today/Yesterday : This Month/Year : All-Time Records : Graphs : WUnderground : Season Averages : Monthly Records : Data Summary : NOAA Reports : Forum : Station Info : System Info


Page last updated 27/06/2017 13:15:03
Produced by CumulusCumulus v1.9.4 (1099)