Cheadle Hulme Weather

 Latitude N 53° 21' 50"    Longitude W 02° 11' 42"    Elevation 261 ft

Now : Realtime : Gauges : Today/Yesterday : This Month/Year : All-Time Records : Graphs : WUnderground : Season Averages : Monthly Records : Data Summary : NOAA Reports : Forum : Station Info : System Info

Report for 2012 Jul
                   Monthly Climatological Summary for Jul 2012

Name: Cheadle Hulme   City: Cheadle   State: Cheshire
Elevation: 261 ft  Lat: N 53 21' 50"   Lon: W 002 11' 42"

                  Temperature (C), Rain (in), Wind Speed (mph)

                                      Heat  Cool        Avg
    Mean                              Deg   Deg         Wind                 Dom
Day Temp  High   Time   Low    Time   Days  Days  Rain  Speed High   Time    Dir
----------------------------------------------------------------------------------
 1  12.9  17.3   18:21   9.4   05:12   5.4   0.0  0.01   5.4  18.0   09:23    SW
 2  15.4  17.8   11:17  12.8   03:27   2.9   0.0  0.25   6.7  21.0   12:53   SSE
 3  16.2  19.3   13:51  12.6   04:27   2.1   0.0  0.06   5.2  16.0   10:13     S
 4  17.9  22.9   17:40  15.6   04:23   1.2   0.8  1.01   4.5  16.0   08:51   SSE
 5  18.2  23.4   16:16  13.4   05:34   1.4   1.2  0.25   2.0  14.0   14:52    SW
 6  15.9  17.1   00:00  14.1   22:37   2.4   0.0  0.84   3.2  15.0   16:20    NE
 7  16.4  22.4   15:22  11.3   04:41   2.5   0.6  0.00   3.8  18.0   15:50     E
 8  16.4  21.8   15:53  13.4   23:49   2.2   0.3  0.02   4.5  15.0   14:21   NNW
 9  14.4  17.4   14:54  12.6   03:53   3.9   0.0  0.21   2.2  11.0   15:10     W
10  13.4  14.3   10:28  11.9   23:47   4.9   0.0  0.18   3.5  16.0   11:28   WNW
11  13.2  16.9   15:07  10.5   01:50   5.1   0.0  0.03   6.0  25.0   11:44   WNW
12  14.1  20.0   15:06   8.8   05:39   4.3   0.1  0.00   3.6  15.0   18:46   SSW
13  13.5  15.2   12:16  11.8   23:50   4.8   0.0  0.41   3.0  15.0   11:59   ENE
14  13.9  18.6   16:49  11.0   04:53   4.4   0.0  0.02   4.4  20.0   18:37   WNW
15  13.9  18.2   16:49  10.8   01:45   4.4   0.0  0.01   5.1  20.0   09:52     W
16  14.6  17.0   16:40  12.2   00:00   3.7   0.0  0.14   5.5  21.0   11:23   SSW
17  17.0  21.2   18:26  14.5   05:27   1.8   0.4  0.08   4.3  18.0   16:27   WSW
18  17.2  19.5   16:20  14.7   23:12   1.2   0.1  0.01   7.8  21.0   08:01     W
19  14.2  17.1   13:22  11.9   09:03   4.1   0.0  0.14   4.5  19.0   01:56   WNW
20  13.6  17.2   17:53  10.9   08:16   4.7   0.0  0.14   2.2  12.0   08:21     N
21  14.8  19.9   16:50   8.0   05:28   3.8   0.2  0.00   1.5  10.0   12:43     W
22  18.6  24.5   16:13  14.2   04:46   1.5   1.7  0.00   5.7  25.0   17:14   SSW
23  20.1  25.5   14:22  15.0   06:12   0.9   2.7  0.00   7.5  25.0   11:31   SSW
24  21.0  26.8   13:39  15.4   04:56   0.5   3.2  0.00   3.7  13.0   12:39    SW
25  20.1  24.9   16:48  16.4   02:25   0.3   2.1  0.00   2.5  12.0   21:24     N
26  20.0  26.1   16:35  16.1   05:50   0.5   2.3  0.00   3.4  15.0   20:11   SSE
27  16.4  19.4   14:31  13.1   23:53   2.0   0.0  0.00   5.0  20.0   15:19   WNW
28  13.9  19.4   14:18  11.9   01:19   4.4   0.0  0.17   3.8  20.0   14:48   WSW
29  13.5  17.5   16:00  10.4   23:58   4.8   0.0  0.14   5.0  21.0   12:01     W
30  12.6  16.8   18:31   9.9   01:23   5.7   0.0  0.19   4.9  20.0   14:47     W
31  13.6  18.7   15:57  10.1   01:05   4.7   0.0  0.18   2.8  15.0   11:07   SSE
----------------------------------------------------------------------------------
    15.7  26.8    24     8.0    21    96.5  15.7  4.49   4.3  25.0    11     WSW

Max >=  27.0:  0
Max <=   0.0:  0
Min <=   0.0:  0
Min <= -18.0:  0
Max Rain: 1.01 on day 4
Days of Rain: 19 (>= 0.02 in)  14 (>= 0.10 in)  1 (>= 1.00 in)
Heat Base: 18.3  Cool Base: 18.3  Method: Integration
Now : Realtime : Gauges : Today/Yesterday : This Month/Year : All-Time Records : Graphs : WUnderground : Season Averages : Monthly Records : Data Summary : NOAA Reports : Forum : Station Info : System Info


Page last updated 23/08/2017 01:30:03
Produced by CumulusCumulus v1.9.4 (1099)