Cheadle Hulme Weather

 Latitude N 53° 21' 50"    Longitude W 02° 11' 42"    Elevation 261 ft

Now : Realtime : Gauges : Today/Yesterday : This Month/Year : All-Time Records : Graphs : WUnderground : Season Averages : Monthly Records : Data Summary : NOAA Reports : Forum : Station Info : System Info
Select a Year or Month report

Report for 2012 Aug
                   Monthly Climatological Summary for Aug 2012

Name: Cheadle Hulme   City: Cheadle   State: Cheshire
Elevation: 261 ft  Lat: N 53 21' 50"   Lon: W 002 11' 42"

                  Temperature (C), Rain (in), Wind Speed (mph)

                                      Heat  Cool        Avg
    Mean                              Deg   Deg         Wind                 Dom
Day Temp  High   Time   Low    Time   Days  Days  Rain  Speed High   Time    Dir
----------------------------------------------------------------------------------
 1  17.1  20.8   14:11  14.4   23:56   1.4   0.3  0.12   6.9  24.0   13:27   SSE
 2  16.1  20.6   18:25  13.0   05:51   2.5   0.3  0.06   4.5  18.0   12:22     S
 3  16.4  20.9   14:47  11.4   04:38   2.4   0.4  0.01   4.3  16.0   11:02   SSE
 4  17.0  22.5   13:25  13.5   05:45   1.9   0.6  0.00   3.5  16.0   16:26   SSE
 5  15.3  20.6   13:45  11.5   03:47   3.1   0.2  0.01   2.2  15.0   17:40   SSW
 6  15.0  18.4   14:31  12.7   00:00   3.3   0.0  0.00   4.5  17.0   11:59   WNW
 7  15.7  20.4   15:57  12.2   05:10   2.7   0.1  0.12   2.7  16.0   12:02    SW
 8  16.7  23.3   16:47  11.0   05:43   2.7   1.1  0.00   2.1  14.0   18:04   WNW
 9  17.3  23.8   16:40  12.4   02:35   2.3   1.3  0.00   2.0  14.0   16:42    NW
10  18.3  25.3   14:01  11.7   04:30   2.1   2.1  0.00   1.9  17.0   22:48   ENE
11  18.1  24.0   14:49  12.5   06:28   1.6   1.4  0.00   5.3  19.0   14:57   ESE
12  17.8  22.7   16:06  14.5   03:10   1.3   0.8  0.05   4.3  22.0   09:08     E
13  18.4  21.2   18:50  15.7   01:39   0.8   0.8  0.00   5.8  20.0   16:45   SSE
14  19.6  24.7   15:27  15.0   06:02   0.8   2.1  0.00   4.2  17.0   13:41   SSE
15  18.1  22.2   10:05  15.4   22:01   1.0   0.8  0.50   6.6  29.0   10:57   ESE
16  18.3  23.4   15:30  14.4   04:29   1.2   1.3  0.00   7.8  24.0   14:56     S
17  19.0  21.8   13:18  17.1   00:24   0.2   0.9  0.09  10.1  29.0   13:22   SSE
18  20.8  25.0   15:39  16.7   23:50   0.1   2.6  0.02   4.8  22.0   09:10   SSW
19  17.5  22.6   10:47  13.2   23:39   1.5   0.7  0.05   1.2  17.0   16:05   WNW
20  16.7  23.4   16:05  12.1   03:43   2.6   1.0  0.03   1.7  12.0   16:14   WSW
21  16.4  19.9   13:56  13.4   01:23   2.1   0.2  0.05   4.7  18.0   14:53   SSW
22  15.5  20.6   14:37  12.2   05:05   2.9   0.1  0.03   4.9  20.0   11:58    SW
23  15.5  18.7   13:14  13.2   04:39   2.8   0.0  0.00   2.9  11.0   12:33   SSW
24  15.5  20.6   13:38  12.5   03:21   3.0   0.2  0.52   3.7  15.0   17:25   SSE
25  15.8  21.3   13:05  13.1   22:52   2.6   0.1  0.67   2.9  17.0   21:07   WNW
26  15.1  19.7   16:03  12.2   23:57   3.2   0.1  0.04   2.1  15.0   12:32   WNW
27  14.8  17.5   15:27  11.1   03:03   3.5   0.0  0.18   8.5  26.0   15:13   SSE
28  16.1  21.1   13:49  12.8   06:03   2.5   0.3  0.00   5.1  20.0   14:14   SSW
29  14.8  17.8   15:10  11.9   09:20   3.5   0.0  0.23   6.6  21.0   08:24     S
30  13.2  16.9   14:59   6.8   23:59   5.1   0.0  0.01   5.6  22.0   11:56     N
31  10.6  16.5   14:33   4.4   06:17   7.7   0.0  0.02   2.5  15.0   14:05   WNW
----------------------------------------------------------------------------------
    16.5  25.3    10     4.4    31    74.4  19.8  2.81   4.4  29.0    15       S

Max >=  27.0:  0
Max <=   0.0:  0
Min <=   0.0:  0
Min <= -18.0:  0
Max Rain: 0.67 on day 25
Days of Rain: 17 (>= 0.02 in)  7 (>= 0.10 in)  0 (>= 1.00 in)
Heat Base: 18.3  Cool Base: 18.3  Method: Integration
Now : Realtime : Gauges : Today/Yesterday : This Month/Year : All-Time Records : Graphs : WUnderground : Season Averages : Monthly Records : Data Summary : NOAA Reports : Forum : Station Info : System Info


Page last updated 29/06/2017 11:45:04
Produced by CumulusCumulus v1.9.4 (1099)