Cheadle Hulme Weather

 Latitude N 53° 21' 50"    Longitude W 02° 11' 42"    Elevation 261 ft

Now : Realtime : Gauges : Today/Yesterday : This Month/Year : All-Time Records : Graphs : WUnderground : Season Averages : Monthly Records : Data Summary : NOAA Reports : Forum : Station Info : System Info

Report for 2012 Sep
                   Monthly Climatological Summary for Sep 2012

Name: Cheadle Hulme   City: Cheadle   State: Cheshire
Elevation: 261 ft  Lat: N 53 21' 50"   Lon: W 002 11' 42"

                  Temperature (C), Rain (in), Wind Speed (mph)

                                      Heat  Cool        Avg
    Mean                              Deg   Deg         Wind                 Dom
Day Temp  High   Time   Low    Time   Days  Days  Rain  Speed High   Time    Dir
----------------------------------------------------------------------------------
 1  16.1  21.9   14:22  12.1   00:00   2.6   0.6  0.00   4.5  19.0   16:18    SW
 2  16.4  21.3   16:30  12.1   23:57   2.2   0.3  0.00   3.9  18.0   16:13   WSW
 3  15.8  21.1   16:53  10.2   05:29   3.2   0.7  0.00   2.0  10.0   14:02    SW
 4  15.7  19.6   13:44  11.3   23:51   2.7   0.1  0.01   5.1  22.0   11:57     W
 5  13.6  19.5   15:42   9.2   03:07   4.7   0.0  0.00   3.5  19.0   13:47    NW
 6  14.2  21.4   15:56   7.6   04:45   4.6   0.5  0.00   3.8  19.0   16:11    SW
 7  16.7  20.7   15:41  13.4   00:31   2.0   0.4  0.00   3.5  14.0   11:48   WSW
 8  17.9  24.6   15:57  12.8   22:35   1.9   1.5  0.00   2.4  12.0   11:58     S
 9  17.3  24.8   13:03   9.5   07:18   2.3   1.4  0.00   5.9  22.0   16:54     S
10  17.0  20.4   12:19  12.1   23:25   1.5   0.2  0.15   7.7  24.0   22:15   SSW
11  11.5  15.5   15:52   8.7   23:30   6.8   0.0  0.26   5.5  23.0   16:38     W
12  10.9  15.2   12:00   7.0   23:56   7.4   0.0  0.14   5.6  23.0   18:16   WSW
13  11.2  16.1   13:24   4.8   04:06   7.1   0.0  0.00   4.5  18.0   21:48    SW
14  14.2  15.8   14:42  13.1   06:55   4.1   0.0  0.04   9.1  33.0   10:35     W
15  14.4  19.3   15:20  11.4   04:43   3.9   0.0  0.00   3.8  16.0   11:23   WSW
16  14.3  17.8   12:28  10.5   23:55   4.0   0.0  0.13   5.9  23.0   14:03   SSW
17  12.2  16.5   12:22   8.3   06:17   6.1   0.0  0.04   5.9  21.0   11:05   SSW
18  10.4  14.4   13:37   7.6   22:52   7.9   0.0  0.18   6.5  28.0   16:13     W
19  10.2  15.0   16:17   6.9   03:39   8.1   0.0  0.06   3.8  22.0   13:32     W
20  12.0  16.3   13:18   9.2   00:00   6.3   0.0  0.23   4.7  17.0   15:55   SSW
21  10.7  13.2   13:55   4.8   23:56   7.6   0.0  0.04   3.7  15.0   12:47   ENE
22   7.8  15.4   14:51   1.3   06:32  10.4   0.0  0.00   1.0   8.0   13:22   SSW
23   9.6  13.4   14:20   5.8   00:00   8.7   0.0  0.13   5.4  23.0   10:20     E
24  11.0  12.2   13:29   9.3   00:26   7.3   0.0  0.81   7.0  29.0   01:35   ENE
25   9.8  10.5   00:52   9.3   18:59   8.5   0.0  0.97   8.8  27.0   12:45     S
26  11.1  14.2   15:20   9.6   00:00   7.2   0.0  0.33   4.1  18.0   00:03   ENE
27  10.2  14.5   15:05   6.7   07:41   8.1   0.0  0.00   2.9  20.0   14:13   WNW
28  11.3  15.4   14:49   8.1   01:02   7.0   0.0  0.13   5.0  19.0   13:50    SW
29  10.3  14.4   15:02   7.7   06:33   8.0   0.0  0.08   6.6  30.0   10:57     W
30  13.0  15.8   13:41   8.5   00:00   5.3   0.0  0.34   8.6  29.0   12:44     S
----------------------------------------------------------------------------------
    12.9  24.8     9     1.3    22   167.5   5.7  4.07   5.0  33.0    14      SW

Max >=  27.0:  0
Max <=   0.0:  0
Min <=   0.0:  0
Min <= -18.0:  0
Max Rain: 0.97 on day 25
Days of Rain: 17 (>= 0.02 in)  12 (>= 0.10 in)  0 (>= 1.00 in)
Heat Base: 18.3  Cool Base: 18.3  Method: Integration
Now : Realtime : Gauges : Today/Yesterday : This Month/Year : All-Time Records : Graphs : WUnderground : Season Averages : Monthly Records : Data Summary : NOAA Reports : Forum : Station Info : System Info


Page last updated 22/10/2017 03:45:03
Produced by CumulusCumulus v1.9.4 (1099)