Cheadle Hulme Weather

 Latitude N 53° 21' 50"    Longitude W 02° 11' 42"    Elevation 261 ft

Now : Realtime : Gauges : Today/Yesterday : This Month/Year : All-Time Records : Graphs : WUnderground : Season Averages : Monthly Records : Data Summary : NOAA Reports : Forum : Station Info : System Info

Report for 2012 Oct
                   Monthly Climatological Summary for Oct 2012

Name: Cheadle Hulme   City: Cheadle   State: Cheshire
Elevation: 261 ft  Lat: N 53 21' 50"   Lon: W 002 11' 42"

                  Temperature (C), Rain (in), Wind Speed (mph)

                                      Heat  Cool        Avg
    Mean                              Deg   Deg         Wind                 Dom
Day Temp  High   Time   Low    Time   Days  Days  Rain  Speed High   Time    Dir
----------------------------------------------------------------------------------
 1  12.4  15.7   13:28  10.7   07:29   5.9   0.0  0.04   6.0  19.0   14:05   SSW
 2  11.8  15.0   11:48   9.4   02:33   6.5   0.0  0.13   8.2  26.0   10:46     S
 3  10.3  14.9   14:20   7.7   07:28   7.9   0.0  0.07   6.1  24.0   12:40    SW
 4  10.2  15.8   16:05   6.8   05:49   8.1   0.0  0.12   3.8  20.0   20:28   SSW
 5  10.2  11.9   13:20   9.1   23:53   7.9   0.0  0.23   4.6  19.0   01:57   SSW
 6   9.5  15.1   13:45   4.8   07:41   8.8   0.0  0.03   2.4  14.0   14:31     W
 7   8.3  13.7   14:41   5.0   02:36  10.0   0.0  0.01   0.9   8.0   13:51   WNW
 8  10.1  15.6   12:59   5.6   01:35   8.2   0.0  0.00   2.0  12.0   11:52   ESE
 9   7.4  14.1   13:41   2.2   05:57  10.9   0.0  0.00   1.7  12.0   11:04     E
10  10.3  12.6   13:17   7.1   00:00   8.0   0.0  0.00   3.0  17.0   12:13    SE
11  11.7  13.6   16:37   9.7   07:24   6.6   0.0  0.48   4.6  20.0   01:37    SE
12   9.9  12.4   00:01   5.8   22:43   8.4   0.0  0.20   6.7  26.0   05:30     W
13   6.4  11.8   15:35   2.4   07:54  12.0   0.0  0.00   1.6  14.0   15:31   WSW
14   6.1  13.3   15:05   0.1   07:58  12.2   0.0  0.00   1.5  12.0   14:55   WNW
15   7.8  12.2   15:13   5.0   00:58  10.5   0.0  0.04   2.7  15.0   23:36   SSE
16   8.6  11.3   14:52   5.4   21:05   9.7   0.0  0.21   7.3  32.0   10:50    SW
17  11.2  16.2   14:43   5.9   01:17   7.1   0.0  0.17   7.1  24.0   15:31   SSE
18  11.7  15.8   14:50   9.2   06:20   6.6   0.0  0.05   5.6  20.0   09:51   SSE
19  10.7  15.7   13:49   6.8   08:35   7.6   0.0  0.01   1.9  10.0   13:28     S
20  10.9  16.0   14:18   7.7   05:54   7.4   0.0  0.00   3.5  14.0   12:53   SSW
21   9.1  16.3   15:29   4.1   07:54   9.1   0.0  0.00   1.6  16.0   17:00   ESE
22  11.5  13.8   15:47   7.4   00:00   6.8   0.0  0.01   3.1  14.0   06:14    NE
23  13.4  16.6   14:24  11.5   04:29   4.9   0.0  0.00   2.1  12.0   19:23   NNE
24  13.0  14.6   13:28  10.7   23:51   5.3   0.0  0.00   6.5  23.0   19:43    NE
25  10.1  11.3   00:54   6.8   23:48   8.2   0.0  0.00   5.1  23.0   22:16   ENE
26   5.5   8.7   12:09   1.2   23:59  12.8   0.0  0.00   6.3  21.0   12:12   NNE
27   3.5   9.7   15:03  -0.5   06:43  14.7   0.0  0.01   4.3  21.0   12:33    NW
28   6.9   9.5   11:42   3.7   00:00  11.9   0.0  0.21   5.7  20.0   12:07   SSW
29   8.2  10.9   14:32   6.4   23:58  10.1   0.0  0.05   3.0  14.0   00:26   SSW
30   6.4   9.7   12:14   2.1   05:07  11.9   0.0  0.08   4.4  17.0   12:42   SSW
31   8.1  11.3   13:01   5.9   23:19  10.2   0.0  0.20   9.2  32.0   10:46     S
----------------------------------------------------------------------------------
     9.4  16.6    23    -0.5    27   276.2   0.0  2.35   4.3  32.0    16       S

Max >=  27.0:  0
Max <=   0.0:  0
Min <=   0.0:  1
Min <= -18.0:  0
Max Rain: 0.48 on day 11
Days of Rain: 16 (>= 0.02 in)  9 (>= 0.10 in)  0 (>= 1.00 in)
Heat Base: 18.3  Cool Base: 18.3  Method: Integration
Now : Realtime : Gauges : Today/Yesterday : This Month/Year : All-Time Records : Graphs : WUnderground : Season Averages : Monthly Records : Data Summary : NOAA Reports : Forum : Station Info : System Info


Page last updated 22/10/2017 03:45:03
Produced by CumulusCumulus v1.9.4 (1099)