Select a Year or Month report
Report for 2012 Nov
Monthly Climatological Summary for Nov 2012
Name: Cheadle Hulme City: Cheadle State: Cheshire
Elevation: 261 ft Lat: N 53° 21' 50" Lon: W 002° 11' 42"
Temperature (°C), Rain (in), Wind Speed (mph)
Heat Cool Avg
Mean Deg Deg Wind Dom
Day Temp High Time Low Time Days Days Rain Speed High Time Dir
----------------------------------------------------------------------------------
1 5.2 8.4 14:47 2.4 08:29 13.0 0.0 0.02 4.2 21.0 22:10 SSW
2 6.5 9.9 13:02 4.1 23:20 11.8 0.0 0.03 7.2 23.0 10:54 SSW
3 5.0 9.6 13:04 1.9 05:13 13.3 0.0 0.01 4.7 18.0 13:21 SSW
4 4.5 9.3 13:15 0.2 07:11 13.8 0.0 0.00 3.1 15.0 22:36 E
5 3.7 9.9 13:36 -0.4 07:14 14.6 0.0 0.01 2.3 15.0 00:30 NW
6 6.4 9.9 16:06 -0.7 01:43 11.9 0.0 0.06 5.0 22.0 12:52 W
7 9.3 10.2 13:38 8.4 05:24 9.0 0.0 0.02 5.0 18.0 23:08 WSW
8 9.3 10.6 12:41 6.6 23:49 9.0 0.0 0.04 5.4 22.0 00:22 W
9 9.0 10.8 10:10 6.6 00:00 9.3 0.0 0.13 8.5 24.0 10:49 S
10 7.0 10.4 13:03 5.3 17:38 11.3 0.0 0.03 2.8 11.0 11:44 SSW
11 6.5 10.9 12:43 3.1 07:32 11.8 0.0 0.01 3.0 14.0 14:04 SW
12 9.0 11.9 23:45 6.1 01:03 9.3 0.0 0.08 5.8 22.0 10:12 S
13 12.6 13.3 12:49 11.2 07:28 5.7 0.0 0.00 7.2 18.0 07:59 S
14 11.5 12.6 13:49 10.5 07:11 6.7 0.0 0.00 3.7 14.0 00:35 S
15 8.2 13.3 13:32 4.8 21:07 10.1 0.0 0.00 2.3 13.0 18:18 S
16 6.6 9.5 12:22 3.3 07:59 11.7 0.0 0.26 2.3 12.0 12:12 SSE
17 6.6 9.3 13:23 2.8 23:43 11.7 0.0 0.12 2.7 16.0 12:38 WSW
18 4.7 8.7 13:39 1.4 07:52 13.6 0.0 0.03 5.0 19.0 23:20 S
19 9.2 11.4 21:41 6.1 00:00 9.1 0.0 0.04 10.9 30.0 10:11 S
20 12.1 15.0 13:46 9.9 23:50 6.2 0.0 0.07 7.6 29.0 11:27 S
21 7.2 9.9 00:00 5.2 20:01 11.1 0.0 0.38 3.9 16.0 23:55 S
22 9.8 13.7 13:43 6.7 00:00 8.5 0.0 0.38 12.1 42.0 14:37 S
23 6.5 9.7 12:45 3.9 23:54 11.8 0.0 0.00 6.1 20.0 00:31 S
24 4.7 7.7 23:00 0.1 08:06 13.6 0.0 0.05 4.0 20.0 20:18 E
25 6.9 9.2 23:57 4.7 16:57 11.3 0.0 0.59 6.0 28.0 08:47 WNW
26 7.4 9.5 00:44 6.3 23:58 10.9 0.0 0.23 4.7 20.0 20:09 NNW
27 6.8 8.3 12:50 5.3 22:18 11.5 0.0 0.05 7.3 23.0 04:09 N
28 3.4 7.6 13:37 -1.1 22:22 14.9 0.0 0.00 3.8 16.0 11:36 NW
29 -0.2 4.6 13:27 -2.8 07:29 18.5 0.0 0.00 0.6 5.0 05:51 NNW
30 0.1 2.8 12:58 -1.8 04:10 18.2 0.0 0.01 0.3 5.0 13:15 NNW
----------------------------------------------------------------------------------
6.8 15.0 20 -2.8 29 343.2 0.0 2.65 4.9 42.0 22 SSW
Max >= 27.0: 0
Max <= 0.0: 0
Min <= 0.0: 5
Min <= -18.0: 0
Max Rain: 0.59 on day 25
Days of Rain: 19 (>= 0.02 in) 7 (>= 0.10 in) 0 (>= 1.00 in)
Heat Base: 18.3 Cool Base: 18.3 Method: Integration