Cheadle Hulme Weather

 Latitude N 53° 21' 50"    Longitude W 02° 11' 42"    Elevation 261 ft

Now : Realtime : Gauges : Today/Yesterday : This Month/Year : All-Time Records : Graphs : WUnderground : Season Averages : Monthly Records : Data Summary : NOAA Reports : Forum : Station Info : System Info

Report for 2012 Dec
                   Monthly Climatological Summary for Dec 2012

Name: Cheadle Hulme   City: Cheadle   State: Cheshire
Elevation: 261 ft  Lat: N 53 21' 50"   Lon: W 002 11' 42"

                  Temperature (C), Rain (in), Wind Speed (mph)

                                      Heat  Cool        Avg
    Mean                              Deg   Deg         Wind                 Dom
Day Temp  High   Time   Low    Time   Days  Days  Rain  Speed High   Time    Dir
----------------------------------------------------------------------------------
 1   1.8   5.6   13:12  -1.8   23:35  16.5   0.0  0.08   3.1  16.0   12:40   WNW
 2   0.2   4.2   13:13  -3.4   07:08  18.1   0.0  0.05   2.0  14.0   22:37     W
 3   5.7   7.7   11:29   3.3   00:00  12.6   0.0  0.37   6.1  29.0   12:22   WSW
 4   4.8   6.4   14:21   3.7   22:35  13.5   0.0  0.26   4.5  29.0   13:35   WNW
 5   1.3   3.8   13:17  -2.2   23:51  17.0   0.0  0.01   3.8  21.0   14:38   NNW
 6   1.4   4.7   22:59  -2.7   02:13  16.9   0.0  0.37   8.0  29.0   17:58   SSW
 7   4.4   6.4   12:53   2.7   08:53  13.9   0.0  0.04   7.0  26.0   04:42    NW
 8   4.6   7.8   20:46   0.3   08:05  13.7   0.0  0.06   3.6  27.0   23:00     W
 9   6.8   8.7   13:28   1.8   23:55  11.5   0.0  0.03   9.3  31.0   15:41   WNW
10   1.5   5.9   12:44  -1.4   23:56  16.8   0.0  0.01   2.2  14.0   13:33   NNW
11  -0.9   3.2   12:54  -3.0   05:37  19.2   0.0  0.01   1.1   8.0   21:55   NNW
12  -0.4   1.8   20:31  -2.8   08:44  18.6   0.0  0.00   1.5   8.0   20:47    SW
13  -1.0   2.3   13:17  -3.5   05:16  19.3   0.0  0.00   2.9  16.0   21:15    SE
14   3.8   6.9   16:37  -0.2   00:00  14.5   0.0  0.39   7.2  26.0   09:18    SE
15   6.9   8.9   12:04   5.0   02:07  11.4   0.0  0.07   7.7  21.0   10:45     S
16   6.5   9.2   13:13   4.9   08:39  11.8   0.0  0.03   6.1  16.0   20:00   SSE
17   6.3   8.1   12:43   5.3   18:08  12.0   0.0  0.48   4.4  17.0   02:42   SSW
18   4.9   6.6   13:32   2.3   19:57  13.4   0.0  0.01   1.4  10.0   00:05   WNW
19   6.0   6.8   14:14   4.6   00:00  12.3   0.0  0.03   7.3  27.0   14:52    SE
20   6.7   7.4   12:37   6.1   04:41  11.6   0.0  0.59   7.0  27.0   07:10     E
21   6.6   7.1   06:55   5.6   19:44  11.7   0.0  0.06   3.1  19.0   07:18   WNW
22   9.2  12.3   22:26   5.9   00:06   9.1   0.0  0.95   7.3  24.0   08:34   SSE
23   9.3  12.9   02:40   6.1   20:42   9.0   0.0  0.01   6.5  29.0   05:59   SSW
24   6.7   7.3   08:35   6.0   02:40  11.6   0.0  0.17   4.1  13.0   18:38     S
25   6.5   7.8   11:10   4.8   21:53  11.8   0.0  0.09   5.4  17.0   17:49   SSW
26   6.0   8.3   17:11   3.8   01:20  12.3   0.0  0.21   5.7  22.0   16:26   SSW
27   5.1   6.3   00:38   3.5   09:10  13.2   0.0  0.02   3.0  19.0   00:54    SW
28   9.2  12.2   23:29   5.0   00:47   9.1   0.0  0.14  10.2  35.0   22:48     S
29   8.6  12.1   00:00   4.6   23:56   9.7   0.0  0.35   9.3  33.0   06:29     S
30   6.6  10.3   23:59   3.9   00:59  11.7   0.0  0.19   8.3  29.0   13:26   SSW
31   9.3  11.1   07:17   5.8   23:43   9.0   0.0  0.26   9.0  32.0   07:11   SSW
----------------------------------------------------------------------------------
     5.0  12.9    23    -3.5    13   412.8   0.0  5.34   5.4  35.0    28     SSW

Max >=  27.0:  0
Max <=   0.0:  0
Min <=   0.0:  9
Min <= -18.0:  0
Max Rain: 0.95 on day 22
Days of Rain: 24 (>= 0.02 in)  13 (>= 0.10 in)  0 (>= 1.00 in)
Heat Base: 18.3  Cool Base: 18.3  Method: Integration
Now : Realtime : Gauges : Today/Yesterday : This Month/Year : All-Time Records : Graphs : WUnderground : Season Averages : Monthly Records : Data Summary : NOAA Reports : Forum : Station Info : System Info


Page last updated 23/08/2017 01:30:03
Produced by CumulusCumulus v1.9.4 (1099)