Cheadle Hulme Weather

 Latitude N 53° 21' 50"    Longitude W 02° 11' 42"    Elevation 261 ft

Now : Realtime : Gauges : Today/Yesterday : This Month/Year : All-Time Records : Graphs : WUnderground : Season Averages : Monthly Records : Data Summary : NOAA Reports : Forum : Station Info : System Info

Report for 2013 Jan
                   Monthly Climatological Summary for Jan 2013

Name: Cheadle Hulme   City: Cheadle   State: Cheshire
Elevation: 261 ft  Lat: N 53 21' 50"   Lon: W 002 11' 42"

                  Temperature (C), Rain (in), Wind Speed (mph)

                                      Heat  Cool        Avg
    Mean                              Deg   Deg         Wind                 Dom
Day Temp  High   Time   Low    Time   Days  Days  Rain  Speed High   Time    Dir
----------------------------------------------------------------------------------
 1   5.9   7.4   20:21   3.9   07:07  12.4   0.0  0.04   7.2  27.0   15:58     W
 2   8.3  10.7   19:31   6.1   06:51  10.0   0.0  0.07   4.5  14.0   00:57    SW
 3  10.4  11.1   03:17   8.3   23:42   7.9   0.0  0.06   4.4  15.0   06:37   SSW
 4   8.8  10.3   15:10   7.0   22:39   9.5   0.0  0.01   2.0   9.0   10:17   SSW
 5   8.9  11.1   13:19   8.0   00:00   9.4   0.0  0.00   4.0  15.0   13:42   SSW
 6   8.8  10.8   13:26   6.6   05:47   9.5   0.0  0.00   3.6  13.0   14:40     S
 7   9.1  10.3   15:01   7.7   04:02   9.2   0.0  0.00   5.7  15.0   09:44     S
 8   9.7  11.3   11:48   5.6   23:58   8.6   0.0  0.16   5.1  15.0   09:59   SSW
 9   4.1   5.6   00:00   2.1   22:34  14.2   0.0  0.01   0.5   7.0   19:18   WNW
10   3.0   4.3   12:48   2.0   05:22  15.3   0.0  0.00   0.8   7.0   04:18     W
11   2.8   5.2   14:42   1.1   03:36  15.5   0.0  0.04   1.2   9.0   22:03   WSW
12   2.9   5.0   14:09  -1.2   23:44  15.4   0.0  0.00   4.3  23.0   11:05     E
13   0.1   2.8   13:17  -2.3   06:47  18.2   0.0  0.00   1.1   8.0   22:45   WSW
14   1.7   4.5   14:00   0.2   21:32  16.6   0.0  0.28   3.5  18.0   15:28     W
15   0.0   3.3   14:02  -2.5   22:19  18.2   0.0  0.00   1.3  11.0   00:11   NNW
16  -1.1   1.3   11:48  -3.4   04:38  19.4   0.0  0.01   1.4  10.0   12:33   ESE
17   0.9   2.6   12:31  -0.8   00:12  17.4   0.0  0.00   5.2  25.0   20:20    SE
18   0.0   1.3   00:08  -1.3   17:42  18.3   0.0  0.00   7.7  27.0   09:40   ESE
19   1.0   1.7   20:02   0.1   00:00  17.3   0.0  0.01   5.5  20.0   01:35   ENE
20   1.6   2.4   13:42   0.9   22:28  16.7   0.0  0.00   6.2  21.0   14:04    NE
21   0.7   1.7   11:30   0.1   06:22  17.6   0.0  0.08   3.2  12.0   17:00     E
22   1.6   3.9   14:35   0.4   00:00  16.7   0.0  0.03   4.3  17.0   12:53     E
23   1.4   2.3   00:00   0.0   23:20  16.9   0.0  0.01   3.8  17.0   18:35     E
24   1.3   3.8   14:52  -1.0   23:42  17.0   0.0  0.01   2.3  12.0   11:32    SE
25   0.8   2.7   14:08  -1.2   01:37  17.5   0.0  0.27   8.4  26.0   20:11   SSE
26   4.3   7.8   23:58   1.3   06:21  14.0   0.0  0.42   6.8  30.0   21:21     S
27   6.8   9.5   03:16   3.3   23:50  11.5   0.0  0.14   8.7  34.0   12:45   SSW
28   5.9  10.4   20:47   2.4   03:22  12.4   0.0  0.07   9.4  37.0   15:01     S
29  10.4  13.6   15:50   7.5   07:15   7.9   0.0  0.05   8.4  33.0   16:55   SSW
30   8.0  10.8   12:35   5.3   22:37  10.3   0.0  0.11   8.8  50.0   13:26   WSW
31   7.2   9.2   12:32   5.2   06:02  11.1   0.0  0.17   8.0  33.0   12:05    SW
----------------------------------------------------------------------------------
     4.4  13.6    29    -3.4    16   431.9   0.0  2.05   4.8  50.0    30       S

Max >=  27.0:  0
Max <=   0.0:  0
Min <=   0.0:  9
Min <= -18.0:  0
Max Rain: 0.42 on day 26
Days of Rain: 15 (>= 0.02 in)  7 (>= 0.10 in)  0 (>= 1.00 in)
Heat Base: 18.3  Cool Base: 18.3  Method: Integration
Now : Realtime : Gauges : Today/Yesterday : This Month/Year : All-Time Records : Graphs : WUnderground : Season Averages : Monthly Records : Data Summary : NOAA Reports : Forum : Station Info : System Info


Page last updated 18/12/2017 06:45:03
Produced by CumulusCumulus v1.9.4 (1099)