Cheadle Hulme Weather

 Latitude N 53° 21' 50"    Longitude W 02° 11' 42"    Elevation 261 ft

Now : Realtime : Gauges : Today/Yesterday : This Month/Year : All-Time Records : Graphs : WUnderground : Season Averages : Monthly Records : Data Summary : NOAA Reports : Forum : Station Info : System Info

Report for 2013 Feb
                   Monthly Climatological Summary for Feb 2013

Name: Cheadle Hulme   City: Cheadle   State: Cheshire
Elevation: 261 ft  Lat: N 53 21' 50"   Lon: W 002 11' 42"

                  Temperature (C), Rain (in), Wind Speed (mph)

                                      Heat  Cool        Avg
    Mean                              Deg   Deg         Wind                 Dom
Day Temp  High   Time   Low    Time   Days  Days  Rain  Speed High   Time    Dir
----------------------------------------------------------------------------------
 1   5.5   7.5   12:19   3.5   19:16  12.8   0.0  0.08   4.3  18.0   22:21   WSW
 2   2.2   5.7   14:55  -0.5   23:11  16.1   0.0  0.00   4.2  22.0   13:32    NW
 3   6.3   9.6   23:28  -0.1   00:00  12.0   0.0  0.04   6.7  21.0   06:29    SW
 4   7.3  10.6   03:00   1.6   22:11  11.0   0.0  0.15  10.9  38.0   17:09     W
 5   3.1   5.9   20:19   0.9   05:46  15.2   0.0  0.42   8.9  30.0   00:00     W
 6   4.1   5.8   14:22   2.5   21:34  14.2   0.0  0.03   9.0  32.0   14:40   NNW
 7   2.3   4.1   12:04  -0.4   05:06  16.1   0.0  0.02   2.3  14.0   00:34     W
 8   3.5   6.9   14:25   1.4   00:59  14.8   0.0  0.01   2.3  18.0   13:09    NW
 9   3.8   6.2   13:49   1.8   06:46  14.5   0.0  0.08   0.9   6.0   00:47   WNW
10   3.3   4.7   13:55   1.8   22:48  15.0   0.0  0.13   5.6  25.0   23:05   ESE
11   2.1   3.4   14:24   1.5   01:22  16.2   0.0  0.00   6.7  26.0   12:06     E
12   2.0   3.2   11:35   0.9   03:54  16.3   0.0  0.00   3.3  14.0   01:24   ESE
13   1.7   3.9   23:39   0.5   10:50  16.6   0.0  0.33  10.0  38.0   16:47   SSE
14   6.6   8.7   13:20   3.9   00:00  11.7   0.0  0.20   6.8  24.0   15:01     W
15   5.8   8.2   11:46   2.3   23:26  12.4   0.0  0.00   3.7  18.0   02:55   WNW
16   4.6  10.4   13:59   0.9   03:04  13.7   0.0  0.01   2.4  12.0   13:51   SSW
17   5.0  10.2   14:24   1.2   04:35  13.3   0.0  0.00   4.8  18.0   11:29   SSE
18   3.8   9.4   13:48  -0.2   08:27  14.5   0.0  0.00   3.2  14.0   05:22    SE
19   3.1  11.4   15:18  -1.8   05:31  15.2   0.0  0.00   1.1   9.0   19:59   ENE
20   2.6   4.1   07:11   0.2   23:57  15.7   0.0  0.00   5.9  21.0   19:25   ESE
21   1.5   3.8   12:48   0.2   00:00  16.8   0.0  0.00   7.3  23.0   03:31   ESE
22   1.3   2.9   11:49   0.7   19:51  17.0   0.0  0.00   4.2  16.0   03:58   ENE
23   1.6   3.4   12:25  -0.3   07:39  16.7   0.0  0.01   2.6  11.0   05:40   NNE
24   2.0   4.9   14:10  -0.6   02:10  16.3   0.0  0.00   3.5  18.0   16:34   NNE
25   4.1   6.3   12:40   0.5   00:00  14.2   0.0  0.00   6.2  23.0   23:00   NNE
26   4.3   6.1   12:55   3.2   23:54  13.9   0.0  0.00   6.0  25.0   00:06    NE
27   4.7  10.3   14:46   0.1   23:43  13.6   0.0  0.00   2.8  13.0   15:45    NE
28   4.4  12.1   14:22  -2.5   06:52  13.9   0.0  0.00   2.8  14.0   12:09    NE
----------------------------------------------------------------------------------
     3.7  12.1    28    -2.5    28   409.7   0.0  1.51   4.9  38.0     4     NNE

Max >=  27.0:  0
Max <=   0.0:  0
Min <=   0.0:  8
Min <= -18.0:  0
Max Rain: 0.42 on day 5
Days of Rain: 10 (>= 0.02 in)  5 (>= 0.10 in)  0 (>= 1.00 in)
Heat Base: 18.3  Cool Base: 18.3  Method: Integration
Now : Realtime : Gauges : Today/Yesterday : This Month/Year : All-Time Records : Graphs : WUnderground : Season Averages : Monthly Records : Data Summary : NOAA Reports : Forum : Station Info : System Info


Page last updated 23/08/2017 01:30:03
Produced by CumulusCumulus v1.9.4 (1099)