Cheadle Hulme Weather

 Latitude N 53° 21' 50"    Longitude W 02° 11' 42"    Elevation 261 ft

Now : Realtime : Gauges : Today/Yesterday : This Month/Year : All-Time Records : Graphs : WUnderground : Season Averages : Monthly Records : Data Summary : NOAA Reports : Forum : Station Info : System Info
Select a Year or Month report

Report for 2013 Mar
                   Monthly Climatological Summary for Mar 2013

Name: Cheadle Hulme   City: Cheadle   State: Cheshire
Elevation: 261 ft  Lat: N 53 21' 50"   Lon: W 002 11' 42"

                  Temperature (C), Rain (in), Wind Speed (mph)

                                      Heat  Cool        Avg
    Mean                              Deg   Deg         Wind                 Dom
Day Temp  High   Time   Low    Time   Days  Days  Rain  Speed High   Time    Dir
----------------------------------------------------------------------------------
 1   6.3   8.1   13:55   4.3   23:56  12.0   0.0  0.00   4.6  16.0   10:40    NE
 2   3.7   9.9   14:34  -1.8   06:25  14.6   0.0  0.00   1.6  11.0   16:29    NW
 3   5.5  12.1   12:33  -0.9   03:16  12.8   0.0  0.00   3.4  14.0   12:26   SSE
 4   5.0  10.3   14:25   0.9   23:59  13.2   0.0  0.00   4.0  14.0   05:19   ESE
 5   5.4  14.1   15:14  -1.7   07:19  12.9   0.0  0.00   1.6  12.0   12:56    SE
 6   6.6   9.1   13:54   4.6   07:50  11.7   0.0  0.02   4.7  21.0   14:31   ENE
 7   7.4   9.7   14:56   5.9   22:51  10.9   0.0  0.18   5.8  21.0   22:32   ENE
 8   7.0   8.2   14:57   5.3   22:58  11.3   0.0  0.02   5.4  21.0   02:57   ENE
 9   4.5   5.4   00:00   2.4   22:11  13.7   0.0  0.10   5.2  16.0   12:31    NE
10   2.0   4.3   15:03  -1.0   22:58  16.3   0.0  0.02  10.9  35.0   14:28   ENE
11  -0.8   2.3   12:31  -2.2   05:05  19.1   0.0  0.01  10.7  34.0   12:32    NE
12   1.8   7.7   14:55  -3.3   06:00  16.5   0.0  0.00   5.9  19.0   12:23     N
13   2.9   7.8   13:41  -2.1   23:49  15.4   0.0  0.00   4.1  19.0   11:28   NNW
14   1.8   6.1   11:11  -4.2   07:15  16.5   0.0  0.03   3.7  21.0   18:40    SW
15   5.6   8.2   15:32   3.8   05:49  12.7   0.0  0.20   6.9  34.0   12:32     S
16   5.1   9.3   14:39   1.3   23:59  13.2   0.0  0.23   3.4  17.0   17:52   SSW
17   3.9   7.3   13:46   0.7   23:54  14.4   0.0  0.06   3.9  14.0   05:30     S
18   2.8  10.0   12:32  -1.7   06:01  15.5   0.0  0.01   3.1  20.0   14:57   ENE
19   3.6   7.1   14:54  -1.0   06:04  14.7   0.0  0.00   3.7  24.0   23:18   ESE
20   3.5   6.8   13:05   1.0   23:25  14.8   0.0  0.00   4.8  18.0   11:52     E
21   2.9   6.0   11:43   0.3   05:51  15.3   0.0  0.00   8.8  40.0   21:41     E
22   1.7   3.1   13:43   1.0   02:54  16.6   0.0  0.12  13.3  41.0   13:17     E
23   1.2   1.8   12:08   0.6   18:16  17.1   0.0  0.05  11.5  34.0   16:04     E
24   1.0   2.6   13:58  -0.3   06:28  17.3   0.0  0.01  12.8  38.0   14:35   ENE
25   2.0   4.8   14:44   0.8   06:00  16.3   0.0  0.00  12.2  36.0   10:45   ENE
26   1.8   4.6   14:13   0.5   06:12  16.5   0.0  0.00   9.8  34.0   17:01   ENE
27   1.4   4.7   14:05  -0.8   23:35  16.9   0.0  0.01   6.1  23.0   14:24    NE
28   1.7   6.4   12:37  -2.4   05:47  16.5   0.0  0.00   6.2  25.0   11:34   ENE
29   1.0   6.8   13:18  -4.8   06:07  17.3   0.0  0.00   4.0  20.0   10:14   ENE
30   2.0   8.7   14:14  -3.5   04:40  16.3   0.0  0.00   4.0  19.0   12:31   ENE
31   2.3   8.3   16:44  -3.2   04:50  15.3   0.0  0.00   5.1  21.0   17:23     E
----------------------------------------------------------------------------------
     3.3  14.1     5    -4.8    29   463.6   0.0  1.07   6.2  41.0    22     ENE

Max >=  27.0:  0
Max <=   0.0:  0
Min <=   0.0: 16
Min <= -18.0:  0
Max Rain: 0.23 on day 16
Days of Rain: 11 (>= 0.02 in)  5 (>= 0.10 in)  0 (>= 1.00 in)
Heat Base: 18.3  Cool Base: 18.3  Method: Integration
Now : Realtime : Gauges : Today/Yesterday : This Month/Year : All-Time Records : Graphs : WUnderground : Season Averages : Monthly Records : Data Summary : NOAA Reports : Forum : Station Info : System Info


Page last updated 29/06/2017 11:45:04
Produced by CumulusCumulus v1.9.4 (1099)