Cheadle Hulme Weather

 Latitude N 53° 21' 50"    Longitude W 02° 11' 42"    Elevation 261 ft

Now : Realtime : Gauges : Today/Yesterday : This Month/Year : All-Time Records : Graphs : WUnderground : Season Averages : Monthly Records : Data Summary : NOAA Reports : Forum : Station Info : System Info

Report for 2013 Apr
                   Monthly Climatological Summary for Apr 2013

Name: Cheadle Hulme   City: Cheadle   State: Cheshire
Elevation: 261 ft  Lat: N 53 21' 50"   Lon: W 002 11' 42"

                  Temperature (C), Rain (in), Wind Speed (mph)

                                      Heat  Cool        Avg
    Mean                              Deg   Deg         Wind                 Dom
Day Temp  High   Time   Low    Time   Days  Days  Rain  Speed High   Time    Dir
----------------------------------------------------------------------------------
 1   2.7   6.3   14:56  -0.1   03:52  15.6   0.0  0.00   7.6  26.0   15:13     E
 2   3.6   8.9   14:07  -1.2   03:55  14.7   0.0  0.00   5.4  21.0   00:10   ENE
 3   4.2  10.2   14:41  -1.2   04:56  14.0   0.0  0.00   7.4  30.0   14:12    NE
 4   4.2   8.3   14:53   1.2   00:14  14.1   0.0  0.00   9.3  34.0   13:26    NE
 5   4.9  10.2   14:36   1.2   04:23  13.4   0.0  0.00   7.7  24.0   11:38    NE
 6   4.2  12.2   15:44  -2.9   06:53  14.1   0.0  0.00   2.0  15.0   18:48    NW
 7   5.3  11.8   14:20  -2.4   05:25  13.0   0.0  0.00   2.5  17.0   23:43    SE
 8   5.1   9.6   13:34   1.7   04:12  13.2   0.0  0.00   8.7  29.0   21:57     E
 9   5.7  11.3   14:56   2.3   00:17  12.6   0.0  0.00   9.5  28.0   00:24   ENE
10   6.0  12.1   14:05  -1.6   06:42  12.2   0.0  0.00   3.0  17.0   22:52    SE
11   5.7   6.9   16:36   4.0   03:16  12.6   0.0  0.17   5.5  22.0   00:38     E
12   7.8  13.7   15:11   3.4   03:34  10.5   0.0  0.06   3.2  19.0   17:45    NW
13   9.2  13.0   12:25   4.3   04:09   9.1   0.0  0.08   7.6  26.0   15:20   SSE
14  13.9  16.7   11:26  12.0   22:54   4.4   0.0  0.01  13.6  41.0   11:15     S
15  13.8  18.2   16:01  11.3   00:51   4.5   0.0  0.00  10.9  31.0   12:57   SSW
16  12.3  16.4   15:14   8.5   23:58   6.0   0.0  0.00  10.5  34.0   16:03   SSW
17  12.2  17.7   14:48   7.1   02:32   6.1   0.0  0.00  12.6  47.0   22:00     S
18  10.6  14.4   15:28   7.8   22:45   7.7   0.0  0.07  11.3  43.0   02:54    SW
19   8.5  13.3   16:35   4.3   23:51   9.8   0.0  0.00   6.6  27.0   00:42   WNW
20   9.4  16.7   15:42   2.1   03:19   8.9   0.0  0.00   4.6  18.0   14:33   SSW
21   8.2  12.1   14:15   5.5   02:47  10.1   0.0  0.05   5.6  22.0   10:15   SSW
22   9.5  13.8   15:56   4.6   03:30   8.8   0.0  0.00   6.6  27.0   15:44   SSW
23  11.6  15.4   13:24   8.8   06:04   6.7   0.0  0.00   7.2  27.0   13:00   WNW
24  11.9  15.7   14:40   8.8   01:00   6.4   0.0  0.02   6.1  24.0   13:20    SW
25  10.3  13.7   10:34   6.8   23:48   8.0   0.0  0.01   4.1  19.0   14:20     W
26   7.2  11.0   13:43   3.6   23:56  11.1   0.0  0.08   7.1  31.0   16:00   WNW
27   6.1  13.1   16:04  -0.1   04:43  12.2   0.0  0.04   4.3  27.0   11:39   NNE
28   7.7  12.4   13:49   2.5   02:42  10.6   0.0  0.11   6.2  26.0   14:11    SW
29   8.1  12.0   16:55   5.2   02:56  10.2   0.0  0.00   9.4  29.0   09:30   WNW
30   9.1  14.3   14:26   3.3   04:56   9.2   0.0  0.00   2.4  12.0   23:18   WSW
----------------------------------------------------------------------------------
     8.0  18.2    15    -2.9     6   309.8   0.0  0.70   7.0  47.0    17     SSW

Max >=  27.0:  0
Max <=   0.0:  0
Min <=   0.0:  7
Min <= -18.0:  0
Max Rain: 0.17 on day 11
Days of Rain: 9 (>= 0.02 in)  2 (>= 0.10 in)  0 (>= 1.00 in)
Heat Base: 18.3  Cool Base: 18.3  Method: Integration
Now : Realtime : Gauges : Today/Yesterday : This Month/Year : All-Time Records : Graphs : WUnderground : Season Averages : Monthly Records : Data Summary : NOAA Reports : Forum : Station Info : System Info


Page last updated 22/10/2017 14:45:04
Produced by CumulusCumulus v1.9.4 (1099)