Cheadle Hulme Weather

 Latitude N 53° 21' 50"    Longitude W 02° 11' 42"    Elevation 261 ft

Now : Realtime : Gauges : Today/Yesterday : This Month/Year : All-Time Records : Graphs : WUnderground : Season Averages : Monthly Records : Data Summary : NOAA Reports : Forum : Station Info : System Info

Report for 2013 May
                   Monthly Climatological Summary for May 2013

Name: Cheadle Hulme   City: Cheadle   State: Cheshire
Elevation: 261 ft  Lat: N 53 21' 50"   Lon: W 002 11' 42"

                  Temperature (C), Rain (in), Wind Speed (mph)

                                      Heat  Cool        Avg
    Mean                              Deg   Deg         Wind                 Dom
Day Temp  High   Time   Low    Time   Days  Days  Rain  Speed High   Time    Dir
----------------------------------------------------------------------------------
 1   9.8  15.9   14:56   4.9   06:09   8.5   0.0  0.00   4.4  19.0   14:41     W
 2  10.1  18.1   16:49   1.3   05:59   8.2   0.0  0.00   1.7  13.0   15:45   WSW
 3  11.2  16.9   13:41   6.2   04:06   7.1   0.0  0.00   6.5  25.0   17:03    SW
 4  11.6  15.0   16:37   8.4   23:52   6.7   0.0  0.02   7.7  24.0   12:29   WSW
 5  12.9  17.8   13:40   7.7   01:30   5.4   0.0  0.00   6.2  19.0   02:07   SSW
 6  13.8  22.1   17:27   6.1   05:33   5.2   0.7  0.00   2.9  14.0   15:42    SW
 7  15.8  24.3   15:15   6.3   05:44   4.0   1.4  0.00   4.3  21.0   18:39    SE
 8  14.4  18.3   14:50   8.9   23:52   3.9   0.0  0.00   8.3  28.0   14:21     S
 9   9.7  12.7   11:01   7.1   04:15   8.6   0.0  0.22  12.0  37.0   10:33     S
10  10.3  15.3   15:35   8.2   02:29   8.0   0.0  0.25   6.8  24.0   15:05    SW
11   8.6  12.3   16:36   6.2   23:10   9.7   0.0  0.17   8.9  30.0   14:15   WSW
12   9.7  11.7   13:04   6.2   00:01   8.6   0.0  0.19   7.5  25.0   01:29   WSW
13   9.4  13.8   14:52   5.8   23:58   8.9   0.0  0.01   8.4  33.0   11:26   WSW
14   8.2  13.5   13:40   5.0   05:56  10.1   0.0  0.20   6.6  24.0   09:26     S
15   7.3  11.6   17:29   5.0   08:32  11.0   0.0  0.51   8.1  28.0   17:13    NW
16   9.6  16.8   16:21   3.7   02:06   8.7   0.0  0.03   3.3  18.0   20:10   SSE
17  10.8  13.9   12:36   7.8   02:56   7.5   0.0  0.15   3.8  17.0   08:52   NNE
18   9.2  10.0   18:11   8.3   04:30   9.1   0.0  0.04   4.5  18.0   10:15   WNW
19  12.3  15.8   13:11   8.6   06:26   6.0   0.0  0.00   3.2  18.0   19:25   WNW
20  13.1  16.5   14:43  10.7   00:08   5.2   0.0  0.00   4.9  16.0   15:08   WNW
21  11.6  15.3   15:01   9.4   23:23   6.7   0.0  0.04   3.9  20.0   15:29   WNW
22  10.4  13.5   16:47   7.5   23:58   7.9   0.0  0.00   9.1  30.0   18:35   WNW
23   7.6  11.2   12:51   5.2   05:37  10.7   0.0  0.04   7.6  29.0   15:37    NW
24   8.2  11.7   16:16   5.8   02:46  10.1   0.0  0.06  10.2  34.0   09:21     N
25  11.2  17.4   15:40   5.1   05:40   7.1   0.0  0.00   3.7  24.0   13:22    NW
26  11.6  19.4   16:29   3.2   05:03   6.7   0.1  0.00   2.6  17.0   19:13     W
27  10.6  15.6   13:36   6.7   05:15   7.7   0.0  0.07   8.4  27.0   13:14     S
28  10.5  13.6   15:06   8.2   04:06   7.8   0.0  0.27   4.9  18.0   18:14     E
29  11.6  14.9   11:23   8.4   04:46   6.6   0.0  0.21   4.6  18.0   11:20   NNE
30  13.5  17.2   16:14  11.2   01:25   4.8   0.0  0.05   4.9  18.0   15:12     N
31  13.9  19.8   15:24   8.6   05:21   4.5   0.1  0.00   5.5  23.0   16:31   WNW
----------------------------------------------------------------------------------
    10.9  24.3     7     1.3     2   231.0   2.3  2.53   6.0  37.0     9     WSW

Max >=  27.0:  0
Max <=   0.0:  0
Min <=   0.0:  0
Min <= -18.0:  0
Max Rain: 0.51 on day 15
Days of Rain: 17 (>= 0.02 in)  9 (>= 0.10 in)  0 (>= 1.00 in)
Heat Base: 18.3  Cool Base: 18.3  Method: Integration
Now : Realtime : Gauges : Today/Yesterday : This Month/Year : All-Time Records : Graphs : WUnderground : Season Averages : Monthly Records : Data Summary : NOAA Reports : Forum : Station Info : System Info


Page last updated 22/10/2017 14:45:04
Produced by CumulusCumulus v1.9.4 (1099)