Cheadle Hulme Weather

 Latitude N 53° 21' 50"    Longitude W 02° 11' 42"    Elevation 261 ft

Now : Realtime : Gauges : Today/Yesterday : This Month/Year : All-Time Records : Graphs : WUnderground : Season Averages : Monthly Records : Data Summary : NOAA Reports : Forum : Station Info : System Info

Report for 2013 Jun
                   Monthly Climatological Summary for Jun 2013

Name: Cheadle Hulme   City: Cheadle   State: Cheshire
Elevation: 261 ft  Lat: N 53 21' 50"   Lon: W 002 11' 42"

                  Temperature (C), Rain (in), Wind Speed (mph)

                                      Heat  Cool        Avg
    Mean                              Deg   Deg         Wind                 Dom
Day Temp  High   Time   Low    Time   Days  Days  Rain  Speed High   Time    Dir
----------------------------------------------------------------------------------
 1  11.9  15.7   15:15   7.5   05:38   6.4   0.0  0.00   7.4  25.0   11:45    NW
 2  12.6  17.4   16:50   8.4   05:40   5.7   0.0  0.00   5.0  20.0   09:52    NW
 3  14.5  22.1   15:30   5.6   05:15   4.5   0.7  0.00   1.1  10.0   14:43   NNW
 4  15.4  21.7   15:03   6.9   05:32   3.7   0.8  0.00   4.6  22.0   16:18    NE
 5  14.2  19.7   15:46   9.0   04:02   4.2   0.0  0.00   3.6  17.0   14:10   ENE
 6  15.1  21.8   16:46   9.3   04:33   3.8   0.7  0.00   4.6  18.0   17:54   ESE
 7  16.4  23.9   14:54   7.7   05:21   3.3   1.4  0.00   3.9  20.0   19:29     E
 8  15.4  21.3   16:41  10.2   04:28   3.3   0.5  0.00   4.3  18.0   18:43     E
 9  14.2  21.1   16:49   6.5   05:38   4.5   0.4  0.00   2.7  15.0   19:24     E
10  12.9  18.4   14:38   7.7   04:08   5.4   0.0  0.00   3.7  17.0   16:19    SE
11  14.5  19.7   18:05   9.7   02:17   3.9   0.1  0.00   6.7  22.0   10:23   SSE
12  16.4  20.3   15:17  13.9   02:23   2.1   0.1  0.04   9.1  29.0   13:05     S
13  13.7  16.8   10:33  11.2   14:15   4.6   0.0  0.18   8.3  26.0   13:32    SW
14  13.4  17.2   14:51   9.6   05:23   4.9   0.0  0.32   7.3  31.0   21:31     S
15  13.1  17.0   14:43   9.4   06:24   5.2   0.0  0.11   8.8  29.0   00:16   SSW
16  14.8  19.7   18:01  11.3   04:57   3.6   0.1  0.01   4.3  18.0   00:11    SW
17  15.9  19.3   15:53  12.0   23:49   2.5   0.1  0.00   3.5  17.0   17:22     E
18  18.1  25.1   14:41  10.9   03:54   2.1   1.9  0.00   4.0  15.0   11:39   ESE
19  17.4  21.3   14:55  11.0   23:58   1.6   0.7  0.00   4.3  20.0   15:18   WNW
20  14.5  21.0   15:04   7.6   05:20   4.2   0.4  0.03   2.4  16.0   14:14     E
21  16.8  21.1   17:21  14.1   05:48   1.9   0.3  0.01   3.9  20.0   23:26     W
22  14.4  18.2   16:56  11.0   02:36   3.9   0.0  0.36   9.3  28.0   09:37   SSW
23  12.4  14.6   14:00  11.6   03:43   5.9   0.0  0.60  11.1  35.0   14:02   WNW
24  12.4  15.6   17:05  10.1   01:56   5.9   0.0  0.04   8.4  24.0   12:01   WNW
25  14.3  20.4   15:04   8.5   04:14   4.2   0.2  0.00   2.5  17.0   16:01   WNW
26  14.6  18.4   14:39  10.3   05:21   3.7   0.0  0.00   5.0  25.0   14:22   WNW
27  12.5  15.3   11:16  11.1   02:02   5.8   0.0  0.26   3.9  18.0   12:05   WNW
28  14.1  16.8   13:48  11.3   23:51   4.2   0.0  0.46   7.1  23.0   16:03   WNW
29  14.1  19.1   15:43  10.3   05:16   4.2   0.0  0.00   4.5  18.0   16:28   WNW
30  16.2  20.8   14:47  13.7   05:09   2.3   0.2  0.01   5.7  23.0   17:59   WSW
----------------------------------------------------------------------------------
    14.5  25.1    18     5.6     3   121.5   8.6  2.43   5.4  35.0    23     WSW

Max >=  27.0:  0
Max <=   0.0:  0
Min <=   0.0:  0
Min <= -18.0:  0
Max Rain: 0.60 on day 23
Days of Rain: 10 (>= 0.02 in)  7 (>= 0.10 in)  0 (>= 1.00 in)
Heat Base: 18.3  Cool Base: 18.3  Method: Integration
Now : Realtime : Gauges : Today/Yesterday : This Month/Year : All-Time Records : Graphs : WUnderground : Season Averages : Monthly Records : Data Summary : NOAA Reports : Forum : Station Info : System Info


Page last updated 18/12/2017 07:00:03
Produced by CumulusCumulus v1.9.4 (1099)