Cheadle Hulme Weather

 Latitude N 53° 21' 50"    Longitude W 02° 11' 42"    Elevation 261 ft

Now : Realtime : Gauges : Today/Yesterday : This Month/Year : All-Time Records : Graphs : WUnderground : Season Averages : Monthly Records : Data Summary : NOAA Reports : Forum : Station Info : System Info

Report for 2013 Jul
                   Monthly Climatological Summary for Jul 2013

Name: Cheadle Hulme   City: Cheadle   State: Cheshire
Elevation: 261 ft  Lat: N 53 21' 50"   Lon: W 002 11' 42"

                  Temperature (C), Rain (in), Wind Speed (mph)

                                      Heat  Cool        Avg
    Mean                              Deg   Deg         Wind                 Dom
Day Temp  High   Time   Low    Time   Days  Days  Rain  Speed High   Time    Dir
----------------------------------------------------------------------------------
 1  13.8  17.6   16:55  11.5   05:03   4.5   0.0  0.00   4.7  20.0   14:47     W
 2  13.6  15.8   13:18  11.3   04:04   4.7   0.0  0.19   6.9  22.0   10:01     S
 3  14.8  16.7   12:28  12.8   23:58   3.5   0.0  0.14   6.1  20.0   11:27     W
 4  16.6  20.9   12:55  12.2   00:33   2.0   0.4  0.00   7.0  24.0   14:07   WSW
 5  17.4  23.7   17:34  10.6   05:57   2.3   1.4  0.00   1.6  11.0   11:27   WSW
 6  19.4  26.3   16:08  12.5   05:21   1.5   2.5  0.00   2.8  16.0   19:06     W
 7  19.8  27.2   15:06  11.3   05:18   1.7   3.3  0.00   2.6  17.0   14:00   WNW
 8  20.9  27.5   14:55  14.1   05:00   0.9   3.5  0.00   3.0  15.0   13:20   ENE
 9  20.5  28.0   15:56  12.1   05:13   1.5   3.6  0.00   2.3  16.0   17:13   WNW
10  19.2  23.4   14:56  14.3   23:53   0.7   1.7  0.00   4.3  16.0   15:12    NE
11  18.4  25.9   16:32  10.9   05:40   2.2   2.3  0.00   2.6  13.0   13:06    NE
12  19.9  27.5   15:32  11.9   05:28   1.6   3.2  0.00   2.2  16.0   16:08   WNW
13  20.8  28.4   15:27  13.7   05:27   1.0   3.6  0.00   3.1  17.0   15:32   WNW
14  18.6  23.9   14:12  13.8   23:54   1.3   1.6  0.00   3.7  19.0   15:15   WNW
15  18.0  25.5   15:23  11.3   04:48   2.3   2.0  0.00   2.9  17.0   15:34   WNW
16  19.0  27.1   16:27  11.4   05:46   1.9   2.6  0.00   2.3  15.0   17:50   WNW
17  20.2  27.7   16:03  12.7   05:49   1.4   3.3  0.00   2.1  16.0   19:39   WNW
18  22.2  29.2   15:34  14.1   04:51   0.8   4.7  0.00   1.2  10.0   11:11    SW
19  23.2  30.5   14:06  15.2   04:35   0.6   5.5  0.00   3.5  19.0   19:56     E
20  20.2  25.2   15:36  15.4   05:39   0.4   2.3  0.00   5.7  21.0   11:16     E
21  17.4  19.7   13:44  15.4   23:55   1.1   0.2  0.00   5.4  19.0   07:52     E
22  21.1  27.7   18:14  13.0   03:53   1.4   4.1  0.00   3.1  15.0   14:53   ESE
23  20.7  25.1   13:55  16.9   23:56   0.1   2.4  0.92   4.1  36.0   06:10   SSE
24  19.9  25.1   13:49  15.6   02:49   0.7   2.2  0.00   2.8  16.0   14:48   SSW
25  20.0  25.1   14:39  16.3   06:23   0.4   2.2  0.05   4.3  19.0   01:28     S
26  19.6  25.4   18:38  13.4   05:53   1.1   2.4  0.00   2.2  12.0   15:45    SW
27  19.5  26.7   16:38  12.1   05:10   1.7   2.9  0.59   2.1  15.0   19:46   SSE
28  17.5  22.6   13:51  14.7   05:07   1.4   0.6  1.14   5.2  22.0   13:07    SW
29  17.8  21.8   13:00  15.1   23:18   1.0   0.5  0.91   6.6  23.0   11:28   SSW
30  17.4  22.2   13:47  13.4   06:07   1.7   0.8  0.01   5.1  16.0   18:32   SSW
31  16.6  19.4   20:30  14.2   03:40   1.8   0.1  0.26   5.0  18.0   20:42     S
----------------------------------------------------------------------------------
    18.8  30.5    19    10.6     5    49.2  65.9  4.21   3.8  36.0    23      SW

Max >=  27.0: 10
Max <=   0.0:  0
Min <=   0.0:  0
Min <= -18.0:  0
Max Rain: 1.14 on day 28
Days of Rain: 8 (>= 0.02 in)  7 (>= 0.10 in)  1 (>= 1.00 in)
Heat Base: 18.3  Cool Base: 18.3  Method: Integration
Now : Realtime : Gauges : Today/Yesterday : This Month/Year : All-Time Records : Graphs : WUnderground : Season Averages : Monthly Records : Data Summary : NOAA Reports : Forum : Station Info : System Info


Page last updated 22/10/2017 03:45:03
Produced by CumulusCumulus v1.9.4 (1099)