Cheadle Hulme Weather

 Latitude N 53° 21' 50"    Longitude W 02° 11' 42"    Elevation 261 ft

Now : Realtime : Gauges : Today/Yesterday : This Month/Year : All-Time Records : Graphs : WUnderground : Season Averages : Monthly Records : Data Summary : NOAA Reports : Forum : Station Info : System Info

Report for 2013 Aug
                   Monthly Climatological Summary for Aug 2013

Name: Cheadle Hulme   City: Cheadle   State: Cheshire
Elevation: 261 ft  Lat: N 53 21' 50"   Lon: W 002 11' 42"

                  Temperature (C), Rain (in), Wind Speed (mph)

                                      Heat  Cool        Avg
    Mean                              Deg   Deg         Wind                 Dom
Day Temp  High   Time   Low    Time   Days  Days  Rain  Speed High   Time    Dir
----------------------------------------------------------------------------------
 1  22.5  31.3   17:59  17.6   02:07   0.1   4.3  0.00   5.8  20.0   08:58     S
 2  20.9  26.4   15:33  16.8   04:53   0.3   2.8  0.00   6.0  25.0   14:48   SSW
 3  18.2  23.4   16:53  14.6   04:59   1.2   1.1  0.03   6.5  23.0   13:30    SW
 4  17.1  20.1   13:26  14.9   05:02   1.3   0.1  0.16   7.7  21.0   13:42     S
 5  16.5  20.9   13:14  13.0   23:50   1.9   0.1  0.40   7.9  32.0   12:53     S
 6  15.1  19.6   17:44  11.8   23:52   3.3   0.1  0.00   1.9  11.0   12:26     W
 7  15.8  22.8   15:46   8.9   06:06   3.5   1.0  0.00   1.6  11.0   13:01    NE
 8  16.7  23.8   15:20   9.0   05:23   2.9   1.4  0.00   2.4  16.0   14:01   SSW
 9  16.1  18.3   14:51  14.5   23:47   2.2   0.0  0.16   6.7  24.0   13:27     W
10  15.7  19.6   17:43  13.2   06:07   2.7   0.1  0.00   2.5  17.0   15:56   WSW
11  15.4  19.2   16:23  12.8   07:25   2.9   0.0  0.08   6.2  25.0   15:19     W
12  14.1  16.9   15:13  12.2   04:33   4.2   0.0  0.20   6.7  29.0   15:33   WNW
13  14.0  18.7   17:11  10.7   03:39   4.3   0.0  0.11   3.6  20.0   17:11     W
14  16.2  21.1   13:47  10.7   04:55   2.6   0.5  0.00   5.3  19.0   14:45     S
15  19.3  25.2   14:31  16.7   04:18   0.5   1.5  0.17   7.0  21.0   15:09   SSW
16  17.2  20.8   15:16  13.7   22:47   1.5   0.4  0.28   5.3  23.0   02:03   WSW
17  16.1  19.4   16:16  13.3   02:52   2.2   0.1  0.18   9.4  32.0   19:15     S
18  15.6  19.3   15:23  12.7   06:14   2.7   0.0  0.04   4.3  20.0   12:14     W
19  15.3  18.7   15:51  11.7   06:24   3.0   0.0  0.01   3.7  17.0   11:38     W
20  16.9  22.3   15:24  12.6   04:09   2.2   0.7  0.00   2.8  14.0   12:08   WSW
21  17.3  23.1   15:52  13.4   04:45   1.9   0.9  0.00   4.9  19.0   11:39   SSW
22  18.9  24.4   15:19  12.8   06:31   1.4   2.0  0.00   3.1  14.0   12:46     S
23  19.2  22.8   12:39  14.7   05:46   0.6   1.5  0.12   3.6  20.0   08:01   SSE
24  15.8  17.8   13:36  13.6   21:26   2.5   0.0  0.55   4.8  21.0   14:48   WNW
25  17.7  24.3   15:14  13.3   06:08   2.0   1.4  0.00   3.1  14.0   12:42     N
26  18.1  25.8   15:07  10.2   06:09   2.4   2.3  0.00   2.3  14.0   13:09     E
27  16.0  21.6   14:53  10.6   04:16   2.8   0.6  0.00   2.7  16.0   11:45    NW
28  16.1  20.3   15:24  12.4   23:53   2.3   0.1  0.00   2.6  16.0   17:39   WNW
29  16.7  21.2   13:47  11.5   01:08   2.2   0.7  0.00   3.9  15.0   11:47   WSW
30  18.2  22.0   12:27  14.4   23:57   1.0   0.9  0.00   6.0  28.0   22:50   WSW
31  13.8  17.2   14:41   9.0   06:39   4.5   0.0  0.00   6.0  25.0   12:12   WNW
----------------------------------------------------------------------------------
    16.9  31.3     1     8.9     7    69.1  24.6  2.49   4.7  32.0     5      SW

Max >=  27.0:  1
Max <=   0.0:  0
Min <=   0.0:  0
Min <= -18.0:  0
Max Rain: 0.55 on day 24
Days of Rain: 13 (>= 0.02 in)  10 (>= 0.10 in)  0 (>= 1.00 in)
Heat Base: 18.3  Cool Base: 18.3  Method: Integration
Now : Realtime : Gauges : Today/Yesterday : This Month/Year : All-Time Records : Graphs : WUnderground : Season Averages : Monthly Records : Data Summary : NOAA Reports : Forum : Station Info : System Info


Page last updated 22/10/2017 14:45:04
Produced by CumulusCumulus v1.9.4 (1099)