Select a Year or Month report
Report for 2013 Sep
Monthly Climatological Summary for Sep 2013
Name: Cheadle Hulme City: Cheadle State: Cheshire
Elevation: 261 ft Lat: N 53° 21' 50" Lon: W 002° 11' 42"
Temperature (°C), Rain (in), Wind Speed (mph)
Heat Cool Avg
Mean Deg Deg Wind Dom
Day Temp High Time Low Time Days Days Rain Speed High Time Dir
----------------------------------------------------------------------------------
1 13.3 15.2 12:00 10.3 04:28 5.0 0.0 0.00 5.6 26.0 12:37 W
2 16.4 20.3 15:09 12.3 00:40 2.2 0.2 0.00 6.1 24.0 11:30 WNW
3 17.8 23.3 17:09 14.8 00:30 1.4 1.0 0.00 2.3 12.0 17:11 SSW
4 17.7 25.1 16:57 10.2 06:07 2.5 1.9 0.00 2.9 17.0 11:54 S
5 15.6 21.3 13:49 11.6 05:59 3.0 0.3 0.00 3.1 18.0 15:57 WNW
6 12.3 14.1 00:27 9.9 23:50 6.0 0.0 0.48 2.3 12.0 13:38 NW
7 11.8 16.5 14:06 7.9 23:43 6.5 0.0 0.01 5.8 21.0 14:17 S
8 11.4 16.8 13:32 6.4 06:58 6.9 0.0 0.03 4.3 16.0 09:27 SSW
9 10.7 16.3 14:42 5.9 07:21 7.6 0.0 0.48 2.5 24.0 16:17 WNW
10 11.5 15.7 15:16 7.3 05:41 6.8 0.0 0.00 3.4 23.0 15:01 NW
11 11.6 13.6 12:07 8.0 06:10 6.7 0.0 0.13 1.9 14.0 11:22 WNW
12 15.4 19.2 15:51 12.1 03:41 3.0 0.1 0.16 1.8 19.0 23:53 SW
13 12.8 16.4 00:00 10.4 23:56 5.5 0.0 0.12 3.4 17.0 00:46 WNW
14 11.6 16.4 14:40 7.3 23:57 6.7 0.0 0.01 2.2 16.0 17:56 WNW
15 10.5 15.0 15:55 7.2 00:10 7.8 0.0 0.40 9.0 34.0 13:03 SW
16 9.4 12.6 14:40 7.6 04:11 8.9 0.0 0.40 8.1 31.0 16:04 W
17 9.3 10.4 14:10 8.6 04:36 9.0 0.0 0.27 3.3 18.0 00:38 WSW
18 10.8 14.2 15:34 7.7 06:41 7.5 0.0 0.04 5.2 29.0 14:56 WNW
19 12.4 16.0 15:18 9.6 00:00 5.9 0.0 0.11 8.1 27.0 15:30 WSW
20 12.7 15.2 16:34 10.5 06:41 5.6 0.0 0.01 4.1 23.0 00:03 WNW
21 15.3 21.6 16:41 9.9 02:17 3.5 0.5 0.01 4.0 15.0 14:16 SSW
22 17.3 21.6 14:47 12.0 23:58 1.6 0.6 0.00 3.5 16.0 11:56 WSW
23 14.0 17.6 16:47 8.6 06:57 4.3 0.0 0.00 1.2 10.0 23:44 S
24 16.3 21.8 15:11 11.6 07:58 2.5 0.6 0.00 1.4 10.0 13:52 SSE
25 15.2 17.6 15:29 13.0 23:51 3.1 0.0 0.03 1.4 20.0 22:45 ENE
26 14.2 18.8 14:08 11.4 07:18 4.1 0.0 0.00 4.9 19.0 10:45 E
27 15.4 20.5 13:54 12.6 23:57 3.1 0.3 0.00 3.6 15.0 14:31 SE
28 14.3 20.5 15:39 8.2 06:36 4.2 0.2 0.00 5.0 25.0 21:35 E
29 14.5 19.8 14:07 12.1 07:15 3.9 0.1 0.00 7.5 24.0 15:04 E
30 14.4 17.5 13:41 11.7 23:57 3.9 0.0 0.00 6.4 22.0 11:47 E
----------------------------------------------------------------------------------
13.5 25.1 4 5.9 9 148.7 5.8 2.69 4.1 34.0 15 WSW
Max >= 27.0: 0
Max <= 0.0: 0
Min <= 0.0: 0
Min <= -18.0: 0
Max Rain: 0.48 on day 6
Days of Rain: 12 (>= 0.02 in) 9 (>= 0.10 in) 0 (>= 1.00 in)
Heat Base: 18.3 Cool Base: 18.3 Method: Integration