Select a Year or Month report
Report for 2013 Oct
Monthly Climatological Summary for Oct 2013
Name: Cheadle Hulme City: Cheadle State: Cheshire
Elevation: 261 ft Lat: N 53° 21' 50" Lon: W 002° 11' 42"
Temperature (°C), Rain (in), Wind Speed (mph)
Heat Cool Avg
Mean Deg Deg Wind Dom
Day Temp High Time Low Time Days Days Rain Speed High Time Dir
----------------------------------------------------------------------------------
1 14.0 16.6 16:55 10.9 01:21 4.3 0.0 0.00 6.2 26.0 22:53 ESE
2 14.8 18.3 13:06 12.4 05:50 3.5 0.0 0.39 6.5 26.0 00:45 ESE
3 16.9 18.9 11:10 15.8 06:37 1.4 0.0 0.23 7.5 24.0 18:13 SE
4 16.3 18.3 13:25 14.3 22:23 2.0 0.0 0.03 5.2 20.0 16:13 SW
5 14.2 16.9 14:37 10.6 23:55 4.1 0.0 0.01 3.2 15.0 12:31 W
6 13.7 19.8 15:36 8.6 07:10 4.7 0.1 0.01 4.3 14.0 09:46 SSW
7 16.8 18.6 15:12 15.2 04:02 1.5 0.0 0.00 5.7 18.0 10:59 SSW
8 15.3 17.9 12:23 12.4 22:44 3.0 0.0 0.03 5.6 21.0 12:36 WSW
9 11.1 13.7 12:42 7.9 23:25 7.2 0.0 0.10 7.4 31.0 16:13 WNW
10 8.3 12.2 14:42 5.1 07:33 10.0 0.0 0.00 7.0 29.0 11:43 NNW
11 11.0 14.1 12:53 7.7 00:13 7.3 0.0 0.02 9.4 26.0 13:21 NNE
12 11.6 12.8 11:49 10.3 01:45 6.7 0.0 0.00 9.1 27.0 07:39 NE
13 10.6 12.1 16:53 9.5 23:12 7.7 0.0 0.09 4.9 20.0 04:39 N
14 9.8 12.9 13:40 7.6 23:17 8.5 0.0 0.27 4.6 17.0 00:48 N
15 10.0 15.0 13:41 6.9 03:25 8.3 0.0 0.01 1.4 10.0 17:34 NNW
16 10.2 13.0 17:25 5.8 03:22 8.1 0.0 0.21 6.2 29.0 13:57 SSE
17 12.1 16.7 15:24 9.1 07:16 6.2 0.0 0.02 3.3 17.0 02:27 WSW
18 12.6 15.1 12:54 9.2 00:12 5.7 0.0 0.07 4.4 22.0 23:28 SE
19 14.0 18.4 15:32 11.2 23:55 4.3 0.0 0.25 6.7 23.0 04:11 SSE
20 13.4 17.0 13:56 11.3 00:00 4.9 0.0 0.51 8.3 27.0 10:14 S
21 14.1 17.2 14:04 10.7 03:10 4.2 0.0 0.31 8.4 27.0 21:20 S
22 15.6 17.6 15:15 14.4 23:58 2.7 0.0 0.16 9.4 28.0 01:49 SSE
23 11.8 14.4 00:00 7.9 23:58 6.5 0.0 0.24 8.5 28.0 12:18 SW
24 10.9 16.8 14:29 6.9 04:42 7.4 0.0 0.00 4.6 19.0 23:25 S
25 14.5 18.5 14:33 12.3 00:48 3.8 0.0 0.12 9.6 30.0 18:45 SSE
26 13.4 15.3 13:19 10.2 23:50 4.9 0.0 0.24 8.0 31.0 19:37 SSW
27 11.6 14.1 12:47 9.3 01:15 7.0 0.0 0.10 9.5 34.0 04:23 S
28 9.5 12.1 14:45 7.6 22:51 8.8 0.0 0.56 5.9 26.0 13:11 SW
29 8.0 9.3 12:59 6.9 23:57 10.3 0.0 0.56 4.8 21.0 11:36 WSW
30 8.9 12.7 13:03 4.4 07:18 9.4 0.0 0.09 7.6 30.0 18:28 S
31 10.4 13.1 11:37 8.1 00:49 7.9 0.0 0.01 7.3 22.0 12:06 SSW
----------------------------------------------------------------------------------
12.4 19.8 6 4.4 30 182.3 0.1 4.64 6.5 34.0 27 S
Max >= 27.0: 0
Max <= 0.0: 0
Min <= 0.0: 0
Min <= -18.0: 0
Max Rain: 0.56 on day 28
Days of Rain: 22 (>= 0.02 in) 15 (>= 0.10 in) 0 (>= 1.00 in)
Heat Base: 18.3 Cool Base: 18.3 Method: Integration