Cheadle Hulme Weather

 Latitude N 53° 21' 50"    Longitude W 02° 11' 42"    Elevation 261 ft

Now : Realtime : Gauges : Today/Yesterday : This Month/Year : All-Time Records : Graphs : WUnderground : Season Averages : Monthly Records : Data Summary : NOAA Reports : Forum : Station Info : System Info
Select a Year or Month report

Report for 2013 Nov
                   Monthly Climatological Summary for Nov 2013

Name: Cheadle Hulme   City: Cheadle   State: Cheshire
Elevation: 261 ft  Lat: N 53 21' 50"   Lon: W 002 11' 42"

                  Temperature (C), Rain (in), Wind Speed (mph)

                                      Heat  Cool        Avg
    Mean                              Deg   Deg         Wind                 Dom
Day Temp  High   Time   Low    Time   Days  Days  Rain  Speed High   Time    Dir
----------------------------------------------------------------------------------
 1   8.8  10.4   09:40   7.7   06:32   9.5   0.0  0.34   3.0  17.0   00:03   SSW
 2   8.5  12.6   13:41   4.8   04:52   9.8   0.0  0.18   8.1  37.0   16:32   SSW
 3   6.6   8.9   13:21   4.4   20:37  11.7   0.0  0.16   5.6  28.0   00:36   WSW
 4   4.5  10.1   13:26  -0.1   06:57  13.8   0.0  0.02   2.8  18.0   12:33     W
 5   7.0  10.3   14:07   4.2   00:00  11.3   0.0  0.16   5.8  24.0   12:20    SW
 6   8.4   9.8   11:51   6.8   00:02   9.9   0.0  0.17   3.7  19.0   22:10   SSW
 7   7.6  11.2   12:44   4.9   07:58  10.7   0.0  0.03   6.1  21.0   12:59   SSW
 8   6.9   8.6   11:56   4.6   23:55  11.4   0.0  0.04   5.2  22.0   21:06   SSW
 9   5.0   7.9   11:56   3.3   01:54  13.3   0.0  0.24   5.0  20.0   14:52   SSW
10   4.4   9.5   13:50   0.5   07:58  13.9   0.0  0.01   2.1  16.0   23:58   WSW
11  10.3  13.1   15:35   6.2   00:00   8.0   0.0  0.14   6.9  28.0   04:02     S
12   8.7  11.8   13:18   5.3   23:47   9.6   0.0  0.02   3.7  23.0   13:32     W
13   7.1   9.9   12:25   3.6   06:47  11.2   0.0  0.00   7.0  24.0   19:07   SSW
14   7.2   9.7   13:43   1.8   23:54  11.0   0.0  0.15   8.4  36.0   02:58   WNW
15   5.0   9.7   13:23  -0.2   04:23  13.3   0.0  0.00   0.9   6.0   14:10   WNW
16   9.7  11.2   13:00   8.4   23:51   8.6   0.0  0.01   2.7  18.0   12:53     W
17   9.6  10.9   12:00   8.1   00:38   8.7   0.0  0.00   2.0  12.0   13:41   SSW
18   7.5   9.4   00:00   2.9   23:59  10.8   0.0  0.07   4.5  19.0   22:48   WSW
19   2.2   5.8   13:30  -0.3   19:29  16.0   0.0  0.07   2.7  15.0   03:27   WNW
20   5.4   7.3   12:31   2.7   00:00  12.9   0.0  0.41   8.9  31.0   19:46   WNW
21   6.3   8.9   14:06   4.6   19:42  12.0   0.0  0.05   4.8  19.0   00:43     N
22   4.3   8.6   13:28   0.1   23:53  14.0   0.0  0.00   1.7  12.0   14:04     N
23   0.8   5.3   15:00  -2.3   07:33  17.5   0.0  0.01   0.5  11.0   15:13   NNW
24   4.0   7.4   14:35  -0.6   00:00  14.3   0.0  0.00   1.0  12.0   15:41     N
25   2.0   6.2   13:43  -0.8   22:42  16.3   0.0  0.01   0.6   8.0   16:26   WNW
26   4.7   8.6   22:40  -0.6   00:15  13.6   0.0  0.00   1.5  12.0   22:38   WNW
27   9.5  10.6   12:47   8.1   22:54   8.8   0.0  0.02   4.4  18.0   18:15   WNW
28   8.4  10.0   14:24   7.2   06:46   9.9   0.0  0.00   1.4  13.0   18:32    NW
29   7.7   9.4   09:17   6.0   23:57  10.6   0.0  0.15   9.4  34.0   10:56   WNW
30   5.3   8.2   23:45   1.3   08:35  13.0   0.0  0.00   2.4  18.0   01:05   WNW
----------------------------------------------------------------------------------
     6.4  13.1    11    -2.3    23   355.4   0.0  2.46   4.1  37.0     2     WSW

Max >=  27.0:  0
Max <=   0.0:  0
Min <=   0.0:  7
Min <= -18.0:  0
Max Rain: 0.41 on day 20
Days of Rain: 18 (>= 0.02 in)  10 (>= 0.10 in)  0 (>= 1.00 in)
Heat Base: 18.3  Cool Base: 18.3  Method: Integration
Now : Realtime : Gauges : Today/Yesterday : This Month/Year : All-Time Records : Graphs : WUnderground : Season Averages : Monthly Records : Data Summary : NOAA Reports : Forum : Station Info : System Info


Page last updated 27/06/2017 13:15:03
Produced by CumulusCumulus v1.9.4 (1099)