Select a Year or Month report
Report for 2013 Dec
Monthly Climatological Summary for Dec 2013
Name: Cheadle Hulme City: Cheadle State: Cheshire
Elevation: 261 ft Lat: N 53° 21' 50" Lon: W 002° 11' 42"
Temperature (°C), Rain (in), Wind Speed (mph)
Heat Cool Avg
Mean Deg Deg Wind Dom
Day Temp High Time Low Time Days Days Rain Speed High Time Dir
----------------------------------------------------------------------------------
1 9.0 10.6 12:54 8.2 00:00 9.2 0.0 0.00 2.2 15.0 02:08 WNW
2 7.7 8.6 12:00 6.7 23:30 10.6 0.0 0.00 1.7 9.0 23:03 ESE
3 7.0 8.2 13:46 6.3 18:33 11.3 0.0 0.00 5.0 13.0 04:04 SSW
4 6.2 8.4 13:03 4.1 09:57 12.1 0.0 0.02 5.1 23.0 14:42 W
5 5.8 9.5 10:39 2.8 20:22 12.5 0.0 0.13 11.7 52.0 13:02 W
6 4.9 7.1 13:45 2.6 00:57 13.4 0.0 0.14 4.5 19.0 06:40 WNW
7 7.4 9.2 12:39 6.1 08:37 10.9 0.0 0.09 4.1 17.0 03:04 SW
8 9.1 12.1 13:49 6.7 05:41 9.2 0.0 0.00 6.5 19.0 13:36 SSW
9 9.4 11.9 13:09 5.7 23:54 8.9 0.0 0.01 5.3 18.0 04:43 SSW
10 7.5 9.7 14:08 5.3 01:48 10.8 0.0 0.00 7.0 19.0 11:26 S
11 5.8 7.5 00:00 3.1 09:08 12.4 0.0 0.00 4.8 18.0 22:29 SSE
12 8.9 11.3 19:28 5.6 03:25 9.4 0.0 0.28 6.4 17.0 08:00 SSE
13 10.3 12.2 12:04 6.7 23:57 8.0 0.0 0.19 7.2 25.0 12:18 S
14 8.1 11.8 15:46 3.9 04:20 10.2 0.0 0.02 10.7 39.0 16:18 S
15 10.2 13.3 19:17 4.0 07:22 8.1 0.0 0.05 9.2 33.0 12:37 S
16 8.7 13.0 01:02 6.1 23:19 9.6 0.0 0.30 6.8 32.0 00:59 SW
17 4.7 7.3 12:44 2.1 08:39 13.6 0.0 0.00 4.1 11.0 00:16 S
18 7.8 11.1 17:21 3.9 01:57 10.4 0.0 0.37 11.7 54.0 20:16 SSE
19 4.1 6.1 00:00 2.2 23:56 14.2 0.0 0.06 0.0 0.0 00:00 ---
20 6.1 10.1 19:11 2.1 00:06 12.2 0.0 0.09 0.0 0.0 00:00 ---
21 9.3 11.3 12:42 5.4 23:58 9.0 0.0 0.14 4.5 36.0 18:35 SSW
22 5.2 7.7 13:44 3.1 21:55 13.1 0.0 0.06 7.8 25.0 05:14 SSW
23 7.9 11.2 23:58 3.2 00:00 10.4 0.0 0.77 12.6 40.0 12:28 S
24 5.9 11.4 00:07 4.1 09:15 12.4 0.0 0.07 12.0 39.0 12:37 SSW
25 3.6 5.1 13:34 0.7 23:20 14.7 0.0 0.01 6.2 23.0 04:48 S
26 3.6 6.8 23:53 0.3 07:17 14.7 0.0 0.02 5.7 39.0 23:57 SSE
27 7.7 9.7 12:53 5.2 23:50 10.6 0.0 0.13 13.9 45.0 07:50 SSW
28 4.8 8.2 13:21 3.4 07:53 13.5 0.0 0.01 6.6 20.0 01:15 SSW
29 5.0 8.4 23:58 2.9 09:11 13.3 0.0 0.04 6.8 28.0 23:44 S
30 8.1 11.3 10:39 5.0 23:37 10.2 0.0 0.10 11.6 41.0 10:21 S
31 6.7 9.3 09:50 5.1 00:00 11.5 0.0 0.08 9.2 36.0 09:38 SSE
----------------------------------------------------------------------------------
7.0 13.3 15 0.3 26 350.4 0.0 3.18 6.8 54.0 18 SSW
Max >= 27.0: 0
Max <= 0.0: 0
Min <= 0.0: 0
Min <= -18.0: 0
Max Rain: 0.77 on day 23
Days of Rain: 21 (>= 0.02 in) 10 (>= 0.10 in) 0 (>= 1.00 in)
Heat Base: 18.3 Cool Base: 18.3 Method: Integration