Select a Year or Month report
Report for 2014 Jan
Monthly Climatological Summary for Jan 2014
Name: Cheadle Hulme City: Cheadle State: Cheshire
Elevation: 261 ft Lat: N 53° 21' 50" Lon: W 002° 11' 42"
Temperature (°C), Rain (in), Wind Speed (mph)
Heat Cool Avg
Mean Deg Deg Wind Dom
Day Temp High Time Low Time Days Days Rain Speed High Time Dir
----------------------------------------------------------------------------------
1 7.8 10.8 17:08 5.2 06:05 10.5 0.0 0.30 10.9 36.0 13:21 SSE
2 7.1 9.1 13:01 5.1 07:24 11.2 0.0 0.04 7.7 29.0 23:20 S
3 7.3 9.6 00:47 5.7 19:05 11.0 0.0 0.27 12.3 35.0 06:45 S
4 5.3 6.8 06:36 2.4 22:14 13.0 0.0 0.00 5.6 27.0 00:03 S
5 5.7 11.8 21:58 2.2 07:54 12.6 0.0 0.25 9.7 35.0 21:22 S
6 9.1 11.1 12:06 7.8 05:33 9.2 0.0 0.29 12.1 34.0 12:43 S
7 8.4 9.8 12:41 7.6 08:12 9.9 0.0 0.15 11.4 32.0 13:47 S
8 8.0 9.1 23:59 6.4 20:39 10.3 0.0 0.24 5.5 23.0 04:52 S
9 6.3 9.7 01:16 3.4 23:16 12.0 0.0 0.06 6.2 24.0 07:21 WSW
10 6.2 8.6 13:48 3.3 00:20 12.1 0.0 0.03 7.4 20.0 21:30 S
11 4.4 7.5 00:00 1.1 22:26 13.9 0.0 0.14 3.5 24.0 08:40 W
12 4.2 7.7 23:11 0.0 03:57 14.1 0.0 0.12 7.1 24.0 16:01 SSE
13 5.8 8.1 13:24 4.2 09:04 12.5 0.0 0.06 6.0 20.0 17:46 S
14 4.4 6.7 13:59 2.2 09:02 13.9 0.0 0.23 5.2 22.0 20:11 S
15 9.0 11.3 12:53 5.7 00:00 9.3 0.0 0.19 7.4 23.0 13:36 S
16 7.1 9.1 13:59 5.5 05:07 11.2 0.0 0.01 6.0 21.0 13:54 SSE
17 6.7 9.0 14:12 5.4 05:56 11.6 0.0 0.02 6.5 23.0 08:27 S
18 7.7 10.1 14:01 3.8 03:56 10.6 0.0 0.05 7.7 24.0 10:06 SE
19 5.9 8.2 00:00 3.2 19:24 12.4 0.0 0.06 3.6 16.0 00:52 S
20 4.3 8.4 14:06 2.2 07:35 14.0 0.0 0.00 2.0 8.0 02:07 S
21 5.2 7.3 13:55 3.0 06:11 13.1 0.0 0.10 7.4 27.0 19:28 SSE
22 7.1 8.7 13:37 5.2 08:13 11.2 0.0 0.05 4.5 19.0 00:53 S
23 4.5 6.9 11:24 1.3 23:45 13.8 0.0 0.14 7.0 31.0 15:29 W
24 5.0 7.8 23:57 1.0 00:32 13.3 0.0 0.28 6.5 23.0 11:48 SSE
25 7.0 10.8 13:10 4.1 23:56 11.3 0.0 0.13 9.0 41.0 13:41 WSW
26 4.7 7.7 14:41 2.8 02:34 13.6 0.0 0.30 8.1 37.0 11:42 SSW
27 5.0 8.5 14:00 2.1 01:30 13.3 0.0 0.12 7.8 20.0 15:03 S
28 6.4 8.2 13:15 5.2 02:58 11.9 0.0 0.11 7.8 25.0 06:16 SSE
29 5.4 6.7 13:09 3.8 22:04 12.9 0.0 0.02 7.3 26.0 20:40 E
30 3.3 4.4 23:53 2.5 09:29 15.0 0.0 0.02 5.4 19.0 09:12 ENE
31 4.8 7.3 19:32 2.4 08:08 13.5 0.0 0.23 8.7 30.0 14:20 SSE
----------------------------------------------------------------------------------
6.1 11.8 5 0.0 12 378.2 0.0 4.01 7.2 41.0 25 S
Max >= 27.0: 0
Max <= 0.0: 0
Min <= 0.0: 1
Min <= -18.0: 0
Max Rain: 0.30 on day 1
Days of Rain: 28 (>= 0.02 in) 18 (>= 0.10 in) 0 (>= 1.00 in)
Heat Base: 18.3 Cool Base: 18.3 Method: Integration