Cheadle Hulme Weather

 Latitude N 53° 21' 50"    Longitude W 02° 11' 42"    Elevation 261 ft

Now : Realtime : Gauges : Today/Yesterday : This Month/Year : All-Time Records : Graphs : WUnderground : Season Averages : Monthly Records : Data Summary : NOAA Reports : Forum : Station Info : System Info
Select a Year or Month report

Report for 2014 Mar
                   Monthly Climatological Summary for Mar 2014

Name: Cheadle Hulme   City: Cheadle   State: Cheshire
Elevation: 261 ft  Lat: N 53 21' 50"   Lon: W 002 11' 42"

                  Temperature (C), Rain (in), Wind Speed (mph)

                                      Heat  Cool        Avg
    Mean                              Deg   Deg         Wind                 Dom
Day Temp  High   Time   Low    Time   Days  Days  Rain  Speed High   Time    Dir
----------------------------------------------------------------------------------
 1   5.1   9.3   13:48   1.8   06:01  13.2   0.0  0.00   2.8  18.0   23:56     S
 2   7.4  10.1   12:51   5.3   01:14  10.9   0.0  0.42   8.6  27.0   15:25     S
 3   5.4  10.6   15:35   1.7   07:19  12.9   0.0  0.01   3.3  12.0   16:30    SW
 4   5.9  10.7   12:32   1.9   01:26  12.4   0.0  0.05   4.2  18.0   12:33    SW
 5   7.1  11.3   15:31   1.8   03:21  11.2   0.0  0.00   5.2  17.0   13:08     S
 6   9.6  11.8   13:22   7.7   02:34   8.7   0.0  0.06   9.4  26.0   17:35     S
 7   8.4  11.8   12:18   2.1   22:43   9.9   0.0  0.18   9.0  30.0   12:52   WSW
 8   9.2  13.0   16:11   3.0   00:00   9.1   0.0  0.00   8.7  29.0   11:20   SSE
 9  11.5  17.6   14:59   6.7   06:44   6.8   0.0  0.00   4.2  20.0   01:05     S
10   8.9  14.4   13:40   2.4   23:19   9.4   0.0  0.00   4.2  18.0   02:03   NNE
11   6.1  12.8   15:15  -0.4   06:43  12.2   0.0  0.00   3.3  17.0   14:37     E
12   7.1  15.4   14:00   0.7   06:26  11.2   0.0  0.00   1.4  11.0   14:37    SW
13   5.2   9.5   15:24   1.7   02:18  13.0   0.0  0.00   1.2   8.0   10:00   WNW
14   6.5  10.3   21:23   1.3   06:29  11.8   0.0  0.01   5.2  31.0   23:32   WNW
15   9.6  10.9   16:53   8.1   04:26   8.7   0.0  0.00  11.0  29.0   05:02   WNW
16   9.5  10.6   17:25   7.8   06:37   8.8   0.0  0.00   9.9  24.0   01:49   WNW
17   9.5  12.5   14:00   8.1   22:40   8.7   0.0  0.00   6.7  24.0   16:59     W
18   9.1  11.3   16:54   6.7   05:46   9.2   0.0  0.07   9.9  36.0   16:01     W
19  10.1  15.4   13:21   6.2   04:59   8.2   0.0  0.01   8.6  28.0   16:09     S
20   8.4  12.4   13:15   5.3   23:54   9.9   0.0  0.13  10.7  36.0   11:29     S
21   6.6  11.2   13:21   2.9   04:52  11.7   0.0  0.10   8.7  33.0   22:02   SSW
22   5.1   7.9   12:07   2.6   05:08  13.2   0.0  0.22   6.8  32.0   17:14    SW
23   5.5   9.6   14:23   1.5   23:58  12.8   0.0  0.08   7.3  26.0   11:58   WNW
24   5.6  12.2   14:40  -0.8   06:35  12.7   0.0  0.01   7.5  27.0   14:52   SSE
25   6.6   8.1   12:51   4.5   23:57  11.7   0.0  0.29   3.6  23.0   00:54   ESE
26   4.8  10.1   15:32   0.3   05:44  13.5   0.0  0.02   4.0  21.0   15:40     N
27   5.4  10.7   12:57   3.0   05:39  12.9   0.0  0.12   4.6  22.0   13:09     E
28   7.7  12.8   12:41   3.4   00:03  10.6   0.0  0.14   5.5  22.0   07:43   ENE
29  11.3  17.2   15:55   6.8   02:40   7.0   0.0  0.00   7.4  26.0   12:26     E
30  13.2  19.2   13:56   8.7   06:28   4.9   0.0  0.00   4.8  17.0   14:09     E
31  12.2  16.8   14:46   8.8   05:20   6.1   0.0  0.05   3.4  14.0   23:30   ESE
----------------------------------------------------------------------------------
     7.9  19.2    30    -0.8    24   323.3   0.0  1.97   6.2  36.0    18     SSW

Max >=  27.0:  0
Max <=   0.0:  0
Min <=   0.0:  2
Min <= -18.0:  0
Max Rain: 0.42 on day 2
Days of Rain: 14 (>= 0.02 in)  8 (>= 0.10 in)  0 (>= 1.00 in)
Heat Base: 18.3  Cool Base: 18.3  Method: Integration
Now : Realtime : Gauges : Today/Yesterday : This Month/Year : All-Time Records : Graphs : WUnderground : Season Averages : Monthly Records : Data Summary : NOAA Reports : Forum : Station Info : System Info


Page last updated 27/06/2017 13:15:03
Produced by CumulusCumulus v1.9.4 (1099)