Cheadle Hulme Weather

 Latitude N 53° 21' 50"    Longitude W 02° 11' 42"    Elevation 261 ft

Now : Realtime : Gauges : Today/Yesterday : This Month/Year : All-Time Records : Graphs : WUnderground : Season Averages : Monthly Records : Data Summary : NOAA Reports : Forum : Station Info : System Info

Report for 2014 Apr
                   Monthly Climatological Summary for Apr 2014

Name: Cheadle Hulme   City: Cheadle   State: Cheshire
Elevation: 261 ft  Lat: N 53 21' 50"   Lon: W 002 11' 42"

                  Temperature (C), Rain (in), Wind Speed (mph)

                                      Heat  Cool        Avg
    Mean                              Deg   Deg         Wind                 Dom
Day Temp  High   Time   Low    Time   Days  Days  Rain  Speed High   Time    Dir
----------------------------------------------------------------------------------
 1  11.7  17.4   16:15   8.7   05:31   6.6   0.0  0.33   1.5   8.0   01:16     S
 2  10.4  12.4   17:07   9.0   01:05   7.9   0.0  0.00   7.7  27.0   10:12     E
 3  10.7  14.6   12:46   8.4   06:37   7.6   0.0  0.01   5.1  23.0   00:01   ENE
 4  10.6  13.3   16:29   8.1   23:48   7.7   0.0  0.11   2.2  12.0   12:00   WNW
 5  11.8  14.8   17:12   7.8   00:12   6.5   0.0  0.02   6.8  23.0   15:06     S
 6  13.8  16.4   13:46  10.4   23:57   4.5   0.0  0.14  10.1  29.0   11:39     S
 7  10.3  15.7   12:51   8.1   21:17   8.0   0.0  0.32   5.8  24.0   13:35    SW
 8   8.4  11.7   15:36   5.5   06:41   9.9   0.0  0.08   8.5  27.0   12:49     W
 9  10.5  14.9   13:03   6.9   06:55   7.8   0.0  0.00   5.5  19.0   10:35     W
10  10.1  13.3   13:31   6.6   23:57   8.1   0.0  0.00   3.9  14.0   15:29   WSW
11   8.9  13.8   14:30   5.0   02:34   9.4   0.0  0.01   3.7  15.0   10:54   WNW
12   9.0  13.3   13:27   5.9   02:01   9.3   0.0  0.03   5.9  24.0   13:30    SW
13   9.7  12.8   15:57   6.4   01:17   8.6   0.0  0.01   8.9  29.0   22:35   WNW
14  10.2  14.5   15:19   7.1   23:59   8.1   0.0  0.00   7.6  22.0   01:06   WNW
15   9.6  16.2   16:32   2.1   06:27   8.7   0.0  0.00   2.8  13.0   14:16   SSE
16  10.9  16.8   16:40   5.1   06:20   7.4   0.0  0.00   6.1  19.0   12:26     S
17   9.9  11.9   00:00   5.9   23:55   8.4   0.0  0.00   8.2  30.0   14:19     W
18   8.5  15.9   16:31   1.3   06:15   9.8   0.0  0.00   2.5  12.0   11:32   ENE
19   7.8  14.3   17:27   1.3   06:01  10.5   0.0  0.00   4.3  20.0   12:21     E
20   9.9  14.5   15:33   3.2   03:44   8.4   0.0  0.00   9.0  35.0   21:13    NE
21  13.7  20.4   15:27   9.9   06:00   4.8   0.2  0.00   7.1  28.0   12:52   ENE
22  11.5  14.7   18:03   9.6   01:57   6.8   0.0  0.06   4.9  18.0   00:46     E
23  12.2  16.3   12:13   8.9   06:08   6.1   0.0  0.11   6.0  24.0   12:04   SSE
24  11.4  16.6   15:19   5.5   06:21   6.9   0.0  0.00   1.9   9.0   17:32    SE
25  10.2  13.3   11:16   7.6   05:47   8.1   0.0  0.20   4.0  16.0   09:03    NE
26  12.1  17.4   15:28   8.3   03:27   6.2   0.0  0.02   8.5  26.0   13:24    SE
27  12.2  17.4   15:12   8.2   05:40   6.1   0.0  0.00   8.2  26.0   15:49   ENE
28  13.6  19.3   15:38   9.7   06:20   4.7   0.1  0.00   2.2  12.0   18:05    SE
29  12.9  19.9   14:25   6.8   04:57   5.4   0.1  0.00   2.0  13.0   16:13   SSW
30  14.0  18.9   16:32  10.0   23:44   4.3   0.0  0.12   2.6  20.0   17:05   SSE
----------------------------------------------------------------------------------
    10.9  20.4    21     1.3    18   222.6   0.4  1.57   5.4  35.0    20     SSE

Max >=  27.0:  0
Max <=   0.0:  0
Min <=   0.0:  0
Min <= -18.0:  0
Max Rain: 0.33 on day 1
Days of Rain: 12 (>= 0.02 in)  7 (>= 0.10 in)  0 (>= 1.00 in)
Heat Base: 18.3  Cool Base: 18.3  Method: Integration
Now : Realtime : Gauges : Today/Yesterday : This Month/Year : All-Time Records : Graphs : WUnderground : Season Averages : Monthly Records : Data Summary : NOAA Reports : Forum : Station Info : System Info


Page last updated 22/10/2017 14:30:03
Produced by CumulusCumulus v1.9.4 (1099)