Cheadle Hulme Weather

 Latitude N 53° 21' 50"    Longitude W 02° 11' 42"    Elevation 261 ft

Now : Realtime : Gauges : Today/Yesterday : This Month/Year : All-Time Records : Graphs : WUnderground : Season Averages : Monthly Records : Data Summary : NOAA Reports : Forum : Station Info : System Info
Select a Year or Month report

Report for 2014 May
                   Monthly Climatological Summary for May 2014

Name: Cheadle Hulme   City: Cheadle   State: Cheshire
Elevation: 261 ft  Lat: N 53 21' 50"   Lon: W 002 11' 42"

                  Temperature (C), Rain (in), Wind Speed (mph)

                                      Heat  Cool        Avg
    Mean                              Deg   Deg         Wind                 Dom
Day Temp  High   Time   Low    Time   Days  Days  Rain  Speed High   Time    Dir
----------------------------------------------------------------------------------
 1  10.4  14.2   11:59   7.5   21:44   7.9   0.0  0.02   5.0  24.0   18:52    NE
 2   9.7  13.6   12:14   6.2   23:36   8.6   0.0  0.00   5.1  18.0   12:38   ENE
 3   9.4  16.7   15:06   0.8   05:40   8.9   0.0  0.00   2.3  18.0   15:09     S
 4  12.9  15.9   12:00  10.3   05:45   5.4   0.0  0.00   3.4  15.0   13:02   SSW
 5  12.8  17.6   14:44   8.2   05:24   5.5   0.0  0.11   6.4  24.0   14:54   SSE
 6  13.0  18.3   15:47   9.8   06:13   5.3   0.0  0.11   5.7  24.0   17:17   SSW
 7  11.8  14.8   15:14   9.1   05:43   6.5   0.0  0.03   6.5  23.0   13:50    SW
 8  12.1  14.4   15:37  10.1   06:15   6.2   0.0  0.19   4.9  19.0   02:35   WSW
 9  11.4  15.7   16:38   8.3   05:54   6.9   0.0  0.43   7.8  33.0   15:10   WSW
10  11.6  15.7   13:15   8.9   03:25   6.7   0.0  0.47   8.0  28.0   14:32   SSW
11  11.0  13.8   13:37   9.4   03:13   7.3   0.0  0.54   9.5  28.0   13:28     W
12  10.4  14.3   16:33   8.4   23:33   7.9   0.0  0.40   3.9  17.0   15:43   WSW
13  10.2  14.6   12:01   5.3   03:42   8.1   0.0  0.08   3.5  23.0   12:12   WNW
14  12.0  17.1   16:16   6.0   05:43   6.3   0.0  0.00   4.1  17.0   10:57   WNW
15  14.6  19.3   17:48   9.9   01:04   3.7   0.1  0.00   2.5  13.0   15:53   WNW
16  15.2  21.7   16:01   7.8   05:14   3.7   0.7  0.00   2.4  13.0   17:48     W
17  16.4  23.0   15:18  10.6   05:46   3.0   1.1  0.00   3.3  18.0   14:55    SW
18  17.6  24.7   15:20  10.8   04:26   2.5   1.8  0.00   5.6  22.0   12:20     S
19  18.6  25.8   16:00  10.2   04:46   2.1   2.4  0.00   5.5  25.0   16:02    SE
20  17.1  22.2   15:31  13.9   23:49   1.9   0.7  0.04   5.4  24.0   19:21    SE
21  15.5  21.0   17:38  10.6   06:15   3.1   0.4  0.00   3.3  14.0   19:54    SW
22  11.9  14.3   15:36  10.4   23:17   6.4   0.0  0.20   5.0  23.0   19:24    NE
23  12.1  16.8   15:52   9.3   04:18   6.2   0.0  0.18   7.9  25.0   07:38   ENE
24  12.2  15.8   18:36   9.6   04:54   6.1   0.0  0.59   3.5  20.0   20:44   ENE
25  12.4  15.2   12:35  10.2   00:02   5.9   0.0  0.15   4.2  24.0   14:24   SSE
26  13.9  19.6   15:09   7.8   04:47   4.5   0.1  0.01   3.6  13.0   09:59   SSE
27  14.0  18.9   13:56  11.9   22:23   4.3   0.0  0.00   4.6  20.0   14:59    NE
28  11.9  13.2   11:20  10.7   04:57   6.4   0.0  0.31   4.8  19.0   11:56   NNE
29  12.0  13.8   13:56  10.4   06:08   6.3   0.0  0.06   6.3  19.0   17:50    NE
30  13.1  16.1   17:55  10.1   03:47   5.2   0.0  0.00   3.7  16.0   00:03     E
31  14.2  17.7   17:57  10.2   23:45   4.1   0.0  0.00   3.5  16.0   16:58   WNW
----------------------------------------------------------------------------------
    12.9  25.8    19     0.8     3   172.9   7.3  3.92   4.9  33.0     9     SSW

Max >=  27.0:  0
Max <=   0.0:  0
Min <=   0.0:  0
Min <= -18.0:  0
Max Rain: 0.59 on day 24
Days of Rain: 17 (>= 0.02 in)  12 (>= 0.10 in)  0 (>= 1.00 in)
Heat Base: 18.3  Cool Base: 18.3  Method: Integration
Now : Realtime : Gauges : Today/Yesterday : This Month/Year : All-Time Records : Graphs : WUnderground : Season Averages : Monthly Records : Data Summary : NOAA Reports : Forum : Station Info : System Info


Page last updated 27/06/2017 13:15:03
Produced by CumulusCumulus v1.9.4 (1099)